{"id":2207,"date":"2020-01-08T16:25:20","date_gmt":"2020-01-08T15:25:20","guid":{"rendered":"http:\/\/agora.xtec.cat\/ceehoritzo\/?page_id=2207"},"modified":"2025-01-29T16:29:49","modified_gmt":"2025-01-29T15:29:49","slug":"trets-identitat","status":"publish","type":"page","link":"https:\/\/agora.xtec.cat\/ceehoritzo\/","title":{"rendered":"Trets Identitat"},"content":{"rendered":"\n<p><span style=\"font-weight: 400;\">La nostra escola:<\/span><\/p>\n\n\n\n<ol style=\"background-color:#f8ecda\" class=\"has-ast-global-color-2-color has-text-color has-background has-link-color wp-block-list wp-elements-5e92917ec255bae71dbc8c6e94f1de22\">\n<li><span style=\"font-weight: 400;\">Construeix un projecte pedag\u00f2gic que dona resposta a les necessitats actuals de\u00a0 l\u2019alumnat.<\/span><\/li>\n\n\n\n<li><span style=\"font-weight: 400;\">Acompanya a l\u2019alumnat perqu\u00e8 pugui desenvolupar totes les seves compet\u00e8ncies i habilitats, i assolir el m\u00e0xim grau d\u2019autonomia.\u00a0<\/span><\/li>\n\n\n\n<li><span style=\"font-weight: 400;\">Ofereix una educaci\u00f3 integral que ajuda als\/les nostres infants a esdevenir persones, el m\u00e0xim d\u2019aut\u00f2nomes, cr\u00edtiques i compromeses, que puguin participar, en la mesura que sigui possible, en el seu entorn i en la societat en general.<\/span><\/li>\n\n\n\n<li><span style=\"font-weight: 400;\">Protegeix l\u2019equitat, la inclusi\u00f3, l\u2019excel\u00b7l\u00e8ncia i la igualtat de g\u00e8nere.<\/span><\/li>\n\n\n\n<li><span style=\"font-weight: 400;\">Vetlla per la millora cont\u00ednua dels\/les professionals.\u00a0<\/span><\/li>\n\n\n\n<li><span style=\"font-weight: 400;\">Acompanya a les fam\u00edlies en l\u2019educaci\u00f3 dels seus\/ves fills\/es.<\/span><\/li>\n<\/ol>\n","protected":false},"excerpt":{"rendered":"<p>La nostra escola:<\/p>\n","protected":false},"author":3,"featured_media":0,"parent":0,"menu_order":0,"comment_status":"closed","ping_status":"closed","template":"","meta":{"_bbp_topic_count":0,"_bbp_reply_count":0,"_bbp_total_topic_count":0,"_bbp_total_reply_count":0,"_bbp_voice_count":0,"_bbp_anonymous_reply_count":0,"_bbp_topic_count_hidden":0,"_bbp_reply_count_hidden":0,"_bbp_forum_subforum_count":0,"site-sidebar-layout":"default","site-content-layout":"","ast-site-content-layout":"default","site-content-style":"default","site-sidebar-style":"default","ast-global-header-display":"","ast-banner-title-visibility":"","ast-main-header-display":"","ast-hfb-above-header-display":"","ast-hfb-below-header-display":"","ast-hfb-mobile-header-display":"","site-post-title":"","ast-breadcrumbs-content":"","ast-featured-img":"","footer-sml-layout":"","theme-transparent-header-meta":"","adv-header-id-meta":"","stick-header-meta":"","header-above-stick-meta":"","header-main-stick-meta":"","header-below-stick-meta":"","astra-migrate-meta-layouts":"set","ast-page-background-enabled":"default","ast-page-background-meta":{"desktop":{"background-color":"var(--ast-global-color-4)","background-image":"","background-repeat":"repeat","background-position":"center center","background-size":"auto","background-attachment":"scroll","background-type":"","background-media":"","overlay-type":"","overlay-color":"","overlay-opacity":"","overlay-gradient":""},"tablet":{"background-color":"","background-image":"","background-repeat":"repeat","background-position":"center center","background-size":"auto","background-attachment":"scroll","background-type":"","background-media":"","overlay-type":"","overlay-color":"","overlay-opacity":"","overlay-gradient":""},"mobile":{"background-color":"","background-image":"","background-repeat":"repeat","background-position":"center center","background-size":"auto","background-attachment":"scroll","background-type":"","background-media":"","overlay-type":"","overlay-color":"","overlay-opacity":"","overlay-gradient":""}},"ast-content-background-meta":{"desktop":{"background-color":"var(--ast-global-color-5)","background-image":"","background-repeat":"repeat","background-position":"center center","background-size":"auto","background-attachment":"scroll","background-type":"","background-media":"","overlay-type":"","overlay-color":"","overlay-opacity":"","overlay-gradient":""},"tablet":{"background-color":"var(--ast-global-color-5)","background-image":"","background-repeat":"repeat","background-position":"center center","background-size":"auto","background-attachment":"scroll","background-type":"","background-media":"","overlay-type":"","overlay-color":"","overlay-opacity":"","overlay-gradient":""},"mobile":{"background-color":"var(--ast-global-color-5)","background-image":"","background-repeat":"repeat","background-position":"center center","background-size":"auto","background-attachment":"scroll","background-type":"","background-media":"","overlay-type":"","overlay-color":"","overlay-opacity":"","overlay-gradient":""}},"footnotes":""},"class_list":["post-2207","page","type-page","status-publish","hentry"],"post_mailing_queue_ids":[],"_links":{"self":[{"href":"https:\/\/agora.xtec.cat\/ceehoritzo\/wp-json\/wp\/v2\/pages\/2207","targetHints":{"allow":["GET"]}}],"collection":[{"href":"https:\/\/agora.xtec.cat\/ceehoritzo\/wp-json\/wp\/v2\/pages"}],"about":[{"href":"https:\/\/agora.xtec.cat\/ceehoritzo\/wp-json\/wp\/v2\/types\/page"}],"author":[{"embeddable":true,"href":"https:\/\/agora.xtec.cat\/ceehoritzo\/wp-json\/wp\/v2\/users\/3"}],"replies":[{"embeddable":true,"href":"https:\/\/agora.xtec.cat\/ceehoritzo\/wp-json\/wp\/v2\/comments?post=2207"}],"version-history":[{"count":3,"href":"https:\/\/agora.xtec.cat\/ceehoritzo\/wp-json\/wp\/v2\/pages\/2207\/revisions"}],"predecessor-version":[{"id":3493,"href":"https:\/\/agora.xtec.cat\/ceehoritzo\/wp-json\/wp\/v2\/pages\/2207\/revisions\/3493"}],"wp:attachment":[{"href":"https:\/\/agora.xtec.cat\/ceehoritzo\/wp-json\/wp\/v2\/media?parent=2207"}],"curies":[{"name":"wp","href":"https:\/\/api.w.org\/{rel}","templated":true}]}}