{"id":1782,"date":"2021-09-10T19:44:55","date_gmt":"2021-09-10T17:44:55","guid":{"rendered":"https:\/\/agora.xtec.cat\/ceegarbi\/?page_id=1782"},"modified":"2026-03-25T09:49:39","modified_gmt":"2026-03-25T08:49:39","slug":"menu-menjador","status":"publish","type":"page","link":"https:\/\/agora.xtec.cat\/ceegarbi\/serveis\/menjador\/menu-menjador\/","title":{"rendered":"Men\u00fas menjador"},"content":{"rendered":"<p>En aquesta p\u00e0gina anireu trobant els men\u00fas del menjador de cada mes:<\/p>\n<p><a href=\"https:\/\/agora.xtec.cat\/ceegarbi\/wp-content\/uploads\/usu730\/2026\/03\/ABRIL.pdf\">ABRIL 2026<\/a><\/p>\n<p><a href=\"https:\/\/agora.xtec.cat\/ceegarbi\/wp-content\/uploads\/usu730\/2026\/02\/Menus-Escola-Garbi-633.pdf\">MAR\u00c7 2026<\/a><\/p>\n<p><a href=\"https:\/\/agora.xtec.cat\/ceegarbi\/wp-content\/uploads\/usu730\/2026\/01\/Menus-Escola-Garbi-633-1.pdf\">FEBRER 2026<\/a><\/p>\n<p><a href=\"https:\/\/agora.xtec.cat\/ceegarbi\/wp-content\/uploads\/usu730\/2025\/12\/Menus-Escola-Garbi-633.pdf\" target=\"_blank\" rel=\"noopener\">GENER 2026<\/a><\/p>\n<p><a href=\"https:\/\/agora.xtec.cat\/ceegarbi\/wp-content\/uploads\/usu730\/2025\/11\/Menus-Escola-Garbi-633.pdf\" target=\"_blank\" rel=\"noopener\">DESEMBRE 2025<\/a><\/p>\n<p><a href=\"https:\/\/agora.xtec.cat\/ceegarbi\/wp-content\/uploads\/usu730\/2025\/10\/Menu-novembre.pdf\">NOVEMBRE 2025<\/a><\/p>\n<p><a style=\"color: #2795b6;\" href=\"https:\/\/agora.xtec.cat\/ceegarbi\/wp-content\/uploads\/usu730\/2025\/10\/Menus-Escola-Garbi-633.pdf\">OCTUBRE 2025<\/a><\/p>\n<p><a href=\"https:\/\/agora.xtec.cat\/ceegarbi\/wp-content\/uploads\/usu730\/2025\/09\/Menu-setembre-rotado.pdf\">SETEMBRE 2025<\/a><\/p>\n","protected":false},"excerpt":{"rendered":"<p>En aquesta p\u00e0gina anireu trobant els men\u00fas del menjador de cada mes:<br \/>\n<a href=\"https:\/\/agora.xtec.cat\/ceegarbi\/wp-content\/uploads\/usu730\/2026\/03\/ABRIL.pdf\">ABRIL 2026<\/a><br \/>\n<a href=\"https:\/\/agora.xtec.cat\/ceegarbi\/wp-content\/uploads\/usu730\/2026\/02\/Menus-Escola-Garbi-633.pdf\">MAR\u00c7 2026<\/a><br \/>\n<a href=\"https:\/\/agora.xtec.cat\/ceegarbi\/wp-content\/uploads\/usu730\/2026\/01\/Menus-Escola-Garbi-633-1.pdf\">FEBRER 2026<\/a><br \/>\n<a href=\"https:\/\/agora.xtec.cat\/ceegarbi\/wp-content\/uploads\/usu730\/2025\/12\/Menus-Escola-Garbi-633.pdf\" target=\"_blank\" rel=\"noopener\">GENER 2026<\/a><br \/>\n<a href=\"https:\/\/agora.xtec.cat\/ceegarbi\/wp-content\/uploads\/usu730\/2025\/11\/Menus-Escola-Garbi-633.pdf\" target=\"_blank\" rel=\"noopener\">DESEMBRE 2025<\/a><br \/>\n<a href=\"https:\/\/agora.xtec.cat\/ceegarbi\/wp-content\/uploads\/usu730\/2025\/10\/Menu-novembre.pdf\">NOVEMBRE 2025<\/a><br \/>\n<a style=\"color: #2795b6;\" href=\"https:\/\/agora.xtec.cat\/ceegarbi\/wp-content\/uploads\/usu730\/2025\/10\/Menus-Escola-Garbi-633.pdf\">OCTUBRE 2025<\/a><br \/>\n<a href=\"https:\/\/agora.xtec.cat\/ceegarbi\/wp-content\/uploads\/usu730\/2025\/09\/Menu-setembre-rotado.pdf\">SETEMBRE 2025<\/a><\/p>\n","protected":false},"author":1,"featured_media":0,"parent":288,"menu_order":0,"comment_status":"closed","ping_status":"closed","template":"","meta":{"_bbp_topic_count":0,"_bbp_reply_count":0,"_bbp_total_topic_count":0,"_bbp_total_reply_count":0,"_bbp_voice_count":0,"_bbp_anonymous_reply_count":0,"_bbp_topic_count_hidden":0,"_bbp_reply_count_hidden":0,"_bbp_forum_subforum_count":0,"footnotes":""},"class_list":["post-1782","page","type-page","status-publish","hentry"],"post_mailing_queue_ids":[],"_links":{"self":[{"href":"https:\/\/agora.xtec.cat\/ceegarbi\/wp-json\/wp\/v2\/pages\/1782","targetHints":{"allow":["GET"]}}],"collection":[{"href":"https:\/\/agora.xtec.cat\/ceegarbi\/wp-json\/wp\/v2\/pages"}],"about":[{"href":"https:\/\/agora.xtec.cat\/ceegarbi\/wp-json\/wp\/v2\/types\/page"}],"author":[{"embeddable":true,"href":"https:\/\/agora.xtec.cat\/ceegarbi\/wp-json\/wp\/v2\/users\/1"}],"replies":[{"embeddable":true,"href":"https:\/\/agora.xtec.cat\/ceegarbi\/wp-json\/wp\/v2\/comments?post=1782"}],"version-history":[{"count":7,"href":"https:\/\/agora.xtec.cat\/ceegarbi\/wp-json\/wp\/v2\/pages\/1782\/revisions"}],"predecessor-version":[{"id":5146,"href":"https:\/\/agora.xtec.cat\/ceegarbi\/wp-json\/wp\/v2\/pages\/1782\/revisions\/5146"}],"up":[{"embeddable":true,"href":"https:\/\/agora.xtec.cat\/ceegarbi\/wp-json\/wp\/v2\/pages\/288"}],"wp:attachment":[{"href":"https:\/\/agora.xtec.cat\/ceegarbi\/wp-json\/wp\/v2\/media?parent=1782"}],"curies":[{"name":"wp","href":"https:\/\/api.w.org\/{rel}","templated":true}]}}