{"id":1029,"date":"2020-04-30T09:52:10","date_gmt":"2020-04-30T07:52:10","guid":{"rendered":"http:\/\/agora.xtec.cat\/ceegarbi\/?page_id=1029"},"modified":"2020-04-30T09:58:28","modified_gmt":"2020-04-30T07:58:28","slug":"enllacos-web-recomanats","status":"publish","type":"page","link":"https:\/\/agora.xtec.cat\/ceegarbi\/enllacos-web-recomanats\/","title":{"rendered":"Enlla\u00e7os web recomanats"},"content":{"rendered":"<p>En aquest apartat trobareu enlla\u00e7os web que creiem que poden ser del vostre inter\u00e8s. Estan classificats en dos grans grups:<\/p>\n<table style=\"height: 221px; width: 590px;\" width=\"493\">\n<tbody>\n<tr>\n<td style=\"width: 295.2px;\">\n<p><figure class=\"figure wp-caption alignnone\"><a href=\"https:\/\/agora.xtec.cat\/ceegarbi\/enllacos-web-recomanats\/recursos-garbi\/\" target=\"_blank\" rel=\"noopener noreferrer\"><img loading=\"lazy\" decoding=\"async\" class=\"wp-image-179\" src=\"https:\/\/agora.xtec.cat\/ceegarbi\/wp-content\/uploads\/usu730\/2015\/11\/LOGO-ESCOLA-COLOR-300x255.jpg\" alt=\"\" width=\"321\" height=\"273\" srcset=\"https:\/\/agora.xtec.cat\/ceegarbi\/wp-content\/uploads\/usu730\/2015\/11\/LOGO-ESCOLA-COLOR-300x255.jpg 300w, https:\/\/agora.xtec.cat\/ceegarbi\/wp-content\/uploads\/usu730\/2015\/11\/LOGO-ESCOLA-COLOR-1024x870.jpg 1024w, https:\/\/agora.xtec.cat\/ceegarbi\/wp-content\/uploads\/usu730\/2015\/11\/LOGO-ESCOLA-COLOR.jpg 2000w\" sizes=\"auto, (max-width: 321px) 100vw, 321px\" \/><\/a><figcaption class=\"wp-caption-text\">RECURSOS GARB\u00cd<\/figcaption><\/figure><\/td>\n<td style=\"width: 288px;\">\n<p><figure class=\"figure wp-caption alignnone\"><a href=\"https:\/\/agora.xtec.cat\/ceegarbi\/enllacos-web-recomanats\/recursos-externs\/\" target=\"_blank\" rel=\"noopener noreferrer\"><img loading=\"lazy\" decoding=\"async\" class=\"wp-image-1030\" src=\"https:\/\/agora.xtec.cat\/ceegarbi\/wp-content\/uploads\/usu730\/2020\/04\/pagina-web.jpg\" alt=\"\" width=\"275\" height=\"275\" srcset=\"https:\/\/agora.xtec.cat\/ceegarbi\/wp-content\/uploads\/usu730\/2020\/04\/pagina-web.jpg 300w, https:\/\/agora.xtec.cat\/ceegarbi\/wp-content\/uploads\/usu730\/2020\/04\/pagina-web-150x150.jpg 150w\" sizes=\"auto, (max-width: 275px) 100vw, 275px\" \/><\/a><figcaption class=\"wp-caption-text\">RECURSOS EXTERNS<\/figcaption><\/figure><\/td>\n<\/tr>\n<\/tbody>\n<\/table>\n","protected":false},"excerpt":{"rendered":"<p>En aquest apartat trobareu enlla\u00e7os web que creiem que poden ser del vostre inter\u00e8s. Estan classificats en dos grans grups:<\/p>\n<p><a href=\"https:\/\/agora.xtec.cat\/ceegarbi\/enllacos-web-recomanats\/recursos-garbi\/\" target=\"_blank\" rel=\"noopener noreferrer\"><\/a>RECURSOS GARB\u00cd<\/p>\n<p><a href=\"https:\/\/agora.xtec.cat\/ceegarbi\/enllacos-web-recomanats\/recursos-externs\/\" target=\"_blank\" rel=\"noopener noreferrer\"><\/a>RECURSOS EXTERNS<\/p>\n","protected":false},"author":1,"featured_media":0,"parent":0,"menu_order":0,"comment_status":"closed","ping_status":"closed","template":"page-templates\/side-menu.php","meta":{"_bbp_topic_count":0,"_bbp_reply_count":0,"_bbp_total_topic_count":0,"_bbp_total_reply_count":0,"_bbp_voice_count":0,"_bbp_anonymous_reply_count":0,"_bbp_topic_count_hidden":0,"_bbp_reply_count_hidden":0,"_bbp_forum_subforum_count":0,"footnotes":""},"class_list":["post-1029","page","type-page","status-publish","hentry"],"post_mailing_queue_ids":[],"_links":{"self":[{"href":"https:\/\/agora.xtec.cat\/ceegarbi\/wp-json\/wp\/v2\/pages\/1029","targetHints":{"allow":["GET"]}}],"collection":[{"href":"https:\/\/agora.xtec.cat\/ceegarbi\/wp-json\/wp\/v2\/pages"}],"about":[{"href":"https:\/\/agora.xtec.cat\/ceegarbi\/wp-json\/wp\/v2\/types\/page"}],"author":[{"embeddable":true,"href":"https:\/\/agora.xtec.cat\/ceegarbi\/wp-json\/wp\/v2\/users\/1"}],"replies":[{"embeddable":true,"href":"https:\/\/agora.xtec.cat\/ceegarbi\/wp-json\/wp\/v2\/comments?post=1029"}],"version-history":[{"count":3,"href":"https:\/\/agora.xtec.cat\/ceegarbi\/wp-json\/wp\/v2\/pages\/1029\/revisions"}],"predecessor-version":[{"id":1049,"href":"https:\/\/agora.xtec.cat\/ceegarbi\/wp-json\/wp\/v2\/pages\/1029\/revisions\/1049"}],"wp:attachment":[{"href":"https:\/\/agora.xtec.cat\/ceegarbi\/wp-json\/wp\/v2\/media?parent=1029"}],"curies":[{"name":"wp","href":"https:\/\/api.w.org\/{rel}","templated":true}]}}