{"id":729,"date":"2020-04-15T19:04:47","date_gmt":"2020-04-15T17:04:47","guid":{"rendered":"http:\/\/agora.xtec.cat\/ceefontdellleo\/?page_id=729"},"modified":"2020-04-26T09:39:35","modified_gmt":"2020-04-26T07:39:35","slug":"lhort-a-lescola","status":"publish","type":"page","link":"https:\/\/agora.xtec.cat\/ceefontdellleo\/projecte-educatiu\/projectes-de-centre\/lhort-a-lescola\/","title":{"rendered":"L&#8217;hort a l&#8217;escola"},"content":{"rendered":"<p>L&#8217;hort \u00e9s un espai que permet, a partir d&#8217;un aprenentatge vivencial on els alumnes aprenen fent i manipulant, treballar continguts i assolir compet\u00e8ncies b\u00e0siques de manera transversal. Aquest projecte l&#8217;iniciem amb els alumnes de secund\u00e0ria amb l&#8217;objectiu de:<\/p>\n<p>-Desenvolupar valors de respecte i responsabilitat vers l&#8217;entorn.<\/p>\n<p>-Treballar coneixements relacionats amb l&#8217;agricultura.<\/p>\n<p>-Treballar coordinadament amb la comunitat educativa.<\/p>\n<p>-Afavorir el treball en equip.<\/p>\n<p>-Fomentar bons h\u00e0bits alimentaris.<\/p>\n<p>-Millorar les compet\u00e8ncies b\u00e0siques en l\u00e0mbit ling\u00fc\u00edstic, matem\u00e0tic i cient\u00edfic.<\/p>\n<blockquote>\n<p style=\"text-align: center;\">&#8221; Ensenyar a cuidar el medi ambient \u00e9s ensenyar a valorar la vida.&#8221; (autor desconegut)<\/p>\n<\/blockquote>\n","protected":false},"excerpt":{"rendered":"<p>L&#8217;hort \u00e9s un espai que permet, a partir d&#8217;un aprenentatge vivencial on els alumnes aprenen fent i manipulant, treballar continguts i assolir compet\u00e8ncies b\u00e0siques de manera transversal. Aquest projecte l&#8217;iniciem amb els alumnes de secund\u00e0ria amb l&#8217;objectiu de:<br \/>\n-Desenvolupar valors de respecte i responsabilitat vers l&#8217;entorn.<br \/>\n-Treballar&hellip;  <a href=\"https:\/\/agora.xtec.cat\/ceefontdellleo\/projecte-educatiu\/projectes-de-centre\/lhort-a-lescola\/\" title=\"Read L&#8217;hort a l&#8217;escola\">Llegeix m\u00e9s\u00bb<\/a><\/p>\n","protected":false},"author":1,"featured_media":0,"parent":638,"menu_order":0,"comment_status":"closed","ping_status":"closed","template":"page-templates\/side-menu.php","meta":{"_bbp_topic_count":0,"_bbp_reply_count":0,"_bbp_total_topic_count":0,"_bbp_total_reply_count":0,"_bbp_voice_count":0,"_bbp_anonymous_reply_count":0,"_bbp_topic_count_hidden":0,"_bbp_reply_count_hidden":0,"_bbp_forum_subforum_count":0,"footnotes":""},"class_list":["post-729","page","type-page","status-publish","hentry"],"post_mailing_queue_ids":[],"_links":{"self":[{"href":"https:\/\/agora.xtec.cat\/ceefontdellleo\/wp-json\/wp\/v2\/pages\/729","targetHints":{"allow":["GET"]}}],"collection":[{"href":"https:\/\/agora.xtec.cat\/ceefontdellleo\/wp-json\/wp\/v2\/pages"}],"about":[{"href":"https:\/\/agora.xtec.cat\/ceefontdellleo\/wp-json\/wp\/v2\/types\/page"}],"author":[{"embeddable":true,"href":"https:\/\/agora.xtec.cat\/ceefontdellleo\/wp-json\/wp\/v2\/users\/1"}],"replies":[{"embeddable":true,"href":"https:\/\/agora.xtec.cat\/ceefontdellleo\/wp-json\/wp\/v2\/comments?post=729"}],"version-history":[{"count":3,"href":"https:\/\/agora.xtec.cat\/ceefontdellleo\/wp-json\/wp\/v2\/pages\/729\/revisions"}],"predecessor-version":[{"id":743,"href":"https:\/\/agora.xtec.cat\/ceefontdellleo\/wp-json\/wp\/v2\/pages\/729\/revisions\/743"}],"up":[{"embeddable":true,"href":"https:\/\/agora.xtec.cat\/ceefontdellleo\/wp-json\/wp\/v2\/pages\/638"}],"wp:attachment":[{"href":"https:\/\/agora.xtec.cat\/ceefontdellleo\/wp-json\/wp\/v2\/media?parent=729"}],"curies":[{"name":"wp","href":"https:\/\/api.w.org\/{rel}","templated":true}]}}