{"id":725,"date":"2020-04-20T18:51:13","date_gmt":"2020-04-20T16:51:13","guid":{"rendered":"http:\/\/agora.xtec.cat\/ceefontdellleo\/?page_id=725"},"modified":"2020-04-26T09:39:51","modified_gmt":"2020-04-26T07:39:51","slug":"llibretes-viatgeres","status":"publish","type":"page","link":"https:\/\/agora.xtec.cat\/ceefontdellleo\/projecte-educatiu\/projectes-de-centre\/llibretes-viatgeres\/","title":{"rendered":"Llibretes viatgeres"},"content":{"rendered":"<p>El projecte neix de la necessitat i import\u00e0ncia de la comunicaci\u00f3 entre la familia i l\u2019escola.\u00a0Cada setmana es lliura a les fam\u00edlies una llibreta amb imatges de les activitats que els alumnes han fet o les activitats m\u00e9s signicatives ja que molts alumnes no poden explicar-ho, per ells mateixos. Les fam\u00edlies tamb\u00e9 poden enviar les fotograf\u00edes del que fan el cap de setmana per treballar-ho a l&#8217;escola.<\/p>\n<p>Amb aquest projecte, volem:<\/p>\n<p>&#8211; \u00a0Establir una comunciaci\u00f3 familia- escola.<\/p>\n<p>&#8211; \u00a0Potenciar\u00a0la conversa sobre el que han fet a l\u2019escola i el que han fet a casa, treballant la comunicaci\u00f3 i el llenguatge d\u2019esdeveniments passats, fomentant la interacci\u00f3 amb l&#8217;adult i els iguals.<\/p>\n<p>&#8211; \u00a0Apropar l\u2019escola a casa i a l\u2019inversa.<\/p>\n<p>&nbsp;<\/p>\n<blockquote>\n<p style=\"text-align: center;\">&#8220;Escola + Fam\u00edlia = Alian\u00e7a per a l&#8217;\u00e8xit&#8221; (autor desconegut)<\/p>\n<\/blockquote>\n","protected":false},"excerpt":{"rendered":"<p>El projecte neix de la necessitat i import\u00e0ncia de la comunicaci\u00f3 entre la familia i l\u2019escola.\u00a0Cada setmana es lliura a les fam\u00edlies una llibreta amb imatges de les activitats que els alumnes han fet o les activitats m\u00e9s signicatives ja que molts alumnes no poden&hellip;  <a href=\"https:\/\/agora.xtec.cat\/ceefontdellleo\/projecte-educatiu\/projectes-de-centre\/llibretes-viatgeres\/\" title=\"Read Llibretes viatgeres\">Llegeix m\u00e9s\u00bb<\/a><\/p>\n","protected":false},"author":1,"featured_media":0,"parent":638,"menu_order":0,"comment_status":"closed","ping_status":"closed","template":"page-templates\/side-menu.php","meta":{"_bbp_topic_count":0,"_bbp_reply_count":0,"_bbp_total_topic_count":0,"_bbp_total_reply_count":0,"_bbp_voice_count":0,"_bbp_anonymous_reply_count":0,"_bbp_topic_count_hidden":0,"_bbp_reply_count_hidden":0,"_bbp_forum_subforum_count":0,"footnotes":""},"class_list":["post-725","page","type-page","status-publish","hentry"],"post_mailing_queue_ids":[],"_links":{"self":[{"href":"https:\/\/agora.xtec.cat\/ceefontdellleo\/wp-json\/wp\/v2\/pages\/725","targetHints":{"allow":["GET"]}}],"collection":[{"href":"https:\/\/agora.xtec.cat\/ceefontdellleo\/wp-json\/wp\/v2\/pages"}],"about":[{"href":"https:\/\/agora.xtec.cat\/ceefontdellleo\/wp-json\/wp\/v2\/types\/page"}],"author":[{"embeddable":true,"href":"https:\/\/agora.xtec.cat\/ceefontdellleo\/wp-json\/wp\/v2\/users\/1"}],"replies":[{"embeddable":true,"href":"https:\/\/agora.xtec.cat\/ceefontdellleo\/wp-json\/wp\/v2\/comments?post=725"}],"version-history":[{"count":3,"href":"https:\/\/agora.xtec.cat\/ceefontdellleo\/wp-json\/wp\/v2\/pages\/725\/revisions"}],"predecessor-version":[{"id":766,"href":"https:\/\/agora.xtec.cat\/ceefontdellleo\/wp-json\/wp\/v2\/pages\/725\/revisions\/766"}],"up":[{"embeddable":true,"href":"https:\/\/agora.xtec.cat\/ceefontdellleo\/wp-json\/wp\/v2\/pages\/638"}],"wp:attachment":[{"href":"https:\/\/agora.xtec.cat\/ceefontdellleo\/wp-json\/wp\/v2\/media?parent=725"}],"curies":[{"name":"wp","href":"https:\/\/api.w.org\/{rel}","templated":true}]}}