{"id":575,"date":"2020-03-16T20:30:01","date_gmt":"2020-03-16T19:30:01","guid":{"rendered":"http:\/\/agora.xtec.cat\/ceefontdellleo\/?page_id=575"},"modified":"2025-10-24T09:02:10","modified_gmt":"2025-10-24T07:02:10","slug":"professionals","status":"publish","type":"page","link":"https:\/\/agora.xtec.cat\/ceefontdellleo\/lescola\/professionals\/","title":{"rendered":"Equip hum\u00e0"},"content":{"rendered":"<p>La comunitat educativa de la Font del Lle\u00f3 est\u00e0 formada per tres eixos principals: professionals, fam\u00edlies-alumnes-AMPA i serveis externs.<a href=\"https:\/\/agora.xtec.cat\/ceefontdellleo\/wp-content\/uploads\/usu1793\/2025\/10\/2.jpg\"><img loading=\"lazy\" decoding=\"async\" class=\"aligncenter size-large wp-image-2469\" src=\"https:\/\/agora.xtec.cat\/ceefontdellleo\/wp-content\/uploads\/usu1793\/2025\/10\/2.jpg\" alt=\"\" width=\"1024\" height=\"768\" srcset=\"https:\/\/agora.xtec.cat\/ceefontdellleo\/wp-content\/uploads\/usu1793\/2025\/10\/2.jpg 1024w, https:\/\/agora.xtec.cat\/ceefontdellleo\/wp-content\/uploads\/usu1793\/2025\/10\/2-300x225.jpg 300w, https:\/\/agora.xtec.cat\/ceefontdellleo\/wp-content\/uploads\/usu1793\/2025\/10\/2-768x576.jpg 768w, https:\/\/agora.xtec.cat\/ceefontdellleo\/wp-content\/uploads\/usu1793\/2025\/10\/2-200x150.jpg 200w\" sizes=\"auto, (max-width: 1024px) 100vw, 1024px\" \/><\/a><\/p>\n<p>La distribuci\u00f3 de referents d&#8217;aula a les diferents tutories \u00e9s la seg\u00fcent:<\/p>\n<p><a href=\"https:\/\/agora.xtec.cat\/ceefontdellleo\/wp-content\/uploads\/usu1793\/2025\/10\/1.jpg\"><img loading=\"lazy\" decoding=\"async\" class=\"aligncenter size-full wp-image-2468\" src=\"https:\/\/agora.xtec.cat\/ceefontdellleo\/wp-content\/uploads\/usu1793\/2025\/10\/1.jpg\" alt=\"\" width=\"1024\" height=\"768\" srcset=\"https:\/\/agora.xtec.cat\/ceefontdellleo\/wp-content\/uploads\/usu1793\/2025\/10\/1.jpg 1024w, https:\/\/agora.xtec.cat\/ceefontdellleo\/wp-content\/uploads\/usu1793\/2025\/10\/1-300x225.jpg 300w, https:\/\/agora.xtec.cat\/ceefontdellleo\/wp-content\/uploads\/usu1793\/2025\/10\/1-768x576.jpg 768w, https:\/\/agora.xtec.cat\/ceefontdellleo\/wp-content\/uploads\/usu1793\/2025\/10\/1-200x150.jpg 200w\" sizes=\"auto, (max-width: 1024px) 100vw, 1024px\" \/><\/a><\/p>\n","protected":false},"excerpt":{"rendered":"<p>La comunitat educativa de la Font del Lle\u00f3 est\u00e0 formada per tres eixos principals: professionals, fam\u00edlies-alumnes-AMPA i serveis externs.<a href=\"https:\/\/agora.xtec.cat\/ceefontdellleo\/wp-content\/uploads\/usu1793\/2025\/10\/2.jpg\"><\/a><br \/>\nLa distribuci\u00f3 de referents d&#8217;aula a les diferents tutories \u00e9s la seg\u00fcent:<br \/>\n<a href=\"https:\/\/agora.xtec.cat\/ceefontdellleo\/wp-content\/uploads\/usu1793\/2025\/10\/1.jpg\"><\/a><\/p>\n","protected":false},"author":1,"featured_media":0,"parent":22,"menu_order":22,"comment_status":"closed","ping_status":"closed","template":"page-templates\/side-menu.php","meta":{"_bbp_topic_count":0,"_bbp_reply_count":0,"_bbp_total_topic_count":0,"_bbp_total_reply_count":0,"_bbp_voice_count":0,"_bbp_anonymous_reply_count":0,"_bbp_topic_count_hidden":0,"_bbp_reply_count_hidden":0,"_bbp_forum_subforum_count":0,"footnotes":""},"class_list":["post-575","page","type-page","status-publish","hentry"],"post_mailing_queue_ids":[],"_links":{"self":[{"href":"https:\/\/agora.xtec.cat\/ceefontdellleo\/wp-json\/wp\/v2\/pages\/575","targetHints":{"allow":["GET"]}}],"collection":[{"href":"https:\/\/agora.xtec.cat\/ceefontdellleo\/wp-json\/wp\/v2\/pages"}],"about":[{"href":"https:\/\/agora.xtec.cat\/ceefontdellleo\/wp-json\/wp\/v2\/types\/page"}],"author":[{"embeddable":true,"href":"https:\/\/agora.xtec.cat\/ceefontdellleo\/wp-json\/wp\/v2\/users\/1"}],"replies":[{"embeddable":true,"href":"https:\/\/agora.xtec.cat\/ceefontdellleo\/wp-json\/wp\/v2\/comments?post=575"}],"version-history":[{"count":6,"href":"https:\/\/agora.xtec.cat\/ceefontdellleo\/wp-json\/wp\/v2\/pages\/575\/revisions"}],"predecessor-version":[{"id":2470,"href":"https:\/\/agora.xtec.cat\/ceefontdellleo\/wp-json\/wp\/v2\/pages\/575\/revisions\/2470"}],"up":[{"embeddable":true,"href":"https:\/\/agora.xtec.cat\/ceefontdellleo\/wp-json\/wp\/v2\/pages\/22"}],"wp:attachment":[{"href":"https:\/\/agora.xtec.cat\/ceefontdellleo\/wp-json\/wp\/v2\/media?parent=575"}],"curies":[{"name":"wp","href":"https:\/\/api.w.org\/{rel}","templated":true}]}}