{"id":769,"date":"2016-07-08T12:14:36","date_gmt":"2016-07-08T11:14:36","guid":{"rendered":"http:\/\/agora.xtec.cat\/ceefontdelabella\/?page_id=769"},"modified":"2024-10-02T13:57:50","modified_gmt":"2024-10-02T11:57:50","slug":"historia-2","status":"publish","type":"page","link":"https:\/\/agora.xtec.cat\/ceefontdelabella\/lescola\/historia-2\/","title":{"rendered":"Hist\u00f2ria"},"content":{"rendered":"<p>Per iniciativa de l\u2019associaci\u00f3 Protectora del Disminu\u00eft &#8220;\u00c0ngelus&#8221;, el M.E.C., crea al setembre de 1.966, el Centre d&#8217;Educaci\u00f3 Especial &#8220;Mater Dei&#8221; per a donar resposta educativa a alumnes amb disminuci\u00f3 ps\u00edquica lleugera i mitjana. El Centre inicia la seva activitat en els locals de l\u2019antiga parr\u00f2quia de Sarri\u00e0 de Dalt.<\/p>\n<p>L\u2019edifici actual, de l\u2019avinguda Montilivi, es va inaugurar oficialment el maig de l\u2019any 1.973.<\/p>\n<p>A partir del curs 1.985 &#8211; 1.986, els locals de Sarri\u00e0 de Dalt deixen de funcionar com a Escola i l\u2019associaci\u00f3 &#8220;\u00c0ngelus&#8221; els destina a altres activitats (Centre de<br \/>\ndia).<\/p>\n<p>A l\u2019octubre de 1998 t\u00e9 lloc el canvi oficial de nom, DOGC n\u00ba 2739 7-10-98, passant a anomenar-se C.E.E Font de l&#8217;Abella. Aix\u00ed el CEE Font de l\u2019Abella, \u00e9s un col\u00b7legi d\u2019educaci\u00f3 especial, que dep\u00e8n de la Generalitat de Catalunya.<\/p>\n","protected":false},"excerpt":{"rendered":"<p>Per iniciativa de l\u2019associaci\u00f3 Protectora del Disminu\u00eft &#8220;\u00c0ngelus&#8221;, el M.E.C., crea al setembre de 1.966, el Centre d&#8217;Educaci\u00f3 Especial &#8220;Mater Dei&#8221; per a donar resposta educativa a alumnes amb disminuci\u00f3 ps\u00edquica lleugera i mitjana. El Centre inicia la seva activitat en els locals de l\u2019antiga parr\u00f2quia de Sarri\u00e0 de Dalt. L\u2019edifici actual, de l\u2019avinguda Montilivi, [&hellip;]<\/p>\n","protected":false},"author":76,"featured_media":0,"parent":22,"menu_order":0,"comment_status":"closed","ping_status":"closed","template":"page-templates\/side-menu.php","meta":{"_bbp_topic_count":0,"_bbp_reply_count":0,"_bbp_total_topic_count":0,"_bbp_total_reply_count":0,"_bbp_voice_count":0,"_bbp_anonymous_reply_count":0,"_bbp_topic_count_hidden":0,"_bbp_reply_count_hidden":0,"_bbp_forum_subforum_count":0,"site-sidebar-layout":"default","site-content-layout":"","ast-site-content-layout":"","site-content-style":"default","site-sidebar-style":"default","ast-global-header-display":"","ast-banner-title-visibility":"","ast-main-header-display":"","ast-hfb-above-header-display":"","ast-hfb-below-header-display":"","ast-hfb-mobile-header-display":"","site-post-title":"","ast-breadcrumbs-content":"","ast-featured-img":"","footer-sml-layout":"","theme-transparent-header-meta":"","adv-header-id-meta":"","stick-header-meta":"","header-above-stick-meta":"","header-main-stick-meta":"","header-below-stick-meta":"","astra-migrate-meta-layouts":"default","ast-page-background-enabled":"default","ast-page-background-meta":{"desktop":{"background-color":"var(--ast-global-color-4)","background-image":"","background-repeat":"repeat","background-position":"center center","background-size":"auto","background-attachment":"scroll","background-type":"","background-media":"","overlay-type":"","overlay-color":"","overlay-opacity":"","overlay-gradient":""},"tablet":{"background-color":"","background-image":"","background-repeat":"repeat","background-position":"center center","background-size":"auto","background-attachment":"scroll","background-type":"","background-media":"","overlay-type":"","overlay-color":"","overlay-opacity":"","overlay-gradient":""},"mobile":{"background-color":"","background-image":"","background-repeat":"repeat","background-position":"center center","background-size":"auto","background-attachment":"scroll","background-type":"","background-media":"","overlay-type":"","overlay-color":"","overlay-opacity":"","overlay-gradient":""}},"ast-content-background-meta":{"desktop":{"background-color":"var(--ast-global-color-5)","background-image":"","background-repeat":"repeat","background-position":"center center","background-size":"auto","background-attachment":"scroll","background-type":"","background-media":"","overlay-type":"","overlay-color":"","overlay-opacity":"","overlay-gradient":""},"tablet":{"background-color":"var(--ast-global-color-5)","background-image":"","background-repeat":"repeat","background-position":"center center","background-size":"auto","background-attachment":"scroll","background-type":"","background-media":"","overlay-type":"","overlay-color":"","overlay-opacity":"","overlay-gradient":""},"mobile":{"background-color":"var(--ast-global-color-5)","background-image":"","background-repeat":"repeat","background-position":"center center","background-size":"auto","background-attachment":"scroll","background-type":"","background-media":"","overlay-type":"","overlay-color":"","overlay-opacity":"","overlay-gradient":""}},"footnotes":""},"class_list":["post-769","page","type-page","status-publish","hentry"],"post_mailing_queue_ids":[],"_links":{"self":[{"href":"https:\/\/agora.xtec.cat\/ceefontdelabella\/wp-json\/wp\/v2\/pages\/769","targetHints":{"allow":["GET"]}}],"collection":[{"href":"https:\/\/agora.xtec.cat\/ceefontdelabella\/wp-json\/wp\/v2\/pages"}],"about":[{"href":"https:\/\/agora.xtec.cat\/ceefontdelabella\/wp-json\/wp\/v2\/types\/page"}],"author":[{"embeddable":true,"href":"https:\/\/agora.xtec.cat\/ceefontdelabella\/wp-json\/wp\/v2\/users\/76"}],"replies":[{"embeddable":true,"href":"https:\/\/agora.xtec.cat\/ceefontdelabella\/wp-json\/wp\/v2\/comments?post=769"}],"version-history":[{"count":4,"href":"https:\/\/agora.xtec.cat\/ceefontdelabella\/wp-json\/wp\/v2\/pages\/769\/revisions"}],"predecessor-version":[{"id":29816,"href":"https:\/\/agora.xtec.cat\/ceefontdelabella\/wp-json\/wp\/v2\/pages\/769\/revisions\/29816"}],"up":[{"embeddable":true,"href":"https:\/\/agora.xtec.cat\/ceefontdelabella\/wp-json\/wp\/v2\/pages\/22"}],"wp:attachment":[{"href":"https:\/\/agora.xtec.cat\/ceefontdelabella\/wp-json\/wp\/v2\/media?parent=769"}],"curies":[{"name":"wp","href":"https:\/\/api.w.org\/{rel}","templated":true}]}}