{"id":38,"date":"2014-09-18T12:34:08","date_gmt":"2014-09-18T11:34:08","guid":{"rendered":"http:\/\/agora.xtec.cat\/ceefontdelabella\/?page_id=38"},"modified":"2024-10-04T21:24:06","modified_gmt":"2024-10-04T19:24:06","slug":"salut","status":"publish","type":"page","link":"https:\/\/agora.xtec.cat\/ceefontdelabella\/lescola\/salut\/","title":{"rendered":"Salut"},"content":{"rendered":"<h2>Administraci\u00f3 de medicaments<\/h2>\n<div class=\"NG-menu__wrapper_title2\">\n<h2><a href=\"https:\/\/agora.xtec.cat\/ceefontdelabella\/wp-content\/uploads\/usu1397\/2021\/05\/medicines.png\"><img loading=\"lazy\" decoding=\"async\" class=\"wp-image-22632 size-thumbnail aligncenter\" src=\"https:\/\/agora.xtec.cat\/ceefontdelabella\/wp-content\/uploads\/usu1397\/2021\/05\/medicines-150x150.png\" alt=\"\" width=\"150\" height=\"150\" srcset=\"https:\/\/agora.xtec.cat\/ceefontdelabella\/wp-content\/uploads\/usu1397\/2021\/05\/medicines-150x150.png 150w, https:\/\/agora.xtec.cat\/ceefontdelabella\/wp-content\/uploads\/usu1397\/2021\/05\/medicines-300x300.png 300w, https:\/\/agora.xtec.cat\/ceefontdelabella\/wp-content\/uploads\/usu1397\/2021\/05\/medicines.png 500w\" sizes=\"auto, (max-width: 150px) 100vw, 150px\" \/><\/a><\/h2>\n<\/div>\n<p>D\u2019acord amb el que determina la normativa referida a l\u2019Administraci\u00f3 de medicaments als alumnes aprovada en la Resoluci\u00f3 de 20 de juny de 2014 per la qual s\u2019aproven els documents per a l\u2019organitzaci\u00f3 i gesti\u00f3 dels centres:<\/p>\n<p>\u201cPer poder administrar medicaments als alumnes sempre que sigui imprescindible fer-ho en horari lectiu, cal que els pares, mares o tutors legals aportin un informe del metge on consti el nom de l\u2019alumne, el nom del medicament que ha de prendre i la seva pauta d\u2019administraci\u00f3. Aix\u00ed mateix, els pares o tutors legals han d\u2019aportar un escrit on es demani al director del centre educatiu l\u2019administraci\u00f3 al seu fill del medicament prescrit, d\u2019acord amb les pautes que constin en l\u2019informe esmentat i s\u2019autoritzi la seva administraci\u00f3 als docents del centre.\u201d<\/p>\n<table>\n<tbody>\n<tr>\n<td><strong>En cas d\u2019incompliment d\u2019alguna d\u2019aquestes condicions NO es podr\u00e0 subministrar el medicament a l\u2019alumne\/a.<\/strong><\/td>\n<\/tr>\n<\/tbody>\n<\/table>\n<h2><\/h2>\n<h2>Recomanacions pel tractament d&#8217;infestaci\u00f3 per polls<a href=\"https:\/\/agora.xtec.cat\/ceefontdelabella\/wp-content\/uploads\/usu1397\/2021\/05\/poll.png\"><img loading=\"lazy\" decoding=\"async\" class=\"aligncenter wp-image-22631 size-thumbnail\" src=\"https:\/\/agora.xtec.cat\/ceefontdelabella\/wp-content\/uploads\/usu1397\/2021\/05\/poll-150x150.png\" alt=\"\" width=\"150\" height=\"150\" srcset=\"https:\/\/agora.xtec.cat\/ceefontdelabella\/wp-content\/uploads\/usu1397\/2021\/05\/poll-150x150.png 150w, https:\/\/agora.xtec.cat\/ceefontdelabella\/wp-content\/uploads\/usu1397\/2021\/05\/poll-300x300.png 300w, https:\/\/agora.xtec.cat\/ceefontdelabella\/wp-content\/uploads\/usu1397\/2021\/05\/poll.png 500w\" sizes=\"auto, (max-width: 150px) 100vw, 150px\" \/><\/a><\/h2>\n<ul>\n<li>Revisar b\u00e9 el cabell per veure si hi ha algun poll o ll\u00e9mena. En cas de trobar-ne, aplicar sobre el cabell una loci\u00f3 antiparasit\u00e0ria, seguint estrictament les instruccions del producte.<\/li>\n<li>Raspallar b\u00e9 el cabell amb una pinta de pues espesses i i revisar-lo b\u00e9 per veure si ha quedat algun poll. \u00c9s molt important treure les ll\u00e9menes per poder detectar nous contagis.<\/li>\n<li>Controlar b\u00e9 el cap de la resta de la fam\u00edlia, actuant en conseq\u00fc\u00e8ncia.<\/li>\n<li>Al cap d\u2019una setmana cal repetir aquesta operaci\u00f3, per tal d\u2019eliminar la possibilitat que algun ou fos viu. Incidim en la import\u00e0ncia de treure les ll\u00e9menes per a una segura i millor erradicaci\u00f3 del par\u00e0sit.<\/li>\n<li>No oblidar la neteja d\u2019objectes personals com: tovalloles, pintes, raspalls, barrets, bufandes, etc.<\/li>\n<\/ul>\n<p><strong><a href=\"http:\/\/canalsalut.gencat.cat\/ca\/detalls\/article\/Polls-00001\" target=\"_blank\" rel=\"noopener noreferrer\">\u00a0<\/a><\/strong><\/p>\n<table style=\"border-collapse: collapse; width: 100%;\">\n<tbody>\n<tr>\n<td style=\"width: 100%;\"><strong>\u00c9s recomanable que els alumnes afectats no assisteixin a l\u2019escola fins que no s\u2019hagin sotm\u00e8s al tractament (aplicaci\u00f3 de loci\u00f3 o crema al cap) i hagin eliminat totes les ll\u00e9menes<\/strong><strong>.<\/strong><\/td>\n<\/tr>\n<\/tbody>\n<\/table>\n<p>&nbsp;<\/p>\n<div id=\"gtx-trans\" style=\"position: absolute; left: 318px; top: 1283.93px;\">\n<div class=\"gtx-trans-icon\"><\/div>\n<\/div>\n","protected":false},"excerpt":{"rendered":"<p>Administraci\u00f3 de medicaments D\u2019acord amb el que determina la normativa referida a l\u2019Administraci\u00f3 de medicaments als alumnes aprovada en la Resoluci\u00f3 de 20 de juny de 2014 per la qual s\u2019aproven els documents per a l\u2019organitzaci\u00f3 i gesti\u00f3 dels centres: \u201cPer poder administrar medicaments als alumnes sempre que sigui imprescindible fer-ho en horari lectiu, cal [&hellip;]<\/p>\n","protected":false},"author":1,"featured_media":0,"parent":22,"menu_order":10,"comment_status":"closed","ping_status":"closed","template":"page-templates\/side-menu.php","meta":{"_bbp_topic_count":0,"_bbp_reply_count":0,"_bbp_total_topic_count":0,"_bbp_total_reply_count":0,"_bbp_voice_count":0,"_bbp_anonymous_reply_count":0,"_bbp_topic_count_hidden":0,"_bbp_reply_count_hidden":0,"_bbp_forum_subforum_count":0,"site-sidebar-layout":"default","site-content-layout":"","ast-site-content-layout":"","site-content-style":"default","site-sidebar-style":"default","ast-global-header-display":"","ast-banner-title-visibility":"","ast-main-header-display":"","ast-hfb-above-header-display":"","ast-hfb-below-header-display":"","ast-hfb-mobile-header-display":"","site-post-title":"","ast-breadcrumbs-content":"","ast-featured-img":"","footer-sml-layout":"","theme-transparent-header-meta":"","adv-header-id-meta":"","stick-header-meta":"","header-above-stick-meta":"","header-main-stick-meta":"","header-below-stick-meta":"","astra-migrate-meta-layouts":"default","ast-page-background-enabled":"default","ast-page-background-meta":{"desktop":{"background-color":"var(--ast-global-color-4)","background-image":"","background-repeat":"repeat","background-position":"center center","background-size":"auto","background-attachment":"scroll","background-type":"","background-media":"","overlay-type":"","overlay-color":"","overlay-opacity":"","overlay-gradient":""},"tablet":{"background-color":"","background-image":"","background-repeat":"repeat","background-position":"center center","background-size":"auto","background-attachment":"scroll","background-type":"","background-media":"","overlay-type":"","overlay-color":"","overlay-opacity":"","overlay-gradient":""},"mobile":{"background-color":"","background-image":"","background-repeat":"repeat","background-position":"center center","background-size":"auto","background-attachment":"scroll","background-type":"","background-media":"","overlay-type":"","overlay-color":"","overlay-opacity":"","overlay-gradient":""}},"ast-content-background-meta":{"desktop":{"background-color":"var(--ast-global-color-5)","background-image":"","background-repeat":"repeat","background-position":"center center","background-size":"auto","background-attachment":"scroll","background-type":"","background-media":"","overlay-type":"","overlay-color":"","overlay-opacity":"","overlay-gradient":""},"tablet":{"background-color":"var(--ast-global-color-5)","background-image":"","background-repeat":"repeat","background-position":"center center","background-size":"auto","background-attachment":"scroll","background-type":"","background-media":"","overlay-type":"","overlay-color":"","overlay-opacity":"","overlay-gradient":""},"mobile":{"background-color":"var(--ast-global-color-5)","background-image":"","background-repeat":"repeat","background-position":"center center","background-size":"auto","background-attachment":"scroll","background-type":"","background-media":"","overlay-type":"","overlay-color":"","overlay-opacity":"","overlay-gradient":""}},"footnotes":""},"class_list":["post-38","page","type-page","status-publish","hentry"],"post_mailing_queue_ids":[],"_links":{"self":[{"href":"https:\/\/agora.xtec.cat\/ceefontdelabella\/wp-json\/wp\/v2\/pages\/38","targetHints":{"allow":["GET"]}}],"collection":[{"href":"https:\/\/agora.xtec.cat\/ceefontdelabella\/wp-json\/wp\/v2\/pages"}],"about":[{"href":"https:\/\/agora.xtec.cat\/ceefontdelabella\/wp-json\/wp\/v2\/types\/page"}],"author":[{"embeddable":true,"href":"https:\/\/agora.xtec.cat\/ceefontdelabella\/wp-json\/wp\/v2\/users\/1"}],"replies":[{"embeddable":true,"href":"https:\/\/agora.xtec.cat\/ceefontdelabella\/wp-json\/wp\/v2\/comments?post=38"}],"version-history":[{"count":6,"href":"https:\/\/agora.xtec.cat\/ceefontdelabella\/wp-json\/wp\/v2\/pages\/38\/revisions"}],"predecessor-version":[{"id":29933,"href":"https:\/\/agora.xtec.cat\/ceefontdelabella\/wp-json\/wp\/v2\/pages\/38\/revisions\/29933"}],"up":[{"embeddable":true,"href":"https:\/\/agora.xtec.cat\/ceefontdelabella\/wp-json\/wp\/v2\/pages\/22"}],"wp:attachment":[{"href":"https:\/\/agora.xtec.cat\/ceefontdelabella\/wp-json\/wp\/v2\/media?parent=38"}],"curies":[{"name":"wp","href":"https:\/\/api.w.org\/{rel}","templated":true}]}}