{"id":34,"date":"2014-09-18T12:32:18","date_gmt":"2014-09-18T11:32:18","guid":{"rendered":"http:\/\/agora.xtec.cat\/ceefontdelabella\/?page_id=34"},"modified":"2024-10-08T13:54:05","modified_gmt":"2024-10-08T11:54:05","slug":"oferta-educativa","status":"publish","type":"page","link":"https:\/\/agora.xtec.cat\/ceefontdelabella\/lescola\/oferta-educativa\/","title":{"rendered":"Trets d\u2019identitat. Visi\u00f3 del centre educatiu"},"content":{"rendered":"<p>El centre fomenta els valors i principis propis d\u2019una societat democr\u00e0tica i plural.<\/p>\n<ul>\n<li>Educaci\u00f3 com a proc\u00e9s integral que es desenvolupa al llarg de la vida.<\/li>\n<li>Educaci\u00f3 per a la diversitat.<\/li>\n<li>Educaci\u00f3 aconfessional.<\/li>\n<li>Educaci\u00f3 que defensa la pau, la solidaritat, la comprensi\u00f3 i la toler\u00e0ncia.<\/li>\n<li>Educaci\u00f3 respectuosa amb el medi ambient i els b\u00e9ns individuals i col\u00b7lectius.<\/li>\n<li>Educaci\u00f3 per a la salut i el consum racional.<\/li>\n<li>Educaci\u00f3 que afavoreixi un esperit cr\u00edtic, responsable i cient\u00edfic.<\/li>\n<li>Educaci\u00f3 que fomenti la integraci\u00f3, la inclusi\u00f3 i afavoreixi el respecte i l\u2019acceptaci\u00f3 de la difer\u00e8ncia.<\/li>\n<\/ul>\n<p><strong>\u00a0<\/strong><strong>Potenciem un aprenentatge:<\/strong><\/p>\n<ul>\n<li>Constructiu i funcional.<\/li>\n<li>Participatiu, presentat de forma organitzada, sistematitzat i estructurat.<\/li>\n<li>En grups petits, grups flexibles o grans grups.<\/li>\n<li>Adaptat al nivell maduratiu i evolutiu de l\u2019alumnat.<\/li>\n<li>Que faciliti el desenvolupament social, de la comunicaci\u00f3, afectiu, f\u00edsic-motriu i cognitiu.<\/li>\n<li>Que vetlli per l\u2019autonomia i la identitat personal i social de l\u2019alumnat.<\/li>\n<li>Que faci \u00fas de les noves tecnologies: pantalla digital, pantalles interactives, tablets, ..<\/li>\n<\/ul>\n<p><strong>Menjador<\/strong><\/p>\n<p>Es considera un espai pedag\u00f2gic.<\/p>\n<p><strong>Transport<\/strong><\/p>\n<p>\u00c9s compartit amb algun altre centre donant servei a la totalitat dels\/les alumnes.<\/p>\n<p><strong>\u00a0<\/strong><strong>Activitats complement\u00e0ries<\/strong><\/p>\n<ul>\n<li>Sortides relacionades amb els projectes o el curr\u00edculum treballat.<\/li>\n<li>Festes com la Castanyada, Nadal, Sant Jordi,\u2026<\/li>\n<li>Organitzaci\u00f3 de xerrades informatives adre\u00e7ades als pares, mares i\/o tutors\/es d\u2019alumnes. Escola de pares i mares.<\/li>\n<li>Col\u00f2nies i sortides de fi de curs.<\/li>\n<li>Nataci\u00f3 Escolar, condu\u00efda per monitors\/es professionals.<\/li>\n<li>Ter\u00e0pia amb gossos (projecte finan\u00e7at per l\u2019AMPA).<\/li>\n<li>Musicoter\u00e0pia (projecte finan\u00e7at per l\u2019AMPA).<\/li>\n<li>Activitats extraescolars.<\/li>\n<li>Casal d\u2019estiu i\/o programa Respir amb col\u00b7laboraci\u00f3 de l\u2019Ajuntament de Girona.<\/li>\n<li>Revista Pinzellades.<\/li>\n<\/ul>\n<p><strong style=\"font-family: inherit; font-size: 1em;\">Opcions de vida adulta<\/strong><\/p>\n<p>Un cop finalitzada l\u2019escolaritzaci\u00f3 obligat\u00f2ria s\u2019orienta a l\u2019alumnat cap a diferents opcions de vida adulta (centres d\u2019atenci\u00f3 especialitzada-CAE, centres ocupacionals, centres especials de treball, projectes d\u2019integraci\u00f3 laboral normalitzada, formaci\u00f3\u2026).<\/p>\n<p><strong>Pr\u00e0cticum universitari<\/strong><\/p>\n<p>L\u2019Escola col\u00b7labora amb diverses Universitats i Instituts oferint pr\u00e0ctiques al seu alumnat.<\/p>\n","protected":false},"excerpt":{"rendered":"<p>El centre fomenta els valors i principis propis d\u2019una societat democr\u00e0tica i plural. Educaci\u00f3 com a proc\u00e9s integral que es desenvolupa al llarg de la vida. Educaci\u00f3 per a la diversitat. Educaci\u00f3 aconfessional. Educaci\u00f3 que defensa la pau, la solidaritat, la comprensi\u00f3 i la toler\u00e0ncia. Educaci\u00f3 respectuosa amb el medi ambient i els b\u00e9ns individuals [&hellip;]<\/p>\n","protected":false},"author":1,"featured_media":0,"parent":22,"menu_order":3,"comment_status":"closed","ping_status":"closed","template":"page-templates\/side-menu.php","meta":{"_bbp_topic_count":0,"_bbp_reply_count":0,"_bbp_total_topic_count":0,"_bbp_total_reply_count":0,"_bbp_voice_count":0,"_bbp_anonymous_reply_count":0,"_bbp_topic_count_hidden":0,"_bbp_reply_count_hidden":0,"_bbp_forum_subforum_count":0,"site-sidebar-layout":"default","site-content-layout":"","ast-site-content-layout":"","site-content-style":"default","site-sidebar-style":"default","ast-global-header-display":"","ast-banner-title-visibility":"","ast-main-header-display":"","ast-hfb-above-header-display":"","ast-hfb-below-header-display":"","ast-hfb-mobile-header-display":"","site-post-title":"","ast-breadcrumbs-content":"","ast-featured-img":"","footer-sml-layout":"","theme-transparent-header-meta":"","adv-header-id-meta":"","stick-header-meta":"","header-above-stick-meta":"","header-main-stick-meta":"","header-below-stick-meta":"","astra-migrate-meta-layouts":"default","ast-page-background-enabled":"default","ast-page-background-meta":{"desktop":{"background-color":"var(--ast-global-color-4)","background-image":"","background-repeat":"repeat","background-position":"center center","background-size":"auto","background-attachment":"scroll","background-type":"","background-media":"","overlay-type":"","overlay-color":"","overlay-opacity":"","overlay-gradient":""},"tablet":{"background-color":"","background-image":"","background-repeat":"repeat","background-position":"center center","background-size":"auto","background-attachment":"scroll","background-type":"","background-media":"","overlay-type":"","overlay-color":"","overlay-opacity":"","overlay-gradient":""},"mobile":{"background-color":"","background-image":"","background-repeat":"repeat","background-position":"center center","background-size":"auto","background-attachment":"scroll","background-type":"","background-media":"","overlay-type":"","overlay-color":"","overlay-opacity":"","overlay-gradient":""}},"ast-content-background-meta":{"desktop":{"background-color":"var(--ast-global-color-5)","background-image":"","background-repeat":"repeat","background-position":"center center","background-size":"auto","background-attachment":"scroll","background-type":"","background-media":"","overlay-type":"","overlay-color":"","overlay-opacity":"","overlay-gradient":""},"tablet":{"background-color":"var(--ast-global-color-5)","background-image":"","background-repeat":"repeat","background-position":"center center","background-size":"auto","background-attachment":"scroll","background-type":"","background-media":"","overlay-type":"","overlay-color":"","overlay-opacity":"","overlay-gradient":""},"mobile":{"background-color":"var(--ast-global-color-5)","background-image":"","background-repeat":"repeat","background-position":"center center","background-size":"auto","background-attachment":"scroll","background-type":"","background-media":"","overlay-type":"","overlay-color":"","overlay-opacity":"","overlay-gradient":""}},"footnotes":""},"class_list":["post-34","page","type-page","status-publish","hentry"],"post_mailing_queue_ids":[],"_links":{"self":[{"href":"https:\/\/agora.xtec.cat\/ceefontdelabella\/wp-json\/wp\/v2\/pages\/34","targetHints":{"allow":["GET"]}}],"collection":[{"href":"https:\/\/agora.xtec.cat\/ceefontdelabella\/wp-json\/wp\/v2\/pages"}],"about":[{"href":"https:\/\/agora.xtec.cat\/ceefontdelabella\/wp-json\/wp\/v2\/types\/page"}],"author":[{"embeddable":true,"href":"https:\/\/agora.xtec.cat\/ceefontdelabella\/wp-json\/wp\/v2\/users\/1"}],"replies":[{"embeddable":true,"href":"https:\/\/agora.xtec.cat\/ceefontdelabella\/wp-json\/wp\/v2\/comments?post=34"}],"version-history":[{"count":5,"href":"https:\/\/agora.xtec.cat\/ceefontdelabella\/wp-json\/wp\/v2\/pages\/34\/revisions"}],"predecessor-version":[{"id":29981,"href":"https:\/\/agora.xtec.cat\/ceefontdelabella\/wp-json\/wp\/v2\/pages\/34\/revisions\/29981"}],"up":[{"embeddable":true,"href":"https:\/\/agora.xtec.cat\/ceefontdelabella\/wp-json\/wp\/v2\/pages\/22"}],"wp:attachment":[{"href":"https:\/\/agora.xtec.cat\/ceefontdelabella\/wp-json\/wp\/v2\/media?parent=34"}],"curies":[{"name":"wp","href":"https:\/\/api.w.org\/{rel}","templated":true}]}}