{"id":22058,"date":"2021-03-01T13:50:25","date_gmt":"2021-03-01T12:50:25","guid":{"rendered":"http:\/\/agora.xtec.cat\/ceefontdelabella\/?page_id=22058"},"modified":"2026-02-24T12:59:15","modified_gmt":"2026-02-24T11:59:15","slug":"documents-de-centre","status":"publish","type":"page","link":"https:\/\/agora.xtec.cat\/ceefontdelabella\/documents-de-centre\/","title":{"rendered":"Documents de Centre"},"content":{"rendered":"<table style=\"border-collapse: collapse; width: 100%;\">\n<tbody>\n<tr>\n<td style=\"width: 50%;\">\n<ul>\n<li><a href=\"https:\/\/agora.xtec.cat\/ceefontdelabella\/wp-content\/uploads\/usu1397\/2025\/11\/RESUM-PROJECTE-EDUCATIU-DE-CENTRE-REVISAT-2024-25.pdf\">Projecte Educatiu de Centre (actualitzat 24-25)<\/a><\/li>\n<li><a href=\"https:\/\/agora.xtec.cat\/ceefontdelabella\/documents-de-centre\/attachment\/resum-pla-dacollida\/\">Pla d&#8217;acollida (revisat 24-25)<\/a><\/li>\n<li><a href=\"https:\/\/agora.xtec.cat\/ceefontdelabella\/wp-content\/uploads\/usu1397\/2024\/07\/20240718_ORGANIGRAMA.pdf\" target=\"_blank\" rel=\"noopener noreferrer\">Organigrama del Centre<\/a><\/li>\n<li><a href=\"https:\/\/agora.xtec.cat\/ceefontdelabella\/wp-content\/uploads\/usu1397\/bp-attachments\/17172\/Carta-de-comprom\u00eds-educatiu.-revisada-2018-19.pdf\" target=\"_blank\" rel=\"noopener noreferrer\">Carta de comprom\u00eds educatiu<\/a><\/li>\n<li><a href=\"https:\/\/agora.xtec.cat\/ceefontdelabella\/wp-content\/uploads\/usu1397\/2024\/07\/20240619_Resum-NOFC.pdf\" target=\"_blank\" rel=\"noopener noreferrer\">Normes d&#8217;organitzaci\u00f3 i funcionament (NOFC)<\/a><\/li>\n<li><a href=\"https:\/\/agora.xtec.cat\/ceefontdelabella\/wp-content\/uploads\/usu1397\/2025\/11\/RESUM-PROJECTE-DE-CONVIVENCIA_REVISAT-JUNY-2024.pdf\">Projecte de Conviv\u00e8ncia (revisat juny 2024)<\/a><\/li>\n<li><a href=\"https:\/\/agora.xtec.cat\/ceefontdelabella\/wp-content\/uploads\/usu1397\/bp-attachments\/732\/Projecte-ling\u00fcistic-CEE-Font-Abella-2015-16..pdf\" target=\"_blank\" rel=\"noopener noreferrer\">Projecte Ling\u00fc\u00edstic<\/a><\/li>\n<li><a href=\"https:\/\/agora.xtec.cat\/ceefontdelabella\/wp-content\/uploads\/usu1397\/2021\/04\/PLEC-Font-de-lAbella-2020-1.pdf\" target=\"_blank\" rel=\"noopener noreferrer\">Pla Lector<\/a><\/li>\n<li><a href=\"https:\/\/agora.xtec.cat\/ceefontdelabella\/estrategia-digital-del-centre\/\" target=\"_blank\" rel=\"noopener\">Estrat\u00e8gia digital del centre<\/a><\/li>\n<li><a href=\"https:\/\/agora.xtec.cat\/ceefontdelabella\/actes-i-acords-consell-escolar-curs-2020-21\/\" target=\"_blank\" rel=\"noopener noreferrer\">Acords Consell Escolar. Curs 2025-26<\/a><\/li>\n<\/ul>\n<\/td>\n<td style=\"width: 50%;\">&nbsp;<\/p>\n<p><a href=\"https:\/\/agora.xtec.cat\/ceefontdelabella\/documents-de-centre\/attachment\/print\/\" rel=\"attachment wp-att-37152\"><img loading=\"lazy\" decoding=\"async\" class=\"size-full wp-image-37152 alignnone\" src=\"https:\/\/agora.xtec.cat\/ceefontdelabella\/wp-content\/uploads\/usu1397\/2025\/11\/documents.jpg\" alt=\"\" width=\"263\" height=\"300\" \/><\/a><\/td>\n<\/tr>\n<\/tbody>\n<\/table>\n<h3 style=\"text-align: center;\"><strong>CIRCULARS ESCOLARS CURS 2025-2026<\/strong><\/h3>\n<table style=\"border-collapse: collapse; width: 100%; height: 311px;\">\n<tbody>\n<tr style=\"height: 311px;\">\n<td style=\"width: 50%; height: 311px;\">\n<ul>\n<li><a href=\"https:\/\/agora.xtec.cat\/ceefontdelabella\/wp-content\/uploads\/usu1397\/2025\/11\/20250905_AUTORITZACIO-PER-A-LA-DIFUSIO-Dimatges.CURS-2025-26.pdf\">Autoritzaci\u00f3 drets d&#8217;imatge<\/a><\/li>\n<li><a href=\"https:\/\/agora.xtec.cat\/ceefontdelabella\/wp-content\/uploads\/usu1397\/2025\/11\/20250905_AUTORITZACIO-SORTIDES-ESCOLARS-2024-25.pdf\">Autoritzaci\u00f3 sortides escolars<\/a><\/li>\n<li><a href=\"https:\/\/agora.xtec.cat\/ceefontdelabella\/wp-content\/uploads\/usu1397\/2025\/11\/model-autoritzacio-paracetamol.pdf\">Autoritzaci\u00f3 paracetamol<\/a><\/li>\n<li><a href=\"https:\/\/agora.xtec.cat\/ceefontdelabella\/wp-content\/uploads\/usu1397\/2025\/11\/20230905_AUTORITZACIO-MEDICACIO-ESCOLAR.pdf\">Autoritzaci\u00f3 medicaci\u00f3 escolar<\/a><\/li>\n<\/ul>\n<\/td>\n<td style=\"width: 50%; height: 311px;\"><a href=\"https:\/\/agora.xtec.cat\/ceefontdelabella\/documents-de-centre\/attachment\/depositphotos_11546698-stock-illustration-sphere-document-icon-296x300\/\" rel=\"attachment wp-att-37153\"><img loading=\"lazy\" decoding=\"async\" class=\" wp-image-37153 aligncenter\" src=\"https:\/\/agora.xtec.cat\/ceefontdelabella\/wp-content\/uploads\/usu1397\/2025\/11\/depositphotos_11546698-stock-illustration-sphere-document-icon-296x300-1.jpg\" alt=\"\" width=\"211\" height=\"214\" \/><\/a><\/td>\n<\/tr>\n<\/tbody>\n<\/table>\n<p>&nbsp;<\/p>\n","protected":false},"excerpt":{"rendered":"<p>Projecte Educatiu de Centre (actualitzat 24-25) Pla d&#8217;acollida (revisat 24-25) Organigrama del Centre Carta de comprom\u00eds educatiu Normes d&#8217;organitzaci\u00f3 i funcionament (NOFC) Projecte de Conviv\u00e8ncia (revisat juny 2024) Projecte Ling\u00fc\u00edstic Pla Lector Estrat\u00e8gia digital del centre Acords Consell Escolar. Curs 2025-26 &nbsp; CIRCULARS ESCOLARS CURS 2025-2026 Autoritzaci\u00f3 drets d&#8217;imatge Autoritzaci\u00f3 sortides escolars Autoritzaci\u00f3 paracetamol Autoritzaci\u00f3 [&hellip;]<\/p>\n","protected":false},"author":1,"featured_media":0,"parent":0,"menu_order":0,"comment_status":"closed","ping_status":"closed","template":"","meta":{"_bbp_topic_count":0,"_bbp_reply_count":0,"_bbp_total_topic_count":0,"_bbp_total_reply_count":0,"_bbp_voice_count":0,"_bbp_anonymous_reply_count":0,"_bbp_topic_count_hidden":0,"_bbp_reply_count_hidden":0,"_bbp_forum_subforum_count":0,"site-sidebar-layout":"default","site-content-layout":"","ast-site-content-layout":"default","site-content-style":"default","site-sidebar-style":"default","ast-global-header-display":"","ast-banner-title-visibility":"","ast-main-header-display":"","ast-hfb-above-header-display":"","ast-hfb-below-header-display":"","ast-hfb-mobile-header-display":"","site-post-title":"","ast-breadcrumbs-content":"","ast-featured-img":"","footer-sml-layout":"","theme-transparent-header-meta":"default","adv-header-id-meta":"","stick-header-meta":"","header-above-stick-meta":"","header-main-stick-meta":"","header-below-stick-meta":"","astra-migrate-meta-layouts":"set","ast-page-background-enabled":"default","ast-page-background-meta":{"desktop":{"background-color":"var(--ast-global-color-4)","background-image":"","background-repeat":"repeat","background-position":"center center","background-size":"auto","background-attachment":"scroll","background-type":"","background-media":"","overlay-type":"","overlay-color":"","overlay-opacity":"","overlay-gradient":""},"tablet":{"background-color":"","background-image":"","background-repeat":"repeat","background-position":"center center","background-size":"auto","background-attachment":"scroll","background-type":"","background-media":"","overlay-type":"","overlay-color":"","overlay-opacity":"","overlay-gradient":""},"mobile":{"background-color":"","background-image":"","background-repeat":"repeat","background-position":"center center","background-size":"auto","background-attachment":"scroll","background-type":"","background-media":"","overlay-type":"","overlay-color":"","overlay-opacity":"","overlay-gradient":""}},"ast-content-background-meta":{"desktop":{"background-color":"var(--ast-global-color-5)","background-image":"","background-repeat":"repeat","background-position":"center center","background-size":"auto","background-attachment":"scroll","background-type":"","background-media":"","overlay-type":"","overlay-color":"","overlay-opacity":"","overlay-gradient":""},"tablet":{"background-color":"var(--ast-global-color-5)","background-image":"","background-repeat":"repeat","background-position":"center center","background-size":"auto","background-attachment":"scroll","background-type":"","background-media":"","overlay-type":"","overlay-color":"","overlay-opacity":"","overlay-gradient":""},"mobile":{"background-color":"var(--ast-global-color-5)","background-image":"","background-repeat":"repeat","background-position":"center center","background-size":"auto","background-attachment":"scroll","background-type":"","background-media":"","overlay-type":"","overlay-color":"","overlay-opacity":"","overlay-gradient":""}},"footnotes":""},"class_list":["post-22058","page","type-page","status-publish","hentry"],"post_mailing_queue_ids":[],"_links":{"self":[{"href":"https:\/\/agora.xtec.cat\/ceefontdelabella\/wp-json\/wp\/v2\/pages\/22058","targetHints":{"allow":["GET"]}}],"collection":[{"href":"https:\/\/agora.xtec.cat\/ceefontdelabella\/wp-json\/wp\/v2\/pages"}],"about":[{"href":"https:\/\/agora.xtec.cat\/ceefontdelabella\/wp-json\/wp\/v2\/types\/page"}],"author":[{"embeddable":true,"href":"https:\/\/agora.xtec.cat\/ceefontdelabella\/wp-json\/wp\/v2\/users\/1"}],"replies":[{"embeddable":true,"href":"https:\/\/agora.xtec.cat\/ceefontdelabella\/wp-json\/wp\/v2\/comments?post=22058"}],"version-history":[{"count":8,"href":"https:\/\/agora.xtec.cat\/ceefontdelabella\/wp-json\/wp\/v2\/pages\/22058\/revisions"}],"predecessor-version":[{"id":38524,"href":"https:\/\/agora.xtec.cat\/ceefontdelabella\/wp-json\/wp\/v2\/pages\/22058\/revisions\/38524"}],"wp:attachment":[{"href":"https:\/\/agora.xtec.cat\/ceefontdelabella\/wp-json\/wp\/v2\/media?parent=22058"}],"curies":[{"name":"wp","href":"https:\/\/api.w.org\/{rel}","templated":true}]}}