{"id":22,"date":"2014-09-18T12:19:57","date_gmt":"2014-09-18T11:19:57","guid":{"rendered":"http:\/\/agora.xtec.cat\/ceefontdelabella\/?page_id=22"},"modified":"2016-07-11T09:39:56","modified_gmt":"2016-07-11T08:39:56","slug":"lescola","status":"publish","type":"page","link":"https:\/\/agora.xtec.cat\/ceefontdelabella\/lescola\/","title":{"rendered":"L&#8217;escola"},"content":{"rendered":"<p>El Centre d\u2019educaci\u00f3 especial Font de l\u2019Abella es troba ubicat a la ciutat de Girona, a l\u2019avinguda Montilivi\u00a0 n\u00ba 100 , als afores de la ciutat, en un nucli de cases unifamiliars, molt a prop de la zona Universit\u00e0ria i davant de l\u2019IES. Montilivi i dels tallers ocupacionals Ramon Noguera. A cinc minuts a peu trobem ubicats comer\u00e7os entre els quals hi ha un supermercat. L\u2019escola est\u00e0 connectada amb el centre de la ciutat amb l\u2019autob\u00fas urb\u00e0 amb una freq\u00fc\u00e8ncia de 15 minuts.<\/p>\n<p>Girona \u00e9s la capital de la comarca del Giron\u00e8s i de la prov\u00edncia de Girona, situada al nord-est de Catalunya, el municipi \u00e9s a 100 Km. de Barcelona, a 40 Km. de la Costa Brava i a 60 Km. de la frontera amb Fran\u00e7a.<\/p>\n<p>La ciutat de Girona est\u00e0 situada a la conflu\u00e8ncia dels rius Onyar, G\u00fcell, Galligants, Ter i s\u00e8quia Monar, a una altitud m\u00e8trica de 70 m, a l&#8217; anomenat pla de Girona.\u00a0Girona limita al nord amb el municipi de Sant Juli\u00e0 de Ramis, al nord- oest amb Sarri\u00e0 de Ter; al nord-est amb \u00a0Celr\u00e0, a l\u2019est amb Jui\u00e0 i Bordils; al sud-est, amb el de Quart; al sud, amb el de Fornells de la Selva, al sud-oest amb Vilablareix i Salt i a l\u2019oest amb el de Sant Gregori.<\/p>\n<p>La festa major de Girona \u00e9s el 29 d\u2019octubre, Sant Narc\u00eds.<br \/>\nL\u2019altra festa local del municipi \u00e9s el 25 de juliol, Sant Jaume.<\/p>\n<p>El municipi de Girona t\u00e9 una extensi\u00f3 de 38,73 km<sup>2 <\/sup>i una poblaci\u00f3 total de 97.656 habitants.<sup>\u00a0<\/sup><\/p>\n<p>Girona acull al llarg de l\u2019any una gran varietat de fires i mercats al carrer, activitats que esdevenen un atractiu m\u00e9s per a molts dels seus visitants, i que la converteixen en una ciutat activa i plena de vida.<\/p>\n","protected":false},"excerpt":{"rendered":"<p>El Centre d\u2019educaci\u00f3 especial Font de l\u2019Abella es troba ubicat a la ciutat de Girona, a l\u2019avinguda Montilivi\u00a0 n\u00ba 100 , als afores de la ciutat, en un nucli de cases unifamiliars, molt a prop de la zona Universit\u00e0ria i davant de l\u2019IES. Montilivi i dels tallers ocupacionals Ramon Noguera. A cinc minuts a peu [&hellip;]<\/p>\n","protected":false},"author":1,"featured_media":0,"parent":0,"menu_order":0,"comment_status":"closed","ping_status":"closed","template":"page-templates\/side-menu.php","meta":{"_bbp_topic_count":0,"_bbp_reply_count":0,"_bbp_total_topic_count":0,"_bbp_total_reply_count":0,"_bbp_voice_count":0,"_bbp_anonymous_reply_count":0,"_bbp_topic_count_hidden":0,"_bbp_reply_count_hidden":0,"_bbp_forum_subforum_count":0,"site-sidebar-layout":"default","site-content-layout":"","ast-site-content-layout":"","site-content-style":"default","site-sidebar-style":"default","ast-global-header-display":"","ast-banner-title-visibility":"","ast-main-header-display":"","ast-hfb-above-header-display":"","ast-hfb-below-header-display":"","ast-hfb-mobile-header-display":"","site-post-title":"","ast-breadcrumbs-content":"","ast-featured-img":"","footer-sml-layout":"","theme-transparent-header-meta":"","adv-header-id-meta":"","stick-header-meta":"","header-above-stick-meta":"","header-main-stick-meta":"","header-below-stick-meta":"","astra-migrate-meta-layouts":"default","ast-page-background-enabled":"default","ast-page-background-meta":{"desktop":{"background-color":"var(--ast-global-color-4)","background-image":"","background-repeat":"repeat","background-position":"center center","background-size":"auto","background-attachment":"scroll","background-type":"","background-media":"","overlay-type":"","overlay-color":"","overlay-opacity":"","overlay-gradient":""},"tablet":{"background-color":"","background-image":"","background-repeat":"repeat","background-position":"center center","background-size":"auto","background-attachment":"scroll","background-type":"","background-media":"","overlay-type":"","overlay-color":"","overlay-opacity":"","overlay-gradient":""},"mobile":{"background-color":"","background-image":"","background-repeat":"repeat","background-position":"center center","background-size":"auto","background-attachment":"scroll","background-type":"","background-media":"","overlay-type":"","overlay-color":"","overlay-opacity":"","overlay-gradient":""}},"ast-content-background-meta":{"desktop":{"background-color":"var(--ast-global-color-5)","background-image":"","background-repeat":"repeat","background-position":"center center","background-size":"auto","background-attachment":"scroll","background-type":"","background-media":"","overlay-type":"","overlay-color":"","overlay-opacity":"","overlay-gradient":""},"tablet":{"background-color":"var(--ast-global-color-5)","background-image":"","background-repeat":"repeat","background-position":"center center","background-size":"auto","background-attachment":"scroll","background-type":"","background-media":"","overlay-type":"","overlay-color":"","overlay-opacity":"","overlay-gradient":""},"mobile":{"background-color":"var(--ast-global-color-5)","background-image":"","background-repeat":"repeat","background-position":"center center","background-size":"auto","background-attachment":"scroll","background-type":"","background-media":"","overlay-type":"","overlay-color":"","overlay-opacity":"","overlay-gradient":""}},"footnotes":""},"class_list":["post-22","page","type-page","status-publish","hentry"],"post_mailing_queue_ids":[],"_links":{"self":[{"href":"https:\/\/agora.xtec.cat\/ceefontdelabella\/wp-json\/wp\/v2\/pages\/22","targetHints":{"allow":["GET"]}}],"collection":[{"href":"https:\/\/agora.xtec.cat\/ceefontdelabella\/wp-json\/wp\/v2\/pages"}],"about":[{"href":"https:\/\/agora.xtec.cat\/ceefontdelabella\/wp-json\/wp\/v2\/types\/page"}],"author":[{"embeddable":true,"href":"https:\/\/agora.xtec.cat\/ceefontdelabella\/wp-json\/wp\/v2\/users\/1"}],"replies":[{"embeddable":true,"href":"https:\/\/agora.xtec.cat\/ceefontdelabella\/wp-json\/wp\/v2\/comments?post=22"}],"version-history":[{"count":3,"href":"https:\/\/agora.xtec.cat\/ceefontdelabella\/wp-json\/wp\/v2\/pages\/22\/revisions"}],"predecessor-version":[{"id":806,"href":"https:\/\/agora.xtec.cat\/ceefontdelabella\/wp-json\/wp\/v2\/pages\/22\/revisions\/806"}],"wp:attachment":[{"href":"https:\/\/agora.xtec.cat\/ceefontdelabella\/wp-json\/wp\/v2\/media?parent=22"}],"curies":[{"name":"wp","href":"https:\/\/api.w.org\/{rel}","templated":true}]}}