{"id":84,"date":"2014-09-18T14:11:31","date_gmt":"2014-09-18T14:11:31","guid":{"rendered":"http:\/\/agora.xtec.cat\/ceefolchicamarasa\/?page_id=84"},"modified":"2025-05-09T15:32:12","modified_gmt":"2025-05-09T13:32:12","slug":"activitats-extraescolars","status":"publish","type":"page","link":"https:\/\/agora.xtec.cat\/ceefolchicamarasa\/ampa\/activitats-extraescolars\/","title":{"rendered":"Activitats extraescolars"},"content":{"rendered":"<p style=\"color: #444444; text-align: justify;\">Les activitats extraescolars estan organitzades i gestionades per l&#8217;AMPA de l&#8217;escola i es realitzen en horari escolar no lectiu, de 14&#8217;30h a 16&#8217;30h, l&#8217;escola cedeix els espais necessaris per realitzar-les.<\/p>\n<p style=\"color: #444444; text-align: justify;\">&#8211; <span style=\"text-decoration: underline;\">Activitat de <a href=\"http:\/\/artransforma.wix.com\/artransforma#!msica-a-labast\/cjbm\">&#8220;M\u00fasica a l&#8217;abast&#8221;<\/a><\/span><a href=\"http:\/\/artransforma.wix.com\/artransforma#!msica-a-labast\/cjbm\">:\u00a0<\/a><\/p>\n<p style=\"color: #444444; text-align: justify;\">Iniciat el 2009 per Queralt Prats, des de l&#8217;Associaci\u00f3 ARTransforma i l&#8217;Escola de m\u00fasica Ressons, M\u00fasica a l&#8217;abast \u00e9s un projecte art\u00edstic i social amb arrels en el Community Music Brit\u00e0nic. Els eixos principals del projecte s\u00f3n l&#8217;Acc\u00e9s, la Participaci\u00f3, la Creativitat i la Igualtat d&#8217;oportunitats a\u00a0l&#8217;art i a la m\u00fasica. En l&#8217;actualitat la terapeuta que ve al centre \u00a0\u00e9s la Flor.<\/p>\n<p style=\"color: #444444; text-align: justify;\">Apropar la m\u00fasica a les persones amb discapacitat. Amb aquest objectiu va n\u00e9ixer fa dos anys M\u00fasica a l&#8217;abast. Els alumnes d&#8217;aquest projecte tenen problemes de comunicaci\u00f3, per\u00f2 gr\u00e0cies a la m\u00fasica poden expressar-se amb m\u00e9s llibertat. Sota les indicacions d&#8217;un monitor, dansen, canten i aprenen a tocar instruments.<\/p>\n<p style=\"color: #444444; text-align: justify;\"><iframe loading=\"lazy\" src=\"\/\/www.youtube.com\/embed\/7IjTRLdEIuI\" width=\"425\" height=\"350\"><\/iframe><\/p>\n<p style=\"color: #444444; text-align: justify;\">\n","protected":false},"excerpt":{"rendered":"<p>Les activitats extraescolars estan organitzades i gestionades per l&#8217;AMPA de l&#8217;escola i es realitzen en horari escolar no lectiu, de 14&#8217;30h a 16&#8217;30h, l&#8217;escola cedeix els espais necessaris per realitzar-les.<br \/>\n&#8211; Activitat de <a href=\"http:\/\/artransforma.wix.com\/artransforma#!msica-a-labast\/cjbm\">&#8220;M\u00fasica a l&#8217;abast&#8221;<\/a><a href=\"http:\/\/artransforma.wix.com\/artransforma#!msica-a-labast\/cjbm\">:\u00a0<\/a><br \/>\nIniciat el 2009 per Queralt Prats, des de l&#8217;Associaci\u00f3&hellip;  <a href=\"https:\/\/agora.xtec.cat\/ceefolchicamarasa\/ampa\/activitats-extraescolars\/\" title=\"Read Activitats extraescolars\">Llegeix m\u00e9s\u00bb<\/a><\/p>\n","protected":false},"author":2,"featured_media":0,"parent":453,"menu_order":60,"comment_status":"closed","ping_status":"closed","template":"page-templates\/side-menu.php","meta":{"_bbp_topic_count":0,"_bbp_reply_count":0,"_bbp_total_topic_count":0,"_bbp_total_reply_count":0,"_bbp_voice_count":0,"_bbp_anonymous_reply_count":0,"_bbp_topic_count_hidden":0,"_bbp_reply_count_hidden":0,"_bbp_forum_subforum_count":0,"footnotes":""},"class_list":["post-84","page","type-page","status-publish","hentry"],"post_mailing_queue_ids":[],"_links":{"self":[{"href":"https:\/\/agora.xtec.cat\/ceefolchicamarasa\/wp-json\/wp\/v2\/pages\/84","targetHints":{"allow":["GET"]}}],"collection":[{"href":"https:\/\/agora.xtec.cat\/ceefolchicamarasa\/wp-json\/wp\/v2\/pages"}],"about":[{"href":"https:\/\/agora.xtec.cat\/ceefolchicamarasa\/wp-json\/wp\/v2\/types\/page"}],"author":[{"embeddable":true,"href":"https:\/\/agora.xtec.cat\/ceefolchicamarasa\/wp-json\/wp\/v2\/users\/2"}],"replies":[{"embeddable":true,"href":"https:\/\/agora.xtec.cat\/ceefolchicamarasa\/wp-json\/wp\/v2\/comments?post=84"}],"version-history":[{"count":4,"href":"https:\/\/agora.xtec.cat\/ceefolchicamarasa\/wp-json\/wp\/v2\/pages\/84\/revisions"}],"predecessor-version":[{"id":1260,"href":"https:\/\/agora.xtec.cat\/ceefolchicamarasa\/wp-json\/wp\/v2\/pages\/84\/revisions\/1260"}],"up":[{"embeddable":true,"href":"https:\/\/agora.xtec.cat\/ceefolchicamarasa\/wp-json\/wp\/v2\/pages\/453"}],"wp:attachment":[{"href":"https:\/\/agora.xtec.cat\/ceefolchicamarasa\/wp-json\/wp\/v2\/media?parent=84"}],"curies":[{"name":"wp","href":"https:\/\/api.w.org\/{rel}","templated":true}]}}

<p style="color: #444444; text-align: justify;">Les activitats extraescolars estan organitzades i gestionades per l&#8217;AMPA de l&#8217;escola i es realitzen en horari escolar no lectiu, de 14&#8217;30h a 16&#8217;30h, l&#8217;escola cedeix els espais necessaris per realitzar-les.</p>
<p style="color: #444444; text-align: justify;">&#8211; <span style="text-decoration: underline;">Activitat de <a href="http://artransforma.wix.com/artransforma#!msica-a-labast/cjbm">&#8220;Música a l&#8217;abast&#8221;</a></span><a href="http://artransforma.wix.com/artransforma#!msica-a-labast/cjbm">: </a></p>
<p style="color: #444444; text-align: justify;">Iniciat el 2009 per Queralt Prats, des de l&#8217;Associació ARTransforma i l&#8217;Escola de música Ressons, Música a l&#8217;abast és un projecte artístic i social amb arrels en el Community Music Britànic. Els eixos principals del projecte són l&#8217;Accés, la Participació, la Creativitat i la Igualtat d&#8217;oportunitats a l&#8217;art i a la música. En l&#8217;actualitat la terapeuta que ve al centre  és la Flor.</p>
<p style="color: #444444; text-align: justify;">Apropar la música a les persones amb discapacitat. Amb aquest objectiu va néixer fa dos anys Música a l&#8217;abast. Els alumnes d&#8217;aquest projecte tenen problemes de comunicació, però gràcies a la música poden expressar-se amb més llibertat. Sota les indicacions d&#8217;un monitor, dansen, canten i aprenen a tocar instruments.</p>
<p style="color: #444444; text-align: justify;"><iframe loading="lazy" src="//www.youtube.com/embed/7IjTRLdEIuI" width="425" height="350"></iframe></p>
<p style="color: #444444; text-align: justify;">

<p>Les activitats extraescolars estan organitzades i gestionades per l&#8217;AMPA de l&#8217;escola i es realitzen en horari escolar no lectiu, de 14&#8217;30h a 16&#8217;30h, l&#8217;escola cedeix els espais necessaris per realitzar-les.<br />
&#8211; Activitat de <a href="http://artransforma.wix.com/artransforma#!msica-a-labast/cjbm">&#8220;Música a l&#8217;abast&#8221;</a><a href="http://artransforma.wix.com/artransforma#!msica-a-labast/cjbm">: </a><br />
Iniciat el 2009 per Queralt Prats, des de l&#8217;Associació&hellip;  <a href="https://agora.xtec.cat/ceefolchicamarasa/ampa/activitats-extraescolars/" title="Read Activitats extraescolars">Llegeix més»</a></p>
