{"id":82,"date":"2014-09-18T14:10:51","date_gmt":"2014-09-18T14:10:51","guid":{"rendered":"http:\/\/agora.xtec.cat\/ceefolchicamarasa\/?page_id=82"},"modified":"2023-07-07T13:24:41","modified_gmt":"2023-07-07T11:24:41","slug":"casal-destiu","status":"publish","type":"page","link":"https:\/\/agora.xtec.cat\/ceefolchicamarasa\/ampa\/casal-destiu\/","title":{"rendered":"Casal d&#8217;estiu"},"content":{"rendered":"<p style=\"text-align: justify;\">El casal d\u2019estiu t\u00e9 com a principal objectiu proporcionar una estructura l\u00fadica en un per\u00edode de vacances llarg.\u00a0 I tamb\u00e9 oferir a les fam\u00edlies un temps i un espai adient per\u00a0als\u00a0seus fills\/es mentre arriben les vacances.<\/p>\n<p style=\"text-align: justify;\">El casal est\u00e0 a c\u00e0rrec\u00a0de\u00a0l&#8217;AMPA de l&#8217;escola i\u00a0organtizat per les mateixes monitores de l&#8217;escola.<\/p>\n<p style=\"text-align: justify;\">Durant el curs escolar es donen\u00a0refer\u00e8ncia a totes i cada una de les activitats di\u00e0ries, i s&#8217;ofereix un sentit al transcurs \u00a0del dia i de la setmana mitjan\u00e7ant activitats referents.\u00a0Quan s\u2019acaba el curs escolar s\u2019ha de trencar amb rutines i descansar, per\u00f2 tamb\u00e9 trobar un sentit al transcurs del dia i de la setmana i aix\u00f2 \u00e9s el que ofereix l\u2019activitat del casal d\u2019estiu.<\/p>\n<p style=\"text-align: justify;\">\u00c9s una activitat on l\u2019atenci\u00f3 gaireb\u00e9 \u00e9s individualitzada i per professionals coneixedores\u00a0de les necessitats, demandes i possibilitats de l\u2019alumnat.<\/p>\n<p style=\"text-align: justify;\">El fet que el casal es pugui dur a terme a l\u2019escola, ajuda a donar seguretat als\u00a0alumnes\u00a0en les activitats l\u00fadiques, diferents de les del curs escolar. Gr\u00e0cies a trobar-se dins d\u2019un ambient segur i conegut en qu\u00e8 s\u2019atreveixen a experimentar. Algunes de les activitats que es duen a terme s\u00f3n: activitats d&#8217;aigua, tallers de manipulaci\u00f3, jocs motrius, m\u00fasica, festes tem\u00e0tiques, etc.<\/p>\n<p style=\"text-align: justify;\">\u00a0Els principals objectius del casal s\u00f3n:<\/p>\n<ul style=\"list-style-type: circle;\">\n<li style=\"text-align: justify;\">Fer part\u00edcip i protagonista a cada nen i nena de les diferents activitats que es realitzen durant tot el casal.<\/li>\n<li style=\"text-align: justify;\">Desenvolupar activitats d&#8217;oci enriquidores para tots.<\/li>\n<li style=\"text-align: justify;\">Mantenir i treballar les capacitats sensorials i motrius, aix\u00ed com, els h\u00e0bits d&#8217;higiene i autonomia personal.<\/li>\n<li style=\"text-align: justify;\">Afavorir la relaci\u00f3 entre els participants, creant un clima afectiu i de confian\u00e7a.<\/li>\n<\/ul>\n<p>&nbsp;<\/p>\n<p>&nbsp;<\/p>\n<p>&nbsp;<\/p>\n<p>&nbsp;<\/p>\n<p style=\"text-align: justify;\">\n","protected":false},"excerpt":{"rendered":"<p>El casal d\u2019estiu t\u00e9 com a principal objectiu proporcionar una estructura l\u00fadica en un per\u00edode de vacances llarg.\u00a0 I tamb\u00e9 oferir a les fam\u00edlies un temps i un espai adient per\u00a0als\u00a0seus fills\/es mentre arriben les vacances.<br \/>\nEl casal est\u00e0 a c\u00e0rrec\u00a0de\u00a0l&#8217;AMPA de l&#8217;escola i\u00a0organtizat per les&hellip;  <a href=\"https:\/\/agora.xtec.cat\/ceefolchicamarasa\/ampa\/casal-destiu\/\" title=\"Read Casal d&#8217;estiu\">Llegeix m\u00e9s\u00bb<\/a><\/p>\n","protected":false},"author":2,"featured_media":0,"parent":453,"menu_order":50,"comment_status":"closed","ping_status":"closed","template":"page-templates\/side-menu.php","meta":{"_bbp_topic_count":0,"_bbp_reply_count":0,"_bbp_total_topic_count":0,"_bbp_total_reply_count":0,"_bbp_voice_count":0,"_bbp_anonymous_reply_count":0,"_bbp_topic_count_hidden":0,"_bbp_reply_count_hidden":0,"_bbp_forum_subforum_count":0,"footnotes":""},"class_list":["post-82","page","type-page","status-publish","hentry"],"post_mailing_queue_ids":[],"_links":{"self":[{"href":"https:\/\/agora.xtec.cat\/ceefolchicamarasa\/wp-json\/wp\/v2\/pages\/82","targetHints":{"allow":["GET"]}}],"collection":[{"href":"https:\/\/agora.xtec.cat\/ceefolchicamarasa\/wp-json\/wp\/v2\/pages"}],"about":[{"href":"https:\/\/agora.xtec.cat\/ceefolchicamarasa\/wp-json\/wp\/v2\/types\/page"}],"author":[{"embeddable":true,"href":"https:\/\/agora.xtec.cat\/ceefolchicamarasa\/wp-json\/wp\/v2\/users\/2"}],"replies":[{"embeddable":true,"href":"https:\/\/agora.xtec.cat\/ceefolchicamarasa\/wp-json\/wp\/v2\/comments?post=82"}],"version-history":[{"count":4,"href":"https:\/\/agora.xtec.cat\/ceefolchicamarasa\/wp-json\/wp\/v2\/pages\/82\/revisions"}],"predecessor-version":[{"id":1139,"href":"https:\/\/agora.xtec.cat\/ceefolchicamarasa\/wp-json\/wp\/v2\/pages\/82\/revisions\/1139"}],"up":[{"embeddable":true,"href":"https:\/\/agora.xtec.cat\/ceefolchicamarasa\/wp-json\/wp\/v2\/pages\/453"}],"wp:attachment":[{"href":"https:\/\/agora.xtec.cat\/ceefolchicamarasa\/wp-json\/wp\/v2\/media?parent=82"}],"curies":[{"name":"wp","href":"https:\/\/api.w.org\/{rel}","templated":true}]}}

<p style="text-align: justify;">El casal d’estiu té com a principal objectiu proporcionar una estructura lúdica en un període de vacances llarg.  I també oferir a les famílies un temps i un espai adient per als seus fills/es mentre arriben les vacances.</p>
<p style="text-align: justify;">El casal està a càrrec de l&#8217;AMPA de l&#8217;escola i organtizat per les mateixes monitores de l&#8217;escola.</p>
<p style="text-align: justify;">Durant el curs escolar es donen referència a totes i cada una de les activitats diàries, i s&#8217;ofereix un sentit al transcurs  del dia i de la setmana mitjançant activitats referents. Quan s’acaba el curs escolar s’ha de trencar amb rutines i descansar, però també trobar un sentit al transcurs del dia i de la setmana i això és el que ofereix l’activitat del casal d’estiu.</p>
<p style="text-align: justify;">És una activitat on l’atenció gairebé és individualitzada i per professionals coneixedores de les necessitats, demandes i possibilitats de l’alumnat.</p>
<p style="text-align: justify;">El fet que el casal es pugui dur a terme a l’escola, ajuda a donar seguretat als alumnes en les activitats lúdiques, diferents de les del curs escolar. Gràcies a trobar-se dins d’un ambient segur i conegut en què s’atreveixen a experimentar. Algunes de les activitats que es duen a terme són: activitats d&#8217;aigua, tallers de manipulació, jocs motrius, música, festes temàtiques, etc.</p>
<p style="text-align: justify;"> Els principals objectius del casal són:</p>
<ul style="list-style-type: circle;">
<li style="text-align: justify;">Fer partícip i protagonista a cada nen i nena de les diferents activitats que es realitzen durant tot el casal.</li>
<li style="text-align: justify;">Desenvolupar activitats d&#8217;oci enriquidores para tots.</li>
<li style="text-align: justify;">Mantenir i treballar les capacitats sensorials i motrius, així com, els hàbits d&#8217;higiene i autonomia personal.</li>
<li style="text-align: justify;">Afavorir la relació entre els participants, creant un clima afectiu i de confiança.</li>
</ul>
<p>&nbsp;</p>
<p>&nbsp;</p>
<p>&nbsp;</p>
<p>&nbsp;</p>
<p style="text-align: justify;">

<p>El casal d’estiu té com a principal objectiu proporcionar una estructura lúdica en un període de vacances llarg.  I també oferir a les famílies un temps i un espai adient per als seus fills/es mentre arriben les vacances.<br />
El casal està a càrrec de l&#8217;AMPA de l&#8217;escola i organtizat per les&hellip;  <a href="https://agora.xtec.cat/ceefolchicamarasa/ampa/casal-destiu/" title="Read Casal d&#8217;estiu">Llegeix més»</a></p>
