{"id":77,"date":"2014-09-18T14:05:08","date_gmt":"2014-09-18T14:05:08","guid":{"rendered":"http:\/\/agora.xtec.cat\/ceefolchicamarasa\/?page_id=77"},"modified":"2020-07-24T18:17:39","modified_gmt":"2020-07-24T16:17:39","slug":"acollida","status":"publish","type":"page","link":"https:\/\/agora.xtec.cat\/ceefolchicamarasa\/que-fem\/acollida\/","title":{"rendered":"Nova Entrada"},"content":{"rendered":"<p style=\"text-align: justify;\">En primer lloc, cal dissenyar un PLA DE NOVA ENTRADA, amb l\u2019objectiu d\u2019acollir a l\u2019alumne en aquest proc\u00e9s traum\u00e0tic de canvi i ajudar-lo a desenvolupar les seves potencialitats atenent les dificultats espec\u00edfiques del moment (angoixa de separaci\u00f3, inseguretat, confusi\u00f3,&#8230;).<\/p>\n<p style=\"text-align: justify;\">Els infants quan arriben al centre estan espantats per les noves sensacions i experi\u00e8ncies que provenen d\u2019un entorn que ja no \u00e9s el redu\u00eft de la fam\u00edlia, amb la pres\u00e8ncia peri\u00f2dica d\u2019un especialista, en el cas dels que entren al sistema educatiu. Els que arriben des d\u2019un altre centre ho fan freq\u00fcentment amb la confusi\u00f3 que tot canvi, tota novetat, acostuma a crear en aquests infants.<\/p>\n<p style=\"text-align: justify;\">Cal comprendre\u2019ls des d\u2019una actitud d\u2019ajuda i d\u2019acollida,\u00a0 en un espai d\u2019acolliment emocional (m\u00e9s terap\u00e8utic que educatiu), a trav\u00e9s d\u2019una intervenci\u00f3 individual que permeti establir un VINCLE emocional i afectiu de confian\u00e7a i unes interaccions riques entre el\/la professional i l\u2019infant. L\u2019establiment d\u2019aquest vincle entre ambd\u00f3s \u00e9s el que li aportar\u00e0 la seguretat i la confian\u00e7a necess\u00e0ries per a iniciar un proc\u00e9s m\u00e9s aut\u00f2nom de \u201cconnexi\u00f3\u201d i contacte amb l\u2019entorn proper, per aix\u00ed poder fer el pas, poc a poc, cap a un espai compartit amb d\u2019altres alumnes, amb l\u2019acompanyament d\u2019aquest adult referencial per a ell.<\/p>\n<p style=\"text-align: justify;\">En aquest primer moment, \u00e9s alhora molt important el TREBALL AMB LA FAM\u00cdLIA. Generalment aquesta est\u00e0 preocupada i desbordada per tot el que suposa tenir un fill amb pluridiscapacitat. S\u00f3n fam\u00edlies angoixades i es troben en un dur proc\u00e9s en el qual poden necessitar molta ajuda i comprensi\u00f3. \u00c9s per aix\u00f2 que el treball amb pares i mares \u00e9s un altre dels eixos fonamentals de la intervenci\u00f3 pedag\u00f2gic &#8211; terap\u00e8utica del PEC.<\/p>\n<p style=\"text-align: justify;\">M\u00e9s endavant, i tot mantenint una relaci\u00f3 individual amb l\u2019adult de refer\u00e8ncia que garanteixi el clima de seguretat afectiva, l\u2019entorn social de l\u2019alumne en el centre escolar s\u2019anir\u00e0 obrint i l\u2019alumne es podr\u00e0 integrar a un entorn d\u2019aula organitzat i estructurat de tal manera que pugui percebre de forma integrada l\u2019espai que l\u2019envolta i els adults referents.<\/p>\n<p style=\"text-align: justify;\">Una caracter\u00edstica comuna en tot l\u2019alumnat \u00e9s la manca de la capacitat organitzadora i integradora de la visi\u00f3 (fonamental per a la conquesta de l\u2019espai) i, per aquest motiu, cal ajudar-lo a fer aquesta conquesta des de fora, a trav\u00e9s d\u2019un entorn estructurat, organitzat i des de \u201cdins\u201d afavorint el PROC\u00c9S DE DIFERENCIACI\u00d3 I ESTRUCTURACI\u00d3 DEL PENSAMENT,\u00a0 la qual cosa permetr\u00e0 el desenvolupament de la resta de potencialitats.<\/p>\n","protected":false},"excerpt":{"rendered":"<p>En primer lloc, cal dissenyar un PLA DE NOVA ENTRADA, amb l\u2019objectiu d\u2019acollir a l\u2019alumne en aquest proc\u00e9s traum\u00e0tic de canvi i ajudar-lo a desenvolupar les seves potencialitats atenent les dificultats espec\u00edfiques del moment (angoixa de separaci\u00f3, inseguretat, confusi\u00f3,&#8230;).<br \/>\nEls infants quan arriben al centre estan&hellip;  <a href=\"https:\/\/agora.xtec.cat\/ceefolchicamarasa\/que-fem\/acollida\/\" title=\"Read Nova Entrada\">Llegeix m\u00e9s\u00bb<\/a><\/p>\n","protected":false},"author":2,"featured_media":0,"parent":256,"menu_order":20,"comment_status":"closed","ping_status":"closed","template":"page-templates\/side-menu.php","meta":{"_bbp_topic_count":0,"_bbp_reply_count":0,"_bbp_total_topic_count":0,"_bbp_total_reply_count":0,"_bbp_voice_count":0,"_bbp_anonymous_reply_count":0,"_bbp_topic_count_hidden":0,"_bbp_reply_count_hidden":0,"_bbp_forum_subforum_count":0,"footnotes":""},"class_list":["post-77","page","type-page","status-publish","hentry"],"post_mailing_queue_ids":[],"_links":{"self":[{"href":"https:\/\/agora.xtec.cat\/ceefolchicamarasa\/wp-json\/wp\/v2\/pages\/77","targetHints":{"allow":["GET"]}}],"collection":[{"href":"https:\/\/agora.xtec.cat\/ceefolchicamarasa\/wp-json\/wp\/v2\/pages"}],"about":[{"href":"https:\/\/agora.xtec.cat\/ceefolchicamarasa\/wp-json\/wp\/v2\/types\/page"}],"author":[{"embeddable":true,"href":"https:\/\/agora.xtec.cat\/ceefolchicamarasa\/wp-json\/wp\/v2\/users\/2"}],"replies":[{"embeddable":true,"href":"https:\/\/agora.xtec.cat\/ceefolchicamarasa\/wp-json\/wp\/v2\/comments?post=77"}],"version-history":[{"count":4,"href":"https:\/\/agora.xtec.cat\/ceefolchicamarasa\/wp-json\/wp\/v2\/pages\/77\/revisions"}],"predecessor-version":[{"id":913,"href":"https:\/\/agora.xtec.cat\/ceefolchicamarasa\/wp-json\/wp\/v2\/pages\/77\/revisions\/913"}],"up":[{"embeddable":true,"href":"https:\/\/agora.xtec.cat\/ceefolchicamarasa\/wp-json\/wp\/v2\/pages\/256"}],"wp:attachment":[{"href":"https:\/\/agora.xtec.cat\/ceefolchicamarasa\/wp-json\/wp\/v2\/media?parent=77"}],"curies":[{"name":"wp","href":"https:\/\/api.w.org\/{rel}","templated":true}]}}

<p style="text-align: justify;">En primer lloc, cal dissenyar un PLA DE NOVA ENTRADA, amb l’objectiu d’acollir a l’alumne en aquest procés traumàtic de canvi i ajudar-lo a desenvolupar les seves potencialitats atenent les dificultats específiques del moment (angoixa de separació, inseguretat, confusió,&#8230;).</p>
<p style="text-align: justify;">Els infants quan arriben al centre estan espantats per les noves sensacions i experiències que provenen d’un entorn que ja no és el reduït de la família, amb la presència periòdica d’un especialista, en el cas dels que entren al sistema educatiu. Els que arriben des d’un altre centre ho fan freqüentment amb la confusió que tot canvi, tota novetat, acostuma a crear en aquests infants.</p>
<p style="text-align: justify;">Cal comprendre’ls des d’una actitud d’ajuda i d’acollida,  en un espai d’acolliment emocional (més terapèutic que educatiu), a través d’una intervenció individual que permeti establir un VINCLE emocional i afectiu de confiança i unes interaccions riques entre el/la professional i l’infant. L’establiment d’aquest vincle entre ambdós és el que li aportarà la seguretat i la confiança necessàries per a iniciar un procés més autònom de “connexió” i contacte amb l’entorn proper, per així poder fer el pas, poc a poc, cap a un espai compartit amb d’altres alumnes, amb l’acompanyament d’aquest adult referencial per a ell.</p>
<p style="text-align: justify;">En aquest primer moment, és alhora molt important el TREBALL AMB LA FAMÍLIA. Generalment aquesta està preocupada i desbordada per tot el que suposa tenir un fill amb pluridiscapacitat. Són famílies angoixades i es troben en un dur procés en el qual poden necessitar molta ajuda i comprensió. És per això que el treball amb pares i mares és un altre dels eixos fonamentals de la intervenció pedagògic &#8211; terapèutica del PEC.</p>
<p style="text-align: justify;">Més endavant, i tot mantenint una relació individual amb l’adult de referència que garanteixi el clima de seguretat afectiva, l’entorn social de l’alumne en el centre escolar s’anirà obrint i l’alumne es podrà integrar a un entorn d’aula organitzat i estructurat de tal manera que pugui percebre de forma integrada l’espai que l’envolta i els adults referents.</p>
<p style="text-align: justify;">Una característica comuna en tot l’alumnat és la manca de la capacitat organitzadora i integradora de la visió (fonamental per a la conquesta de l’espai) i, per aquest motiu, cal ajudar-lo a fer aquesta conquesta des de fora, a través d’un entorn estructurat, organitzat i des de “dins” afavorint el PROCÉS DE DIFERENCIACIÓ I ESTRUCTURACIÓ DEL PENSAMENT,  la qual cosa permetrà el desenvolupament de la resta de potencialitats.</p>

<p>En primer lloc, cal dissenyar un PLA DE NOVA ENTRADA, amb l’objectiu d’acollir a l’alumne en aquest procés traumàtic de canvi i ajudar-lo a desenvolupar les seves potencialitats atenent les dificultats específiques del moment (angoixa de separació, inseguretat, confusió,&#8230;).<br />
Els infants quan arriben al centre estan&hellip;  <a href="https://agora.xtec.cat/ceefolchicamarasa/que-fem/acollida/" title="Read Nova Entrada">Llegeix més»</a></p>
