{"id":64,"date":"2014-09-18T12:39:08","date_gmt":"2014-09-18T11:39:08","guid":{"rendered":"http:\/\/agora.xtec.cat\/ceefolchicamarasa\/?page_id=64"},"modified":"2024-07-02T09:55:27","modified_gmt":"2024-07-02T07:55:27","slug":"projecte-educatiu-2","status":"publish","type":"page","link":"https:\/\/agora.xtec.cat\/ceefolchicamarasa\/qui_som\/projecte-educatiu-2\/","title":{"rendered":"Projecte educatiu"},"content":{"rendered":"<p style=\"color: #444444; text-align: justify;\"><a href=\"https:\/\/agora.xtec.cat\/ceefolchicamarasa\/wp-content\/uploads\/usu347\/2024\/06\/pedres.png\"><img loading=\"lazy\" decoding=\"async\" class=\"wp-image-1174 aligncenter\" src=\"https:\/\/agora.xtec.cat\/ceefolchicamarasa\/wp-content\/uploads\/usu347\/2024\/06\/pedres.png\" alt=\"\" width=\"483\" height=\"324\" srcset=\"https:\/\/agora.xtec.cat\/ceefolchicamarasa\/wp-content\/uploads\/usu347\/2024\/06\/pedres.png 1048w, https:\/\/agora.xtec.cat\/ceefolchicamarasa\/wp-content\/uploads\/usu347\/2024\/06\/pedres-300x201.png 300w, https:\/\/agora.xtec.cat\/ceefolchicamarasa\/wp-content\/uploads\/usu347\/2024\/06\/pedres-1024x687.png 1024w, https:\/\/agora.xtec.cat\/ceefolchicamarasa\/wp-content\/uploads\/usu347\/2024\/06\/pedres-768x515.png 768w\" sizes=\"auto, (max-width: 483px) 100vw, 483px\" \/><\/a><\/p>\n<p><span style=\"font-weight: 400;\">El CEE \u201cFOLCH I CAMARASA\u201d \u00e9s una escola p\u00fablica <\/span><b>\u00fanica<\/b><span style=\"font-weight: 400;\"> per la seva especificitat: <\/span><b>atenci\u00f3 educativa a l\u2019alumnat amb discapacitat visual i TGD\/TEA, amb d\u2019altres discapacitats associades (auditiva- sordceguesa, cognitiva i\/o motriu).<\/b><\/p>\n<p><span style=\"font-weight: 400;\">Tot l\u2019alumnat del centre presenta greus trastorns d\u2019aprenentatge derivats de la seva gran dificultat de relaci\u00f3 i comunicaci\u00f3 amb l\u2019entorn. El viuen d\u2019una manera hostil i els costa d\u2019entendre, aix\u00f2 els provoca un rebuig i un tancament que els porta cap a comportaments cada cop m\u00e9s aut\u00edstics i psicotitzats que poden acabar desencadenant conductes disruptives, autolesives o heterolesives.<\/span><\/p>\n<p><span style=\"font-weight: 400;\">\u00c9s, per aquest motiu, que necessiten d\u2019una <\/span><b>atenci\u00f3 educativa espec\u00edfica,<\/b> <b>una intervenci\u00f3 especialitzada<\/b><span style=\"font-weight: 400;\"> i l\u2019\u00fas d\u2019unes estrat\u00e8gies pedag\u00f2giques adients per tal de potenciar el seu cam\u00ed cap al desenvolupament ajudant a regular els comportaments m\u00e9s aut\u00edstics.<\/span><\/p>\n<p><span style=\"font-weight: 400;\">La comprensi\u00f3 d\u2019aquestes greus dificultats de relacionar-se i d\u2019entendre el m\u00f3n que els envolta, va portar a l\u2019Administraci\u00f3 Educativa, l\u2019any 1984, a valorar la necessitat de crear un nou centre especialitzat que don\u00e9s resposta a infants que presentaven juntament un funcionament aut\u00edstic greu i una discapacitat visual amb d\u2019altres discapacitats associades, en el marc de la xarxa p\u00fablica, el CEE FOLCH I CAMARASA. <\/span><\/p>\n","protected":false},"excerpt":{"rendered":"<p><a href=\"https:\/\/agora.xtec.cat\/ceefolchicamarasa\/wp-content\/uploads\/usu347\/2024\/06\/pedres.png\"><\/a><br \/>\nEl CEE \u201cFOLCH I CAMARASA\u201d \u00e9s una escola p\u00fablica \u00fanica per la seva especificitat: atenci\u00f3 educativa a l\u2019alumnat amb discapacitat visual i TGD\/TEA, amb d\u2019altres discapacitats associades (auditiva- sordceguesa, cognitiva i\/o motriu).<br \/>\nTot l\u2019alumnat del centre presenta greus trastorns d\u2019aprenentatge derivats de la seva gran&hellip;  <a href=\"https:\/\/agora.xtec.cat\/ceefolchicamarasa\/qui_som\/projecte-educatiu-2\/\" title=\"Read Projecte educatiu\">Llegeix m\u00e9s\u00bb<\/a><\/p>\n","protected":false},"author":2,"featured_media":0,"parent":2,"menu_order":21,"comment_status":"closed","ping_status":"closed","template":"page-templates\/side-menu.php","meta":{"_bbp_topic_count":0,"_bbp_reply_count":0,"_bbp_total_topic_count":0,"_bbp_total_reply_count":0,"_bbp_voice_count":0,"_bbp_anonymous_reply_count":0,"_bbp_topic_count_hidden":0,"_bbp_reply_count_hidden":0,"_bbp_forum_subforum_count":0,"footnotes":""},"class_list":["post-64","page","type-page","status-publish","hentry"],"post_mailing_queue_ids":[],"_links":{"self":[{"href":"https:\/\/agora.xtec.cat\/ceefolchicamarasa\/wp-json\/wp\/v2\/pages\/64","targetHints":{"allow":["GET"]}}],"collection":[{"href":"https:\/\/agora.xtec.cat\/ceefolchicamarasa\/wp-json\/wp\/v2\/pages"}],"about":[{"href":"https:\/\/agora.xtec.cat\/ceefolchicamarasa\/wp-json\/wp\/v2\/types\/page"}],"author":[{"embeddable":true,"href":"https:\/\/agora.xtec.cat\/ceefolchicamarasa\/wp-json\/wp\/v2\/users\/2"}],"replies":[{"embeddable":true,"href":"https:\/\/agora.xtec.cat\/ceefolchicamarasa\/wp-json\/wp\/v2\/comments?post=64"}],"version-history":[{"count":5,"href":"https:\/\/agora.xtec.cat\/ceefolchicamarasa\/wp-json\/wp\/v2\/pages\/64\/revisions"}],"predecessor-version":[{"id":1219,"href":"https:\/\/agora.xtec.cat\/ceefolchicamarasa\/wp-json\/wp\/v2\/pages\/64\/revisions\/1219"}],"up":[{"embeddable":true,"href":"https:\/\/agora.xtec.cat\/ceefolchicamarasa\/wp-json\/wp\/v2\/pages\/2"}],"wp:attachment":[{"href":"https:\/\/agora.xtec.cat\/ceefolchicamarasa\/wp-json\/wp\/v2\/media?parent=64"}],"curies":[{"name":"wp","href":"https:\/\/api.w.org\/{rel}","templated":true}]}}

<p style="color: #444444; text-align: justify;"><a href="https://agora.xtec.cat/ceefolchicamarasa/wp-content/uploads/usu347/2024/06/pedres.png"><img loading="lazy" decoding="async" class="wp-image-1174 aligncenter" src="https://agora.xtec.cat/ceefolchicamarasa/wp-content/uploads/usu347/2024/06/pedres.png" alt="" width="483" height="324" srcset="https://agora.xtec.cat/ceefolchicamarasa/wp-content/uploads/usu347/2024/06/pedres.png 1048w, https://agora.xtec.cat/ceefolchicamarasa/wp-content/uploads/usu347/2024/06/pedres-300x201.png 300w, https://agora.xtec.cat/ceefolchicamarasa/wp-content/uploads/usu347/2024/06/pedres-1024x687.png 1024w, https://agora.xtec.cat/ceefolchicamarasa/wp-content/uploads/usu347/2024/06/pedres-768x515.png 768w" sizes="auto, (max-width: 483px) 100vw, 483px" /></a></p>
<p><span style="font-weight: 400;">El CEE “FOLCH I CAMARASA” és una escola pública </span><b>única</b><span style="font-weight: 400;"> per la seva especificitat: </span><b>atenció educativa a l’alumnat amb discapacitat visual i TGD/TEA, amb d’altres discapacitats associades (auditiva- sordceguesa, cognitiva i/o motriu).</b></p>
<p><span style="font-weight: 400;">Tot l’alumnat del centre presenta greus trastorns d’aprenentatge derivats de la seva gran dificultat de relació i comunicació amb l’entorn. El viuen d’una manera hostil i els costa d’entendre, això els provoca un rebuig i un tancament que els porta cap a comportaments cada cop més autístics i psicotitzats que poden acabar desencadenant conductes disruptives, autolesives o heterolesives.</span></p>
<p><span style="font-weight: 400;">És, per aquest motiu, que necessiten d’una </span><b>atenció educativa específica,</b> <b>una intervenció especialitzada</b><span style="font-weight: 400;"> i l’ús d’unes estratègies pedagògiques adients per tal de potenciar el seu camí cap al desenvolupament ajudant a regular els comportaments més autístics.</span></p>
<p><span style="font-weight: 400;">La comprensió d’aquestes greus dificultats de relacionar-se i d’entendre el món que els envolta, va portar a l’Administració Educativa, l’any 1984, a valorar la necessitat de crear un nou centre especialitzat que donés resposta a infants que presentaven juntament un funcionament autístic greu i una discapacitat visual amb d’altres discapacitats associades, en el marc de la xarxa pública, el CEE FOLCH I CAMARASA. </span></p>

<p><a href="https://agora.xtec.cat/ceefolchicamarasa/wp-content/uploads/usu347/2024/06/pedres.png"></a><br />
El CEE “FOLCH I CAMARASA” és una escola pública única per la seva especificitat: atenció educativa a l’alumnat amb discapacitat visual i TGD/TEA, amb d’altres discapacitats associades (auditiva- sordceguesa, cognitiva i/o motriu).<br />
Tot l’alumnat del centre presenta greus trastorns d’aprenentatge derivats de la seva gran&hellip;  <a href="https://agora.xtec.cat/ceefolchicamarasa/qui_som/projecte-educatiu-2/" title="Read Projecte educatiu">Llegeix més»</a></p>
