{"id":471,"date":"2015-05-24T16:41:00","date_gmt":"2015-05-24T15:41:00","guid":{"rendered":"http:\/\/agora.xtec.cat\/ceefolchicamarasa\/?page_id=471"},"modified":"2026-03-19T16:01:53","modified_gmt":"2026-03-19T15:01:53","slug":"menjador","status":"publish","type":"page","link":"https:\/\/agora.xtec.cat\/ceefolchicamarasa\/menjador\/","title":{"rendered":"MENJADOR"},"content":{"rendered":"<p style=\"text-align: justify;\">\n<p style=\"text-align: justify;\">Els mestres i educadors s\u00f3n els responsables del bon funcionament d\u2019aquest servei. L\u2019objectiu prioritari en l\u2019alimentaci\u00f3 \u00e9s que el nen\/a, a trav\u00e9s de la relaci\u00f3 creada amb l\u2019adult, arribi a sentir plaer pel menjar i pugui afirmar-se en la recerca de la seva autonomia personal.\u00a0 Aquesta \u00e9s l&#8217;argumentaci\u00f3 pedag\u00f2gica a partir de la qual es justifica que dins de l\u2019horari lectiu siguin els adults referencials qui acompanyen als alumnes en el fr\u00e0gil proc\u00e9s d\u2019alimentaci\u00f3 (tutores i educadores). L&#8217;horari de l&#8217;activitat s&#8217;inicia a les 13h i finalitza a les 14h, moment en el que comencen els h\u00e0bits d\u2019higiene i vestir-se.<\/p>\n<p style=\"text-align: justify;\">L&#8217;empresa encarregada del servei de cuina \u00e9s Alimentart, empresa especialitzada en centres d&#8217;educaci\u00f3 especial.<\/p>\n<p style=\"text-align: justify;\">L&#8217;escola compte amb cuina pr\u00f2pia permetent elaborar i preparar el menjar cada dia. La cuinera adapta els men\u00fas a les necessitats de l&#8217;alumnat: intol\u00e8rancies, al\u00b7l\u00e8rgies, tipus de degluci\u00f3&#8230;<\/p>\n<p style=\"text-align: justify;\">\n","protected":false},"excerpt":{"rendered":"<p>Els mestres i educadors s\u00f3n els responsables del bon funcionament d\u2019aquest servei. L\u2019objectiu prioritari en l\u2019alimentaci\u00f3 \u00e9s que el nen\/a, a trav\u00e9s de la relaci\u00f3 creada amb l\u2019adult, arribi a sentir plaer pel menjar i pugui afirmar-se en la recerca de la seva autonomia personal.\u00a0&hellip;  <a href=\"https:\/\/agora.xtec.cat\/ceefolchicamarasa\/menjador\/\" title=\"Read MENJADOR\">Llegeix m\u00e9s\u00bb<\/a><\/p>\n","protected":false},"author":3,"featured_media":0,"parent":0,"menu_order":0,"comment_status":"closed","ping_status":"closed","template":"page-templates\/side-menu.php","meta":{"_bbp_topic_count":0,"_bbp_reply_count":0,"_bbp_total_topic_count":0,"_bbp_total_reply_count":0,"_bbp_voice_count":0,"_bbp_anonymous_reply_count":0,"_bbp_topic_count_hidden":0,"_bbp_reply_count_hidden":0,"_bbp_forum_subforum_count":0,"footnotes":""},"class_list":["post-471","page","type-page","status-publish","hentry"],"post_mailing_queue_ids":[],"_links":{"self":[{"href":"https:\/\/agora.xtec.cat\/ceefolchicamarasa\/wp-json\/wp\/v2\/pages\/471","targetHints":{"allow":["GET"]}}],"collection":[{"href":"https:\/\/agora.xtec.cat\/ceefolchicamarasa\/wp-json\/wp\/v2\/pages"}],"about":[{"href":"https:\/\/agora.xtec.cat\/ceefolchicamarasa\/wp-json\/wp\/v2\/types\/page"}],"author":[{"embeddable":true,"href":"https:\/\/agora.xtec.cat\/ceefolchicamarasa\/wp-json\/wp\/v2\/users\/3"}],"replies":[{"embeddable":true,"href":"https:\/\/agora.xtec.cat\/ceefolchicamarasa\/wp-json\/wp\/v2\/comments?post=471"}],"version-history":[{"count":5,"href":"https:\/\/agora.xtec.cat\/ceefolchicamarasa\/wp-json\/wp\/v2\/pages\/471\/revisions"}],"predecessor-version":[{"id":1341,"href":"https:\/\/agora.xtec.cat\/ceefolchicamarasa\/wp-json\/wp\/v2\/pages\/471\/revisions\/1341"}],"wp:attachment":[{"href":"https:\/\/agora.xtec.cat\/ceefolchicamarasa\/wp-json\/wp\/v2\/media?parent=471"}],"curies":[{"name":"wp","href":"https:\/\/api.w.org\/{rel}","templated":true}]}}

<p style="text-align: justify;">
<p style="text-align: justify;">Els mestres i educadors són els responsables del bon funcionament d’aquest servei. L’objectiu prioritari en l’alimentació és que el nen/a, a través de la relació creada amb l’adult, arribi a sentir plaer pel menjar i pugui afirmar-se en la recerca de la seva autonomia personal.  Aquesta és l&#8217;argumentació pedagògica a partir de la qual es justifica que dins de l’horari lectiu siguin els adults referencials qui acompanyen als alumnes en el fràgil procés d’alimentació (tutores i educadores). L&#8217;horari de l&#8217;activitat s&#8217;inicia a les 13h i finalitza a les 14h, moment en el que comencen els hàbits d’higiene i vestir-se.</p>
<p style="text-align: justify;">L&#8217;empresa encarregada del servei de cuina és Alimentart, empresa especialitzada en centres d&#8217;educació especial.</p>
<p style="text-align: justify;">L&#8217;escola compte amb cuina pròpia permetent elaborar i preparar el menjar cada dia. La cuinera adapta els menús a les necessitats de l&#8217;alumnat: intolèrancies, al·lèrgies, tipus de deglució&#8230;</p>
<p style="text-align: justify;">

<p>Els mestres i educadors són els responsables del bon funcionament d’aquest servei. L’objectiu prioritari en l’alimentació és que el nen/a, a través de la relació creada amb l’adult, arribi a sentir plaer pel menjar i pugui afirmar-se en la recerca de la seva autonomia personal. &hellip;  <a href="https://agora.xtec.cat/ceefolchicamarasa/menjador/" title="Read MENJADOR">Llegeix més»</a></p>
