{"id":453,"date":"2015-05-19T11:23:52","date_gmt":"2015-05-19T10:23:52","guid":{"rendered":"http:\/\/agora.xtec.cat\/ceefolchicamarasa\/?page_id=453"},"modified":"2016-01-15T12:51:50","modified_gmt":"2016-01-15T11:51:50","slug":"ampa","status":"publish","type":"page","link":"https:\/\/agora.xtec.cat\/ceefolchicamarasa\/ampa\/","title":{"rendered":"AMPA"},"content":{"rendered":"<p><em>Hola a tots!<\/em><\/p>\n<p><em>Em fa especial il\u00b7lusi\u00f3 encetar aquest espai que l&#8217;Escola ha posat a la nostra disposici\u00f3 per poder estar informats de tot all\u00f2 que pugui ser interessant pels nostres fills i un punt de trobada per a tots nosaltres.<\/em><\/p>\n<p><em>Des d&#8217;aqu\u00ed volem fer-vos arribar propostes de lleure, d&#8217;aprenentatge, de formaci\u00f3. Tamb\u00e9 de les reunions que organitzi l&#8217;AMPA i dels tallers que es portin a terme. Qualsevol sugger\u00e8ncia ser\u00e0 benvinguda, ja sigui per afegir alguna activitat que proposeu o alguna not\u00edcia interessant que volgueu fer-ne difusi\u00f3.<\/em><\/p>\n<p><em>Ens agradaria molt que de tant en tant hi f\u00e9ssiu un cop d&#8217;ull i que sobretot, us sigui d&#8217;utilitat. Em comprometo, a avisar-vos per whatsapp quan hi hagi alguna novetat per si la voleu consultar.<\/em><\/p>\n<p>Nat\u00e0lia Tintor\u00e9<\/p>\n<p>&nbsp;<\/p>\n<p><iframe loading=\"lazy\" title=\"Qu\u00e8 \u00e9s la Magic Line?\" width=\"500\" height=\"281\" src=\"https:\/\/www.youtube.com\/embed\/VUGnAk19WaE?feature=oembed\" frameborder=\"0\" allow=\"accelerometer; autoplay; clipboard-write; encrypted-media; gyroscope; picture-in-picture; web-share\" referrerpolicy=\"strict-origin-when-cross-origin\" allowfullscreen><\/iframe><\/p>\n<p>Com a primera activitat important, proposem un repte: <strong>Participar a la Barcelona Magic Line 2016 formant un equip d&#8217;escola: <span style=\"text-decoration: underline;\">EL FOLKY<\/span>.<\/strong><\/p>\n<p>Pels que no ho conegueu, es tracta d&#8217;una cursa solid\u00e0ria organitzada per Sant Joan de D\u00e9u i dirigida als col\u00b7lectius m\u00e9s vulnerables (entre d&#8217;altres, els nostres nens). Hi ha diversos recorreguts per\u00f2 hi ha una caminada de 10 km molt assolible i adaptada que \u00e9s ideal per a nosaltres. L&#8217;any passat vaig participar amb un grup d&#8217;amics i \u00e9s aquesta fant\u00e0stica experi\u00e8ncia el que em va fer pensar que aquesta edici\u00f3 podr\u00edem fer-la junts: nens, pares i mestres.<\/p>\n<p>Es tracta d&#8217;inscriure&#8217;ns com a equip, marcar-nos un repte econ\u00f2mic solidari i assolir la meta! La inscripci\u00f3 costa 30 \u20ac per equip, siguem els que siguem i nosaltres mateixos ens marquem els diners que pensem recollir. L&#8217;organitzaci\u00f3 posa a la nostra disposici\u00f3, cedint-lo sense cap cost, material per vendre i donant-nos idees per organitzar alguna activitat per tal de recollir-ne m\u00e9s. De tota manera, no cal posar-nos grans reptes, depenent dels que siguem podem proposar recollir 200 euros, per exemple.<\/p>\n<p>B\u00e9, ara el m\u00e9s important \u00e9s saber qui vol participar. Us asseguro que l&#8217;any passat ens ho vam passar molt i molt b\u00e9, la Bruna va gaudir molt del dia i l&#8217;ambient solidari \u00e9s tan gran i sorprenent que un es sent molt orgull\u00f3s de participar-hi.<\/p>\n<p>Els que hi estigueu interessats, si us plau, envieu-me r\u00e0pidament un email amb les vostres dades, nom complert, dni, tel\u00e8fon m\u00f2bil i correu electr\u00f2nic a la seg\u00fcent adre\u00e7a: nataliatintore@gmail.com.<\/p>\n<p>Aix\u00f2 s\u00ed, us demanaria comprom\u00eds per part vostra i solidaritat col\u00b7lectiva, d&#8217;encomanar-vos il\u00b7lusi\u00f3 i entusiasme ja me n&#8217;ocupo jo \ud83d\ude09<\/p>\n<p>Fins ben aviat!<\/p>\n<p>&nbsp;<\/p>\n<p>&nbsp;<\/p>\n<p>&nbsp;<\/p>\n","protected":false},"excerpt":{"rendered":"<p>Hola a tots!<br \/>\nEm fa especial il\u00b7lusi\u00f3 encetar aquest espai que l&#8217;Escola ha posat a la nostra disposici\u00f3 per poder estar informats de tot all\u00f2 que pugui ser interessant pels nostres fills i un punt de trobada per a tots nosaltres.<br \/>\nDes d&#8217;aqu\u00ed volem fer-vos arribar propostes&hellip;  <a href=\"https:\/\/agora.xtec.cat\/ceefolchicamarasa\/ampa\/\" title=\"Read AMPA\">Llegeix m\u00e9s\u00bb<\/a><\/p>\n","protected":false},"author":1,"featured_media":0,"parent":0,"menu_order":0,"comment_status":"closed","ping_status":"closed","template":"page-templates\/side-menu.php","meta":{"_bbp_topic_count":0,"_bbp_reply_count":0,"_bbp_total_topic_count":0,"_bbp_total_reply_count":0,"_bbp_voice_count":0,"_bbp_anonymous_reply_count":0,"_bbp_topic_count_hidden":0,"_bbp_reply_count_hidden":0,"_bbp_forum_subforum_count":0,"footnotes":""},"class_list":["post-453","page","type-page","status-publish","hentry"],"post_mailing_queue_ids":[],"_links":{"self":[{"href":"https:\/\/agora.xtec.cat\/ceefolchicamarasa\/wp-json\/wp\/v2\/pages\/453","targetHints":{"allow":["GET"]}}],"collection":[{"href":"https:\/\/agora.xtec.cat\/ceefolchicamarasa\/wp-json\/wp\/v2\/pages"}],"about":[{"href":"https:\/\/agora.xtec.cat\/ceefolchicamarasa\/wp-json\/wp\/v2\/types\/page"}],"author":[{"embeddable":true,"href":"https:\/\/agora.xtec.cat\/ceefolchicamarasa\/wp-json\/wp\/v2\/users\/1"}],"replies":[{"embeddable":true,"href":"https:\/\/agora.xtec.cat\/ceefolchicamarasa\/wp-json\/wp\/v2\/comments?post=453"}],"version-history":[{"count":3,"href":"https:\/\/agora.xtec.cat\/ceefolchicamarasa\/wp-json\/wp\/v2\/pages\/453\/revisions"}],"predecessor-version":[{"id":644,"href":"https:\/\/agora.xtec.cat\/ceefolchicamarasa\/wp-json\/wp\/v2\/pages\/453\/revisions\/644"}],"wp:attachment":[{"href":"https:\/\/agora.xtec.cat\/ceefolchicamarasa\/wp-json\/wp\/v2\/media?parent=453"}],"curies":[{"name":"wp","href":"https:\/\/api.w.org\/{rel}","templated":true}]}}

<p><em>Hola a tots!</em></p>
<p><em>Em fa especial il·lusió encetar aquest espai que l&#8217;Escola ha posat a la nostra disposició per poder estar informats de tot allò que pugui ser interessant pels nostres fills i un punt de trobada per a tots nosaltres.</em></p>
<p><em>Des d&#8217;aquí volem fer-vos arribar propostes de lleure, d&#8217;aprenentatge, de formació. També de les reunions que organitzi l&#8217;AMPA i dels tallers que es portin a terme. Qualsevol suggerència serà benvinguda, ja sigui per afegir alguna activitat que proposeu o alguna notícia interessant que volgueu fer-ne difusió.</em></p>
<p><em>Ens agradaria molt que de tant en tant hi féssiu un cop d&#8217;ull i que sobretot, us sigui d&#8217;utilitat. Em comprometo, a avisar-vos per whatsapp quan hi hagi alguna novetat per si la voleu consultar.</em></p>
<p>Natàlia Tintoré</p>
<p>&nbsp;</p>
<p><iframe loading="lazy" title="Què és la Magic Line?" width="500" height="281" src="https://www.youtube.com/embed/VUGnAk19WaE?feature=oembed" frameborder="0" allow="accelerometer; autoplay; clipboard-write; encrypted-media; gyroscope; picture-in-picture; web-share" referrerpolicy="strict-origin-when-cross-origin" allowfullscreen></iframe></p>
<p>Com a primera activitat important, proposem un repte: <strong>Participar a la Barcelona Magic Line 2016 formant un equip d&#8217;escola: <span style="text-decoration: underline;">EL FOLKY</span>.</strong></p>
<p>Pels que no ho conegueu, es tracta d&#8217;una cursa solidària organitzada per Sant Joan de Déu i dirigida als col·lectius més vulnerables (entre d&#8217;altres, els nostres nens). Hi ha diversos recorreguts però hi ha una caminada de 10 km molt assolible i adaptada que és ideal per a nosaltres. L&#8217;any passat vaig participar amb un grup d&#8217;amics i és aquesta fantàstica experiència el que em va fer pensar que aquesta edició podríem fer-la junts: nens, pares i mestres.</p>
<p>Es tracta d&#8217;inscriure&#8217;ns com a equip, marcar-nos un repte econòmic solidari i assolir la meta! La inscripció costa 30 € per equip, siguem els que siguem i nosaltres mateixos ens marquem els diners que pensem recollir. L&#8217;organització posa a la nostra disposició, cedint-lo sense cap cost, material per vendre i donant-nos idees per organitzar alguna activitat per tal de recollir-ne més. De tota manera, no cal posar-nos grans reptes, depenent dels que siguem podem proposar recollir 200 euros, per exemple.</p>
<p>Bé, ara el més important és saber qui vol participar. Us asseguro que l&#8217;any passat ens ho vam passar molt i molt bé, la Bruna va gaudir molt del dia i l&#8217;ambient solidari és tan gran i sorprenent que un es sent molt orgullós de participar-hi.</p>
<p>Els que hi estigueu interessats, si us plau, envieu-me ràpidament un email amb les vostres dades, nom complert, dni, telèfon mòbil i correu electrònic a la següent adreça: nataliatintore@gmail.com.</p>
<p>Això sí, us demanaria compromís per part vostra i solidaritat col·lectiva, d&#8217;encomanar-vos il·lusió i entusiasme ja me n&#8217;ocupo jo 😉</p>
<p>Fins ben aviat!</p>
<p>&nbsp;</p>
<p>&nbsp;</p>
<p>&nbsp;</p>

<p>Hola a tots!<br />
Em fa especial il·lusió encetar aquest espai que l&#8217;Escola ha posat a la nostra disposició per poder estar informats de tot allò que pugui ser interessant pels nostres fills i un punt de trobada per a tots nosaltres.<br />
Des d&#8217;aquí volem fer-vos arribar propostes&hellip;  <a href="https://agora.xtec.cat/ceefolchicamarasa/ampa/" title="Read AMPA">Llegeix més»</a></p>
