{"id":28,"date":"2014-09-18T12:29:35","date_gmt":"2014-09-18T12:29:35","guid":{"rendered":"http:\/\/agora.xtec.cat\/ceefolchicamarasa\/?page_id=28"},"modified":"2026-03-19T16:02:59","modified_gmt":"2026-03-19T15:02:59","slug":"alumnat","status":"publish","type":"page","link":"https:\/\/agora.xtec.cat\/ceefolchicamarasa\/qui_som\/alumnat\/","title":{"rendered":"Alumnat"},"content":{"rendered":"<p><span style=\"font-weight: 400;\">L\u2019alumnat del centre presenta un funcionament aut\u00edstic greu amb comorbiditat d\u2019altres situacions (discapacitat visual, auditiva, sordceguesa, trastorns motors greus, malalties minorit\u00e0ries i pluridiscapacitat (causada per s\u00edndromes, trastorns gen\u00e8tics, prematuritats,&#8230;).<\/span><\/p>\n<p><span style=\"font-weight: 400;\">Majorit\u00e0riament,<\/span><b> l\u2019edat de l\u2019alumnat<\/b><span style=\"font-weight: 400;\">, es situa entre els 3 i els 16 anys, amb la possibilitat d\u2019una pr\u00f2rroga de l\u2019escolaritzaci\u00f3 fins als 21.\u00a0<\/span><\/p>\n<p><span style=\"font-weight: 400;\">Com a necessitats espec\u00edfiques, derivades del funcionament TEA amb comorbiditat amb d\u2019altres discapacitats, es presenten situacions comunes en la majoria de l\u2019alumnat del centre:<\/span><\/p>\n<ul>\n<li style=\"font-weight: 400;\" aria-level=\"1\"><b>Situaci\u00f3 d\u2019a\u00efllament<\/b><span style=\"font-weight: 400;\"> respecte a l\u2019entorn.<\/span><\/li>\n<li style=\"font-weight: 400;\" aria-level=\"1\"><b>Patiment o indiferenciaci\u00f3 en el proc\u00e9s de separaci\u00f3<\/b><span style=\"font-weight: 400;\"> (de l\u2019adult referencial).<\/span><\/li>\n<li style=\"font-weight: 400;\" aria-level=\"1\"><b>Dificultat per con\u00e8ixer i integrar la concepci\u00f3 de l\u2019espai m\u00e9s proper i referencial.\u00a0<\/b><\/li>\n<li style=\"font-weight: 400;\" aria-level=\"1\"><b>Dificultat de construcci\u00f3 d\u2019imatges mentals<\/b><span style=\"font-weight: 400;\">.<\/span><\/li>\n<\/ul>\n<p style=\"text-align: justify;\"><span style=\"font-weight: 400;\">La l\u00ednia d\u2019intervenci\u00f3 pedag\u00f2gica del centre parteix d\u2019una <\/span><b>atenci\u00f3 individualitzada i espec\u00edfica<\/b><span style=\"font-weight: 400;\"> que fomenta el treball de diferenciaci\u00f3, construcci\u00f3 del \u201cjo\u201d, comunicaci\u00f3, autonomia i relaci\u00f3, i que \u00e9s determinant per l\u2019assoliment dels objectius pedag\u00f2gics de cadascun dels infants. <\/span><\/p>\n","protected":false},"excerpt":{"rendered":"<p>L\u2019alumnat del centre presenta un funcionament aut\u00edstic greu amb comorbiditat d\u2019altres situacions (discapacitat visual, auditiva, sordceguesa, trastorns motors greus, malalties minorit\u00e0ries i pluridiscapacitat (causada per s\u00edndromes, trastorns gen\u00e8tics, prematuritats,&#8230;).<br \/>\nMajorit\u00e0riament, l\u2019edat de l\u2019alumnat, es situa entre els 3 i els 16 anys, amb la possibilitat d\u2019una&hellip;  <a href=\"https:\/\/agora.xtec.cat\/ceefolchicamarasa\/qui_som\/alumnat\/\" title=\"Read Alumnat\">Llegeix m\u00e9s\u00bb<\/a><\/p>\n","protected":false},"author":2,"featured_media":0,"parent":2,"menu_order":23,"comment_status":"closed","ping_status":"closed","template":"page-templates\/side-menu.php","meta":{"_bbp_topic_count":0,"_bbp_reply_count":0,"_bbp_total_topic_count":0,"_bbp_total_reply_count":0,"_bbp_voice_count":0,"_bbp_anonymous_reply_count":0,"_bbp_topic_count_hidden":0,"_bbp_reply_count_hidden":0,"_bbp_forum_subforum_count":0,"footnotes":""},"class_list":["post-28","page","type-page","status-publish","hentry"],"post_mailing_queue_ids":[],"_links":{"self":[{"href":"https:\/\/agora.xtec.cat\/ceefolchicamarasa\/wp-json\/wp\/v2\/pages\/28","targetHints":{"allow":["GET"]}}],"collection":[{"href":"https:\/\/agora.xtec.cat\/ceefolchicamarasa\/wp-json\/wp\/v2\/pages"}],"about":[{"href":"https:\/\/agora.xtec.cat\/ceefolchicamarasa\/wp-json\/wp\/v2\/types\/page"}],"author":[{"embeddable":true,"href":"https:\/\/agora.xtec.cat\/ceefolchicamarasa\/wp-json\/wp\/v2\/users\/2"}],"replies":[{"embeddable":true,"href":"https:\/\/agora.xtec.cat\/ceefolchicamarasa\/wp-json\/wp\/v2\/comments?post=28"}],"version-history":[{"count":7,"href":"https:\/\/agora.xtec.cat\/ceefolchicamarasa\/wp-json\/wp\/v2\/pages\/28\/revisions"}],"predecessor-version":[{"id":1342,"href":"https:\/\/agora.xtec.cat\/ceefolchicamarasa\/wp-json\/wp\/v2\/pages\/28\/revisions\/1342"}],"up":[{"embeddable":true,"href":"https:\/\/agora.xtec.cat\/ceefolchicamarasa\/wp-json\/wp\/v2\/pages\/2"}],"wp:attachment":[{"href":"https:\/\/agora.xtec.cat\/ceefolchicamarasa\/wp-json\/wp\/v2\/media?parent=28"}],"curies":[{"name":"wp","href":"https:\/\/api.w.org\/{rel}","templated":true}]}}

<p><span style="font-weight: 400;">L’alumnat del centre presenta un funcionament autístic greu amb comorbiditat d’altres situacions (discapacitat visual, auditiva, sordceguesa, trastorns motors greus, malalties minoritàries i pluridiscapacitat (causada per síndromes, trastorns genètics, prematuritats,&#8230;).</span></p>
<p><span style="font-weight: 400;">Majoritàriament,</span><b> l’edat de l’alumnat</b><span style="font-weight: 400;">, es situa entre els 3 i els 16 anys, amb la possibilitat d’una pròrroga de l’escolarització fins als 21. </span></p>
<p><span style="font-weight: 400;">Com a necessitats específiques, derivades del funcionament TEA amb comorbiditat amb d’altres discapacitats, es presenten situacions comunes en la majoria de l’alumnat del centre:</span></p>
<ul>
<li style="font-weight: 400;" aria-level="1"><b>Situació d’aïllament</b><span style="font-weight: 400;"> respecte a l’entorn.</span></li>
<li style="font-weight: 400;" aria-level="1"><b>Patiment o indiferenciació en el procés de separació</b><span style="font-weight: 400;"> (de l’adult referencial).</span></li>
<li style="font-weight: 400;" aria-level="1"><b>Dificultat per conèixer i integrar la concepció de l’espai més proper i referencial. </b></li>
<li style="font-weight: 400;" aria-level="1"><b>Dificultat de construcció d’imatges mentals</b><span style="font-weight: 400;">.</span></li>
</ul>
<p style="text-align: justify;"><span style="font-weight: 400;">La línia d’intervenció pedagògica del centre parteix d’una </span><b>atenció individualitzada i específica</b><span style="font-weight: 400;"> que fomenta el treball de diferenciació, construcció del “jo”, comunicació, autonomia i relació, i que és determinant per l’assoliment dels objectius pedagògics de cadascun dels infants. </span></p>

<p>L’alumnat del centre presenta un funcionament autístic greu amb comorbiditat d’altres situacions (discapacitat visual, auditiva, sordceguesa, trastorns motors greus, malalties minoritàries i pluridiscapacitat (causada per síndromes, trastorns genètics, prematuritats,&#8230;).<br />
Majoritàriament, l’edat de l’alumnat, es situa entre els 3 i els 16 anys, amb la possibilitat d’una&hellip;  <a href="https://agora.xtec.cat/ceefolchicamarasa/qui_som/alumnat/" title="Read Alumnat">Llegeix més»</a></p>
