{"id":264,"date":"2015-04-24T13:17:16","date_gmt":"2015-04-24T12:17:16","guid":{"rendered":"http:\/\/agora.xtec.cat\/ceefolchicamarasa\/?page_id=264"},"modified":"2025-05-15T15:52:49","modified_gmt":"2025-05-15T13:52:49","slug":"entorns-de-treball","status":"publish","type":"page","link":"https:\/\/agora.xtec.cat\/ceefolchicamarasa\/que-fem\/entorns-de-treball\/","title":{"rendered":"Entorns de treball"},"content":{"rendered":"<p style=\"text-align: justify;\">Els entorns de treball s\u00f3n el marc de la PROGRAMACI\u00d3, punt de partida a partir dels quals es programen els objectius que guiaran la intervenci\u00f3 amb cada alumne. Les activitats dels entorns de treball s\u2019estructuren al voltant d\u2019uns eixos b\u00e0sics d\u2019intervenci\u00f3 que alhora formen part dels <strong>programes d\u2019intervenci\u00f3 espec\u00edfics<\/strong>, i \u00e9s el tutor qui vetlla per a que tots els professionals que treballen amb l&#8217;alumne ho facin amb coher\u00e8ncia, atenent a la seva GLOBALITAT. Els ENTORNS DE TREBALL s\u00f3n:<\/p>\n<p><a href=\"https:\/\/agora.xtec.cat\/ceefolchicamarasa\/wp-content\/uploads\/usu347\/2024\/07\/Entorns.png\"><img loading=\"lazy\" decoding=\"async\" class=\" wp-image-1201 aligncenter\" src=\"https:\/\/agora.xtec.cat\/ceefolchicamarasa\/wp-content\/uploads\/usu347\/2024\/07\/Entorns.png\" alt=\"\" width=\"527\" height=\"378\" srcset=\"https:\/\/agora.xtec.cat\/ceefolchicamarasa\/wp-content\/uploads\/usu347\/2024\/07\/Entorns.png 543w, https:\/\/agora.xtec.cat\/ceefolchicamarasa\/wp-content\/uploads\/usu347\/2024\/07\/Entorns-300x215.png 300w\" sizes=\"auto, (max-width: 527px) 100vw, 527px\" \/><\/a><\/p>\n","protected":false},"excerpt":{"rendered":"<p>Els entorns de treball s\u00f3n el marc de la PROGRAMACI\u00d3, punt de partida a partir dels quals es programen els objectius que guiaran la intervenci\u00f3 amb cada alumne. Les activitats dels entorns de treball s\u2019estructuren al voltant d\u2019uns eixos b\u00e0sics d\u2019intervenci\u00f3 que alhora formen part&hellip;  <a href=\"https:\/\/agora.xtec.cat\/ceefolchicamarasa\/que-fem\/entorns-de-treball\/\" title=\"Read Entorns de treball\">Llegeix m\u00e9s\u00bb<\/a><\/p>\n","protected":false},"author":1,"featured_media":0,"parent":256,"menu_order":0,"comment_status":"closed","ping_status":"closed","template":"page-templates\/side-menu.php","meta":{"_bbp_topic_count":0,"_bbp_reply_count":0,"_bbp_total_topic_count":0,"_bbp_total_reply_count":0,"_bbp_voice_count":0,"_bbp_anonymous_reply_count":0,"_bbp_topic_count_hidden":0,"_bbp_reply_count_hidden":0,"_bbp_forum_subforum_count":0,"footnotes":""},"class_list":["post-264","page","type-page","status-publish","hentry"],"post_mailing_queue_ids":[],"_links":{"self":[{"href":"https:\/\/agora.xtec.cat\/ceefolchicamarasa\/wp-json\/wp\/v2\/pages\/264","targetHints":{"allow":["GET"]}}],"collection":[{"href":"https:\/\/agora.xtec.cat\/ceefolchicamarasa\/wp-json\/wp\/v2\/pages"}],"about":[{"href":"https:\/\/agora.xtec.cat\/ceefolchicamarasa\/wp-json\/wp\/v2\/types\/page"}],"author":[{"embeddable":true,"href":"https:\/\/agora.xtec.cat\/ceefolchicamarasa\/wp-json\/wp\/v2\/users\/1"}],"replies":[{"embeddable":true,"href":"https:\/\/agora.xtec.cat\/ceefolchicamarasa\/wp-json\/wp\/v2\/comments?post=264"}],"version-history":[{"count":6,"href":"https:\/\/agora.xtec.cat\/ceefolchicamarasa\/wp-json\/wp\/v2\/pages\/264\/revisions"}],"predecessor-version":[{"id":1291,"href":"https:\/\/agora.xtec.cat\/ceefolchicamarasa\/wp-json\/wp\/v2\/pages\/264\/revisions\/1291"}],"up":[{"embeddable":true,"href":"https:\/\/agora.xtec.cat\/ceefolchicamarasa\/wp-json\/wp\/v2\/pages\/256"}],"wp:attachment":[{"href":"https:\/\/agora.xtec.cat\/ceefolchicamarasa\/wp-json\/wp\/v2\/media?parent=264"}],"curies":[{"name":"wp","href":"https:\/\/api.w.org\/{rel}","templated":true}]}}

<p style="text-align: justify;">Els entorns de treball són el marc de la PROGRAMACIÓ, punt de partida a partir dels quals es programen els objectius que guiaran la intervenció amb cada alumne. Les activitats dels entorns de treball s’estructuren al voltant d’uns eixos bàsics d’intervenció que alhora formen part dels <strong>programes d’intervenció específics</strong>, i és el tutor qui vetlla per a que tots els professionals que treballen amb l&#8217;alumne ho facin amb coherència, atenent a la seva GLOBALITAT. Els ENTORNS DE TREBALL són:</p>
<p><a href="https://agora.xtec.cat/ceefolchicamarasa/wp-content/uploads/usu347/2024/07/Entorns.png"><img loading="lazy" decoding="async" class=" wp-image-1201 aligncenter" src="https://agora.xtec.cat/ceefolchicamarasa/wp-content/uploads/usu347/2024/07/Entorns.png" alt="" width="527" height="378" srcset="https://agora.xtec.cat/ceefolchicamarasa/wp-content/uploads/usu347/2024/07/Entorns.png 543w, https://agora.xtec.cat/ceefolchicamarasa/wp-content/uploads/usu347/2024/07/Entorns-300x215.png 300w" sizes="auto, (max-width: 527px) 100vw, 527px" /></a></p>

<p>Els entorns de treball són el marc de la PROGRAMACIÓ, punt de partida a partir dels quals es programen els objectius que guiaran la intervenció amb cada alumne. Les activitats dels entorns de treball s’estructuren al voltant d’uns eixos bàsics d’intervenció que alhora formen part&hellip;  <a href="https://agora.xtec.cat/ceefolchicamarasa/que-fem/entorns-de-treball/" title="Read Entorns de treball">Llegeix més»</a></p>
