{"id":249,"date":"2015-04-23T11:30:19","date_gmt":"2015-04-23T09:30:19","guid":{"rendered":"http:\/\/agora.xtec.cat\/ceefolchicamarasa\/?page_id=249"},"modified":"2024-07-02T09:39:31","modified_gmt":"2024-07-02T07:39:31","slug":"edifici-singular","status":"publish","type":"page","link":"https:\/\/agora.xtec.cat\/ceefolchicamarasa\/qui_som\/edifici-singular\/","title":{"rendered":"Edifici singular"},"content":{"rendered":"<p style=\"text-align: justify;\">L\u2019edifici on est\u00e0 ubicada l\u2019escola es va remodelar i reconstruir pr\u00e0cticament del tot, amb la participaci\u00f3 de les professionals del centre en col\u00b7laboraci\u00f3\u00a0 amb els arquitectes\u00a0i amb l\u2019aplicaci\u00f3 del \u201cPrograma de mobilitat\u201d per l\u2019adaptaci\u00f3 de l\u2019espai, sobretot en el disseny de l\u2019interior i en la introducci\u00f3 de millores i adaptacions que tinguessin en compte les necessitats dels nens i nenes que acull. Es va dissenyar per un col\u00b7lectiu d\u2019uns 20 a 24 alumnes.<\/p>\n<p><a href=\"https:\/\/agora.xtec.cat\/ceefolchicamarasa\/wp-content\/uploads\/usu347\/2024\/06\/Captura-de-pantalla-2024-06-26-142313-2.png\"><img loading=\"lazy\" decoding=\"async\" class=\"wp-image-1171 aligncenter\" src=\"https:\/\/agora.xtec.cat\/ceefolchicamarasa\/wp-content\/uploads\/usu347\/2024\/06\/Captura-de-pantalla-2024-06-26-142313-2.png\" alt=\"\" width=\"471\" height=\"353\" srcset=\"https:\/\/agora.xtec.cat\/ceefolchicamarasa\/wp-content\/uploads\/usu347\/2024\/06\/Captura-de-pantalla-2024-06-26-142313-2.png 1086w, https:\/\/agora.xtec.cat\/ceefolchicamarasa\/wp-content\/uploads\/usu347\/2024\/06\/Captura-de-pantalla-2024-06-26-142313-2-300x225.png 300w, https:\/\/agora.xtec.cat\/ceefolchicamarasa\/wp-content\/uploads\/usu347\/2024\/06\/Captura-de-pantalla-2024-06-26-142313-2-1024x768.png 1024w, https:\/\/agora.xtec.cat\/ceefolchicamarasa\/wp-content\/uploads\/usu347\/2024\/06\/Captura-de-pantalla-2024-06-26-142313-2-768x576.png 768w, https:\/\/agora.xtec.cat\/ceefolchicamarasa\/wp-content\/uploads\/usu347\/2024\/06\/Captura-de-pantalla-2024-06-26-142313-2-200x150.png 200w\" sizes=\"auto, (max-width: 471px) 100vw, 471px\" \/><\/a><\/p>\n<p style=\"text-align: justify;\">Tots els espais estan delimitats amb baranes de color groc (el color que \u00e9s m\u00e9s f\u00e0cil de discriminar per les persones amb baixa visi\u00f3) per afavorir l\u2019autonomia en el despla\u00e7ament dels nostres alumnes, aix\u00ed com ajudar-los a situar-se en cada un dels diferents espais.<\/p>\n<p><span style=\"color: #2795b6;\"><span style=\"text-align: justify;\"><a style=\"color: #2795b6; text-align: justify;\" href=\"https:\/\/agora.xtec.cat\/ceefolchicamarasa\/wp-content\/uploads\/usu347\/2024\/06\/referent.png\"><img loading=\"lazy\" decoding=\"async\" class=\"wp-image-1172 alignleft\" src=\"https:\/\/agora.xtec.cat\/ceefolchicamarasa\/wp-content\/uploads\/usu347\/2024\/06\/referent.png\" alt=\"\" width=\"101\" height=\"156\" srcset=\"https:\/\/agora.xtec.cat\/ceefolchicamarasa\/wp-content\/uploads\/usu347\/2024\/06\/referent.png 559w, https:\/\/agora.xtec.cat\/ceefolchicamarasa\/wp-content\/uploads\/usu347\/2024\/06\/referent-193x300.png 193w\" sizes=\"auto, (max-width: 101px) 100vw, 101px\" \/><\/a><\/span><\/span><\/p>\n<p>Cada espai o aula t\u00e9 assignat un punt de refer\u00e8ncia, que <span style=\"font-weight: 400;\">est\u00e0 senyalitzat a banda i banda amb un punt referent. A la barana hi penja l&#8217;objecte real i, a cada banda de la porta, es col\u00b7loca tamb\u00e9 l\u2019objecte en fotografia, el pictograma i el nom en braille. El reconeixement dels punts de refer\u00e8ncia els d\u00f3na seguretat i els situa en l\u2019espai.<\/span><\/p>\n<p>L&#8217;escola disposa d&#8217;una aula d&#8217;estimulaci\u00f3 Multisensorial, una sala de Psicomotricitat i una aula per realitzar l&#8217;Estimulaci\u00f3 visual.<\/p>\n<p><span style=\"font-weight: 400;\">La distribuci\u00f3 del pati tamb\u00e9 est\u00e0 pensada per facilitar l\u2019autonomia de l\u2019alumnat en quan a mobilitat i orientaci\u00f3: cada joc t\u00e9 el seu referent penjat de la barana i els infants poden fer l\u2019aprenentatge del recorregut per anar-hi de la forma m\u00e9s aut\u00f2noma possible. Els jocs de pati estan adaptats per alumnes amb discapacitat visual, motriu, etc. Aix\u00ed mateix, comptem amb una zona destinada a l&#8217;activitat d&#8217;hipoter\u00e0pia, diverses taules d&#8217;hort i un jard\u00ed arom\u00e0tic.\u00a0<\/span><\/p>\n<p style=\"text-align: justify;\">\u00a0Cuidem de l&#8217;hort!!\u00a0<a href=\"http:\/\/blocs.xtec.cat\/blocs_formacio\/hortescolafolchicamarasa\/\">Visita el blog.<\/a><\/p>\n<p><a href=\"https:\/\/agora.xtec.cat\/ceefolchicamarasa\/wp-content\/uploads\/usu347\/2024\/06\/hort-2.png\"><img loading=\"lazy\" decoding=\"async\" class=\"wp-image-1173 aligncenter\" src=\"https:\/\/agora.xtec.cat\/ceefolchicamarasa\/wp-content\/uploads\/usu347\/2024\/06\/hort-2.png\" alt=\"\" width=\"409\" height=\"347\" srcset=\"https:\/\/agora.xtec.cat\/ceefolchicamarasa\/wp-content\/uploads\/usu347\/2024\/06\/hort-2.png 943w, https:\/\/agora.xtec.cat\/ceefolchicamarasa\/wp-content\/uploads\/usu347\/2024\/06\/hort-2-300x254.png 300w, https:\/\/agora.xtec.cat\/ceefolchicamarasa\/wp-content\/uploads\/usu347\/2024\/06\/hort-2-768x651.png 768w\" sizes=\"auto, (max-width: 409px) 100vw, 409px\" \/><\/a><\/p>\n<p style=\"text-align: justify;\">\n","protected":false},"excerpt":{"rendered":"<p>L\u2019edifici on est\u00e0 ubicada l\u2019escola es va remodelar i reconstruir pr\u00e0cticament del tot, amb la participaci\u00f3 de les professionals del centre en col\u00b7laboraci\u00f3\u00a0 amb els arquitectes\u00a0i amb l\u2019aplicaci\u00f3 del \u201cPrograma de mobilitat\u201d per l\u2019adaptaci\u00f3 de l\u2019espai, sobretot en el disseny de l\u2019interior i en la&hellip;  <a href=\"https:\/\/agora.xtec.cat\/ceefolchicamarasa\/qui_som\/edifici-singular\/\" title=\"Read Edifici singular\">Llegeix m\u00e9s\u00bb<\/a><\/p>\n","protected":false},"author":1,"featured_media":0,"parent":2,"menu_order":0,"comment_status":"closed","ping_status":"closed","template":"page-templates\/side-menu.php","meta":{"_bbp_topic_count":0,"_bbp_reply_count":0,"_bbp_total_topic_count":0,"_bbp_total_reply_count":0,"_bbp_voice_count":0,"_bbp_anonymous_reply_count":0,"_bbp_topic_count_hidden":0,"_bbp_reply_count_hidden":0,"_bbp_forum_subforum_count":0,"footnotes":""},"class_list":["post-249","page","type-page","status-publish","hentry"],"post_mailing_queue_ids":[],"_links":{"self":[{"href":"https:\/\/agora.xtec.cat\/ceefolchicamarasa\/wp-json\/wp\/v2\/pages\/249","targetHints":{"allow":["GET"]}}],"collection":[{"href":"https:\/\/agora.xtec.cat\/ceefolchicamarasa\/wp-json\/wp\/v2\/pages"}],"about":[{"href":"https:\/\/agora.xtec.cat\/ceefolchicamarasa\/wp-json\/wp\/v2\/types\/page"}],"author":[{"embeddable":true,"href":"https:\/\/agora.xtec.cat\/ceefolchicamarasa\/wp-json\/wp\/v2\/users\/1"}],"replies":[{"embeddable":true,"href":"https:\/\/agora.xtec.cat\/ceefolchicamarasa\/wp-json\/wp\/v2\/comments?post=249"}],"version-history":[{"count":6,"href":"https:\/\/agora.xtec.cat\/ceefolchicamarasa\/wp-json\/wp\/v2\/pages\/249\/revisions"}],"predecessor-version":[{"id":1216,"href":"https:\/\/agora.xtec.cat\/ceefolchicamarasa\/wp-json\/wp\/v2\/pages\/249\/revisions\/1216"}],"up":[{"embeddable":true,"href":"https:\/\/agora.xtec.cat\/ceefolchicamarasa\/wp-json\/wp\/v2\/pages\/2"}],"wp:attachment":[{"href":"https:\/\/agora.xtec.cat\/ceefolchicamarasa\/wp-json\/wp\/v2\/media?parent=249"}],"curies":[{"name":"wp","href":"https:\/\/api.w.org\/{rel}","templated":true}]}}

<p style="text-align: justify;">L’edifici on està ubicada l’escola es va remodelar i reconstruir pràcticament del tot, amb la participació de les professionals del centre en col·laboració  amb els arquitectes i amb l’aplicació del “Programa de mobilitat” per l’adaptació de l’espai, sobretot en el disseny de l’interior i en la introducció de millores i adaptacions que tinguessin en compte les necessitats dels nens i nenes que acull. Es va dissenyar per un col·lectiu d’uns 20 a 24 alumnes.</p>
<p><a href="https://agora.xtec.cat/ceefolchicamarasa/wp-content/uploads/usu347/2024/06/Captura-de-pantalla-2024-06-26-142313-2.png"><img loading="lazy" decoding="async" class="wp-image-1171 aligncenter" src="https://agora.xtec.cat/ceefolchicamarasa/wp-content/uploads/usu347/2024/06/Captura-de-pantalla-2024-06-26-142313-2.png" alt="" width="471" height="353" srcset="https://agora.xtec.cat/ceefolchicamarasa/wp-content/uploads/usu347/2024/06/Captura-de-pantalla-2024-06-26-142313-2.png 1086w, https://agora.xtec.cat/ceefolchicamarasa/wp-content/uploads/usu347/2024/06/Captura-de-pantalla-2024-06-26-142313-2-300x225.png 300w, https://agora.xtec.cat/ceefolchicamarasa/wp-content/uploads/usu347/2024/06/Captura-de-pantalla-2024-06-26-142313-2-1024x768.png 1024w, https://agora.xtec.cat/ceefolchicamarasa/wp-content/uploads/usu347/2024/06/Captura-de-pantalla-2024-06-26-142313-2-768x576.png 768w, https://agora.xtec.cat/ceefolchicamarasa/wp-content/uploads/usu347/2024/06/Captura-de-pantalla-2024-06-26-142313-2-200x150.png 200w" sizes="auto, (max-width: 471px) 100vw, 471px" /></a></p>
<p style="text-align: justify;">Tots els espais estan delimitats amb baranes de color groc (el color que és més fàcil de discriminar per les persones amb baixa visió) per afavorir l’autonomia en el desplaçament dels nostres alumnes, així com ajudar-los a situar-se en cada un dels diferents espais.</p>
<p><span style="color: #2795b6;"><span style="text-align: justify;"><a style="color: #2795b6; text-align: justify;" href="https://agora.xtec.cat/ceefolchicamarasa/wp-content/uploads/usu347/2024/06/referent.png"><img loading="lazy" decoding="async" class="wp-image-1172 alignleft" src="https://agora.xtec.cat/ceefolchicamarasa/wp-content/uploads/usu347/2024/06/referent.png" alt="" width="101" height="156" srcset="https://agora.xtec.cat/ceefolchicamarasa/wp-content/uploads/usu347/2024/06/referent.png 559w, https://agora.xtec.cat/ceefolchicamarasa/wp-content/uploads/usu347/2024/06/referent-193x300.png 193w" sizes="auto, (max-width: 101px) 100vw, 101px" /></a></span></span></p>
<p>Cada espai o aula té assignat un punt de referència, que <span style="font-weight: 400;">està senyalitzat a banda i banda amb un punt referent. A la barana hi penja l&#8217;objecte real i, a cada banda de la porta, es col·loca també l’objecte en fotografia, el pictograma i el nom en braille. El reconeixement dels punts de referència els dóna seguretat i els situa en l’espai.</span></p>
<p>L&#8217;escola disposa d&#8217;una aula d&#8217;estimulació Multisensorial, una sala de Psicomotricitat i una aula per realitzar l&#8217;Estimulació visual.</p>
<p><span style="font-weight: 400;">La distribució del pati també està pensada per facilitar l’autonomia de l’alumnat en quan a mobilitat i orientació: cada joc té el seu referent penjat de la barana i els infants poden fer l’aprenentatge del recorregut per anar-hi de la forma més autònoma possible. Els jocs de pati estan adaptats per alumnes amb discapacitat visual, motriu, etc. Així mateix, comptem amb una zona destinada a l&#8217;activitat d&#8217;hipoteràpia, diverses taules d&#8217;hort i un jardí aromàtic. </span></p>
<p style="text-align: justify;"> Cuidem de l&#8217;hort!! <a href="http://blocs.xtec.cat/blocs_formacio/hortescolafolchicamarasa/">Visita el blog.</a></p>
<p><a href="https://agora.xtec.cat/ceefolchicamarasa/wp-content/uploads/usu347/2024/06/hort-2.png"><img loading="lazy" decoding="async" class="wp-image-1173 aligncenter" src="https://agora.xtec.cat/ceefolchicamarasa/wp-content/uploads/usu347/2024/06/hort-2.png" alt="" width="409" height="347" srcset="https://agora.xtec.cat/ceefolchicamarasa/wp-content/uploads/usu347/2024/06/hort-2.png 943w, https://agora.xtec.cat/ceefolchicamarasa/wp-content/uploads/usu347/2024/06/hort-2-300x254.png 300w, https://agora.xtec.cat/ceefolchicamarasa/wp-content/uploads/usu347/2024/06/hort-2-768x651.png 768w" sizes="auto, (max-width: 409px) 100vw, 409px" /></a></p>
<p style="text-align: justify;">

<p>L’edifici on està ubicada l’escola es va remodelar i reconstruir pràcticament del tot, amb la participació de les professionals del centre en col·laboració  amb els arquitectes i amb l’aplicació del “Programa de mobilitat” per l’adaptació de l’espai, sobretot en el disseny de l’interior i en la&hellip;  <a href="https://agora.xtec.cat/ceefolchicamarasa/qui_som/edifici-singular/" title="Read Edifici singular">Llegeix més»</a></p>
