{"id":229,"date":"2015-04-22T13:21:20","date_gmt":"2015-04-22T12:21:20","guid":{"rendered":"http:\/\/agora.xtec.cat\/ceefolchicamarasa\/?page_id=229"},"modified":"2024-07-02T10:11:24","modified_gmt":"2024-07-02T08:11:24","slug":"professionals-externs","status":"publish","type":"page","link":"https:\/\/agora.xtec.cat\/ceefolchicamarasa\/qui_som\/organitzacio\/professionals-externs\/","title":{"rendered":"Professionals externs"},"content":{"rendered":"<p>A banda, comptem amb professionals externs que assisteixen peri\u00f2dicament al centre:<\/p>\n<ul style=\"list-style-type: square;\">\n<li><span style=\"text-decoration: underline;\">EAP (Equip d&#8217;assessorament psicopedag\u00f2gic)<\/span>: dos fisioterapeutes, una assistent social i una psicopedagoga.<\/li>\n<li><span style=\"text-decoration: underline;\">Programa PADIVA (DINCAT): <\/span>Ana Rodr\u00edguez \u00a0(psic\u00f2loga, atenci\u00f3 als infants, fam\u00edlies i assessorament als professionals).<\/li>\n<li><span style=\"text-decoration: underline;\">CREDV (Centre de recursos educatius per a infants amb discapacitat visual):<\/span>\u00a0Susana Vicente. Seguiment dels alumnes i assessoraments puntuals.<\/li>\n<li><span style=\"text-decoration: underline;\">SEEM<\/span>: assessoraments puntuals.<\/li>\n<li><span style=\"text-decoration: underline;\">CSMIJ (Centre de salt mental infanto-juvenil)<\/span>: psiquiatra\u00a0 V\u00edctor Barrau, (atenci\u00f3 als infants, fam\u00edlies i assessorament als professionals).<\/li>\n<li><span style=\"text-decoration: underline;\">CARRILET<\/span>: psic\u00f2loga Balbina Alcacer i M\u00f3nica Recio ( atenci\u00f3 als infants, fam\u00edlies i assessorament als professionals).<\/li>\n<li>SAPCEE (Servei d&#8217;atenci\u00f3 psicol\u00f2gica als CEE): Carme Guillemon (atenci\u00f3 als infants, assessorament als professionals i a les fam\u00edlies).<\/li>\n<\/ul>\n","protected":false},"excerpt":{"rendered":"<p>A banda, comptem amb professionals externs que assisteixen peri\u00f2dicament al centre:<\/p>\n<ul style=\"list-style-type: square;\">\n<li>EAP (Equip d&#8217;assessorament psicopedag\u00f2gic): dos fisioterapeutes, una assistent social i una psicopedagoga.<\/li>\n<li>Programa PADIVA (DINCAT): Ana Rodr\u00edguez \u00a0(psic\u00f2loga, atenci\u00f3 als infants, fam\u00edlies i assessorament als professionals).<\/li>\n<li>CREDV (Centre de recursos educatius per a infants amb&hellip;  <a href=\"https:\/\/agora.xtec.cat\/ceefolchicamarasa\/qui_som\/organitzacio\/professionals-externs\/\" title=\"Read Professionals externs\">Llegeix m\u00e9s\u00bb<\/a><br \/>\n","protected":false},"author":1,"featured_media":0,"parent":36,"menu_order":30,"comment_status":"closed","ping_status":"closed","template":"page-templates\/side-menu.php","meta":{"_bbp_topic_count":0,"_bbp_reply_count":0,"_bbp_total_topic_count":0,"_bbp_total_reply_count":0,"_bbp_voice_count":0,"_bbp_anonymous_reply_count":0,"_bbp_topic_count_hidden":0,"_bbp_reply_count_hidden":0,"_bbp_forum_subforum_count":0,"footnotes":""},"class_list":["post-229","page","type-page","status-publish","hentry"],"post_mailing_queue_ids":[],"_links":{"self":[{"href":"https:\/\/agora.xtec.cat\/ceefolchicamarasa\/wp-json\/wp\/v2\/pages\/229","targetHints":{"allow":["GET"]}}],"collection":[{"href":"https:\/\/agora.xtec.cat\/ceefolchicamarasa\/wp-json\/wp\/v2\/pages"}],"about":[{"href":"https:\/\/agora.xtec.cat\/ceefolchicamarasa\/wp-json\/wp\/v2\/types\/page"}],"author":[{"embeddable":true,"href":"https:\/\/agora.xtec.cat\/ceefolchicamarasa\/wp-json\/wp\/v2\/users\/1"}],"replies":[{"embeddable":true,"href":"https:\/\/agora.xtec.cat\/ceefolchicamarasa\/wp-json\/wp\/v2\/comments?post=229"}],"version-history":[{"count":5,"href":"https:\/\/agora.xtec.cat\/ceefolchicamarasa\/wp-json\/wp\/v2\/pages\/229\/revisions"}],"predecessor-version":[{"id":1223,"href":"https:\/\/agora.xtec.cat\/ceefolchicamarasa\/wp-json\/wp\/v2\/pages\/229\/revisions\/1223"}],"up":[{"embeddable":true,"href":"https:\/\/agora.xtec.cat\/ceefolchicamarasa\/wp-json\/wp\/v2\/pages\/36"}],"wp:attachment":[{"href":"https:\/\/agora.xtec.cat\/ceefolchicamarasa\/wp-json\/wp\/v2\/media?parent=229"}],"curies":[{"name":"wp","href":"https:\/\/api.w.org\/{rel}","templated":true}]}}

<p>A banda, comptem amb professionals externs que assisteixen periòdicament al centre:</p>
<ul style="list-style-type: square;">
<li><span style="text-decoration: underline;">EAP (Equip d&#8217;assessorament psicopedagògic)</span>: dos fisioterapeutes, una assistent social i una psicopedagoga.</li>
<li><span style="text-decoration: underline;">Programa PADIVA (DINCAT): </span>Ana Rodríguez  (psicòloga, atenció als infants, famílies i assessorament als professionals).</li>
<li><span style="text-decoration: underline;">CREDV (Centre de recursos educatius per a infants amb discapacitat visual):</span> Susana Vicente. Seguiment dels alumnes i assessoraments puntuals.</li>
<li><span style="text-decoration: underline;">SEEM</span>: assessoraments puntuals.</li>
<li><span style="text-decoration: underline;">CSMIJ (Centre de salt mental infanto-juvenil)</span>: psiquiatra  Víctor Barrau, (atenció als infants, famílies i assessorament als professionals).</li>
<li><span style="text-decoration: underline;">CARRILET</span>: psicòloga Balbina Alcacer i Mónica Recio ( atenció als infants, famílies i assessorament als professionals).</li>
<li>SAPCEE (Servei d&#8217;atenció psicològica als CEE): Carme Guillemon (atenció als infants, assessorament als professionals i a les famílies).</li>
</ul>

<p>A banda, comptem amb professionals externs que assisteixen periòdicament al centre:</p>
<ul style="list-style-type: square;">
<li>EAP (Equip d&#8217;assessorament psicopedagògic): dos fisioterapeutes, una assistent social i una psicopedagoga.</li>
<li>Programa PADIVA (DINCAT): Ana Rodríguez  (psicòloga, atenció als infants, famílies i assessorament als professionals).</li>
<li>CREDV (Centre de recursos educatius per a infants amb&hellip;  <a href="https://agora.xtec.cat/ceefolchicamarasa/qui_som/organitzacio/professionals-externs/" title="Read Professionals externs">Llegeix més»</a><br />
