{"id":225,"date":"2015-04-22T13:19:40","date_gmt":"2015-04-22T12:19:40","guid":{"rendered":"http:\/\/agora.xtec.cat\/ceefolchicamarasa\/?page_id=225"},"modified":"2024-07-01T09:54:18","modified_gmt":"2024-07-01T07:54:18","slug":"consell-escolar-2","status":"publish","type":"page","link":"https:\/\/agora.xtec.cat\/ceefolchicamarasa\/qui_som\/organitzacio\/consell-escolar-2\/","title":{"rendered":"Consell escolar"},"content":{"rendered":"<p style=\"text-align: justify;\">El consell escolar \u00e9s l\u2019\u00f2rgan de participaci\u00f3 de la comunitat escolar en el govern del centre. Correspon al Departament d\u2019Educaci\u00f3 establir mesures perqu\u00e8 aquesta participaci\u00f3 sigui efectiva, i tamb\u00e9 determinar el nombre i el procediment d\u2019elecci\u00f3 dels membres del consell.<\/p>\n<p style=\"text-align: justify;\"><strong>FUNCIONS:<\/strong><\/p>\n<ul style=\"list-style-type: square; text-align: justify;\">\n<li>\u00a0Aprovar el projecte educatiu i les modificacions corresponents per una majoria de tres cinquenes parts dels membres.<\/li>\n<li>\u00a0Aprovar la programaci\u00f3 general anual del centre i avaluar-ne el desenvolupament i els resultats.<\/li>\n<li>Aprovar les propostes d\u2019acords de corresponsabilitat, convenis i altres acords de col\u00b7laboraci\u00f3 del centre amb entitats o institucions.<\/li>\n<li>Aprovar les normes d\u2019organitzaci\u00f3 i funcionament i les modificacions corresponents.<\/li>\n<li>Aprovar la carta de comprom\u00eds educatiu.<\/li>\n<li>Aprovar el pressupost del centre i el rendiment de comptes.<\/li>\n<li>Intervenir en el procediment d\u2019admissi\u00f3 d\u2019alumnes.<\/li>\n<li>Participar en el procediment de selecci\u00f3 i en la proposta de cessament del director o directora.<\/li>\n<li>Intervenir en la resoluci\u00f3 dels conflictes i, si escau, revisar les sancions als alumnes.<\/li>\n<li>Aprovar les directrius per a la programaci\u00f3 d\u2019activitats escolars complement\u00e0ries i d\u2019activitats extraescolars, i avaluar-ne el desenvolupament.<\/li>\n<li>Participar en les an\u00e0lisis i les avaluacions del funcionament general del centre i con\u00e8ixer l\u2019evoluci\u00f3 del rendiment escolar.<\/li>\n<li>Aprovar els criteris de col\u00b7laboraci\u00f3 amb altres centres i amb l\u2019entorn.<\/li>\n<li>Qualsevol altra que li sigui atribu\u00efda per les normes legals o reglament\u00e0ries.<\/li>\n<\/ul>\n<p style=\"text-align: justify;\"><strong>CONSTITUCI\u00d3 CONSELL ESCOLAR<\/strong><\/p>\n<ul style=\"list-style-type: square;\">\n<li style=\"text-align: justify;\">Presidenta: Iolanda Mart\u00ednez L\u00f3pez.<\/li>\n<li style=\"text-align: justify;\">Cap d\u2019estudis: Felicidad Manzaneda Vivo.<\/li>\n<li>Secret\u00e0ria: Marta Pina Urbano.<\/li>\n<\/ul>\n<p><span style=\"text-decoration: underline;\">Sector professorat:<\/span><\/p>\n<ul style=\"list-style-type: square;\">\n<li>Ana Juez Balaguer<\/li>\n<li>Thais D\u00edez Alguacil<\/li>\n<li>Francisca Moreno L\u00f3pez.<\/li>\n<\/ul>\n<p><span style=\"text-decoration: underline;\">Sector personal administraci\u00f3 i serveis:<\/span><\/p>\n<p>Tere Gonz\u00e1lez<\/p>\n<p><span style=\"text-decoration: underline;\">Representant de l\u2019AMPA:<\/span><\/p>\n<p>Gl\u00f2ria Ballesta Cotrina.<\/p>\n<p><span style=\"text-decoration: underline;\">Representant de l\u2019Ajuntament:<\/span><\/p>\n<p>Iolanda Valle<\/p>\n<p><span style=\"text-decoration: underline;\">Sector pares i mares:<\/span><\/p>\n<ul style=\"list-style-type: square;\">\n<li>Gerard Losada<\/li>\n<li>Laura Garibaldi<\/li>\n<li>Daisi Robles<\/li>\n<li>Gl\u00f2ria Ballesta<\/li>\n<\/ul>\n<p>&nbsp;<\/p>\n<p>&nbsp;<\/p>\n<p>&nbsp;<\/p>\n<p>&nbsp;<\/p>\n<p>&nbsp;<\/p>\n<p>&nbsp;<\/p>\n","protected":false},"excerpt":{"rendered":"<p>El consell escolar \u00e9s l\u2019\u00f2rgan de participaci\u00f3 de la comunitat escolar en el govern del centre. Correspon al Departament d\u2019Educaci\u00f3 establir mesures perqu\u00e8 aquesta participaci\u00f3 sigui efectiva, i tamb\u00e9 determinar el nombre i el procediment d\u2019elecci\u00f3 dels membres del consell.<br \/>\nFUNCIONS:<\/p>\n<ul style=\"list-style-type: square; text-align: justify;\">\n<li>\u00a0Aprovar el&hellip;  <a href=\"https:\/\/agora.xtec.cat\/ceefolchicamarasa\/qui_som\/organitzacio\/consell-escolar-2\/\" title=\"Read Consell escolar\">Llegeix m\u00e9s\u00bb<\/a><br \/>\n","protected":false},"author":1,"featured_media":0,"parent":36,"menu_order":31,"comment_status":"closed","ping_status":"closed","template":"page-templates\/side-menu.php","meta":{"_bbp_topic_count":0,"_bbp_reply_count":0,"_bbp_total_topic_count":0,"_bbp_total_reply_count":0,"_bbp_voice_count":0,"_bbp_anonymous_reply_count":0,"_bbp_topic_count_hidden":0,"_bbp_reply_count_hidden":0,"_bbp_forum_subforum_count":0,"footnotes":""},"class_list":["post-225","page","type-page","status-publish","hentry"],"post_mailing_queue_ids":[],"_links":{"self":[{"href":"https:\/\/agora.xtec.cat\/ceefolchicamarasa\/wp-json\/wp\/v2\/pages\/225","targetHints":{"allow":["GET"]}}],"collection":[{"href":"https:\/\/agora.xtec.cat\/ceefolchicamarasa\/wp-json\/wp\/v2\/pages"}],"about":[{"href":"https:\/\/agora.xtec.cat\/ceefolchicamarasa\/wp-json\/wp\/v2\/types\/page"}],"author":[{"embeddable":true,"href":"https:\/\/agora.xtec.cat\/ceefolchicamarasa\/wp-json\/wp\/v2\/users\/1"}],"replies":[{"embeddable":true,"href":"https:\/\/agora.xtec.cat\/ceefolchicamarasa\/wp-json\/wp\/v2\/comments?post=225"}],"version-history":[{"count":4,"href":"https:\/\/agora.xtec.cat\/ceefolchicamarasa\/wp-json\/wp\/v2\/pages\/225\/revisions"}],"predecessor-version":[{"id":1198,"href":"https:\/\/agora.xtec.cat\/ceefolchicamarasa\/wp-json\/wp\/v2\/pages\/225\/revisions\/1198"}],"up":[{"embeddable":true,"href":"https:\/\/agora.xtec.cat\/ceefolchicamarasa\/wp-json\/wp\/v2\/pages\/36"}],"wp:attachment":[{"href":"https:\/\/agora.xtec.cat\/ceefolchicamarasa\/wp-json\/wp\/v2\/media?parent=225"}],"curies":[{"name":"wp","href":"https:\/\/api.w.org\/{rel}","templated":true}]}}

<p style="text-align: justify;">El consell escolar és l’òrgan de participació de la comunitat escolar en el govern del centre. Correspon al Departament d’Educació establir mesures perquè aquesta participació sigui efectiva, i també determinar el nombre i el procediment d’elecció dels membres del consell.</p>
<p style="text-align: justify;"><strong>FUNCIONS:</strong></p>
<ul style="list-style-type: square; text-align: justify;">
<li> Aprovar el projecte educatiu i les modificacions corresponents per una majoria de tres cinquenes parts dels membres.</li>
<li> Aprovar la programació general anual del centre i avaluar-ne el desenvolupament i els resultats.</li>
<li>Aprovar les propostes d’acords de corresponsabilitat, convenis i altres acords de col·laboració del centre amb entitats o institucions.</li>
<li>Aprovar les normes d’organització i funcionament i les modificacions corresponents.</li>
<li>Aprovar la carta de compromís educatiu.</li>
<li>Aprovar el pressupost del centre i el rendiment de comptes.</li>
<li>Intervenir en el procediment d’admissió d’alumnes.</li>
<li>Participar en el procediment de selecció i en la proposta de cessament del director o directora.</li>
<li>Intervenir en la resolució dels conflictes i, si escau, revisar les sancions als alumnes.</li>
<li>Aprovar les directrius per a la programació d’activitats escolars complementàries i d’activitats extraescolars, i avaluar-ne el desenvolupament.</li>
<li>Participar en les anàlisis i les avaluacions del funcionament general del centre i conèixer l’evolució del rendiment escolar.</li>
<li>Aprovar els criteris de col·laboració amb altres centres i amb l’entorn.</li>
<li>Qualsevol altra que li sigui atribuïda per les normes legals o reglamentàries.</li>
</ul>
<p style="text-align: justify;"><strong>CONSTITUCIÓ CONSELL ESCOLAR</strong></p>
<ul style="list-style-type: square;">
<li style="text-align: justify;">Presidenta: Iolanda Martínez López.</li>
<li style="text-align: justify;">Cap d’estudis: Felicidad Manzaneda Vivo.</li>
<li>Secretària: Marta Pina Urbano.</li>
</ul>
<p><span style="text-decoration: underline;">Sector professorat:</span></p>
<ul style="list-style-type: square;">
<li>Ana Juez Balaguer</li>
<li>Thais Díez Alguacil</li>
<li>Francisca Moreno López.</li>
</ul>
<p><span style="text-decoration: underline;">Sector personal administració i serveis:</span></p>
<p>Tere González</p>
<p><span style="text-decoration: underline;">Representant de l’AMPA:</span></p>
<p>Glòria Ballesta Cotrina.</p>
<p><span style="text-decoration: underline;">Representant de l’Ajuntament:</span></p>
<p>Iolanda Valle</p>
<p><span style="text-decoration: underline;">Sector pares i mares:</span></p>
<ul style="list-style-type: square;">
<li>Gerard Losada</li>
<li>Laura Garibaldi</li>
<li>Daisi Robles</li>
<li>Glòria Ballesta</li>
</ul>
<p>&nbsp;</p>
<p>&nbsp;</p>
<p>&nbsp;</p>
<p>&nbsp;</p>
<p>&nbsp;</p>
<p>&nbsp;</p>

<p>El consell escolar és l’òrgan de participació de la comunitat escolar en el govern del centre. Correspon al Departament d’Educació establir mesures perquè aquesta participació sigui efectiva, i també determinar el nombre i el procediment d’elecció dels membres del consell.<br />
FUNCIONS:</p>
<ul style="list-style-type: square; text-align: justify;">
<li> Aprovar el&hellip;  <a href="https://agora.xtec.cat/ceefolchicamarasa/qui_som/organitzacio/consell-escolar-2/" title="Read Consell escolar">Llegeix més»</a><br />
