{"id":2,"date":"2014-09-12T11:10:47","date_gmt":"2014-09-12T10:10:47","guid":{"rendered":"http:\/\/agora.xtec.cat\/ceefolchicamarasa\/?page_id=2"},"modified":"2020-07-24T15:34:58","modified_gmt":"2020-07-24T13:34:58","slug":"qui_som","status":"publish","type":"page","link":"https:\/\/agora.xtec.cat\/ceefolchicamarasa\/qui_som\/","title":{"rendered":"QUI SOM"},"content":{"rendered":"<p>EL CEE \u201cFOLCH I CAMARASA\u201d \u00e9s una escola p\u00fablica <strong>\u00fanica<\/strong> per la seva especificitat: ATENCI\u00d3 EDUCATIVA A L\u2019ALUMNAT AMB DISCAPACITAT VISUAL I TGD\/TEA, AMB D\u2019ALTRES DISCAPACITATS (auditiva- sordceguesa, cognitiva i\/o motriu).<\/p>\n<p><a href=\"http:\/\/agora.xtec.cat\/ceefolchicamarasa\/wp-content\/uploads\/usu347\/2015\/07\/P1060850.jpg\"><img loading=\"lazy\" decoding=\"async\" class=\"alignnone size-medium wp-image-603\" src=\"http:\/\/agora.xtec.cat\/ceefolchicamarasa\/wp-content\/uploads\/usu347\/2015\/07\/P1060850-300x200.jpg\" alt=\"P1060850\" width=\"300\" height=\"200\" srcset=\"https:\/\/agora.xtec.cat\/ceefolchicamarasa\/wp-content\/uploads\/usu347\/2015\/07\/P1060850-300x200.jpg 300w, https:\/\/agora.xtec.cat\/ceefolchicamarasa\/wp-content\/uploads\/usu347\/2015\/07\/P1060850.jpg 1024w\" sizes=\"auto, (max-width: 300px) 100vw, 300px\" \/><\/a><\/p>\n<blockquote><p>&nbsp;<\/p><\/blockquote>\n","protected":false},"excerpt":{"rendered":"<p>EL CEE \u201cFOLCH I CAMARASA\u201d \u00e9s una escola p\u00fablica \u00fanica per la seva especificitat: ATENCI\u00d3 EDUCATIVA A L\u2019ALUMNAT AMB DISCAPACITAT VISUAL I TGD\/TEA, AMB D\u2019ALTRES DISCAPACITATS (auditiva- sordceguesa, cognitiva i\/o motriu).<br \/>\n<a href=\"http:\/\/agora.xtec.cat\/ceefolchicamarasa\/wp-content\/uploads\/usu347\/2015\/07\/P1060850.jpg\"><\/a><br \/>\n&nbsp;<\/p>\n","protected":false},"author":1,"featured_media":0,"parent":0,"menu_order":0,"comment_status":"closed","ping_status":"closed","template":"page-templates\/side-menu.php","meta":{"_bbp_topic_count":0,"_bbp_reply_count":0,"_bbp_total_topic_count":0,"_bbp_total_reply_count":0,"_bbp_voice_count":0,"_bbp_anonymous_reply_count":0,"_bbp_topic_count_hidden":0,"_bbp_reply_count_hidden":0,"_bbp_forum_subforum_count":0,"footnotes":""},"class_list":["post-2","page","type-page","status-publish","hentry"],"post_mailing_queue_ids":[],"_links":{"self":[{"href":"https:\/\/agora.xtec.cat\/ceefolchicamarasa\/wp-json\/wp\/v2\/pages\/2","targetHints":{"allow":["GET"]}}],"collection":[{"href":"https:\/\/agora.xtec.cat\/ceefolchicamarasa\/wp-json\/wp\/v2\/pages"}],"about":[{"href":"https:\/\/agora.xtec.cat\/ceefolchicamarasa\/wp-json\/wp\/v2\/types\/page"}],"author":[{"embeddable":true,"href":"https:\/\/agora.xtec.cat\/ceefolchicamarasa\/wp-json\/wp\/v2\/users\/1"}],"replies":[{"embeddable":true,"href":"https:\/\/agora.xtec.cat\/ceefolchicamarasa\/wp-json\/wp\/v2\/comments?post=2"}],"version-history":[{"count":3,"href":"https:\/\/agora.xtec.cat\/ceefolchicamarasa\/wp-json\/wp\/v2\/pages\/2\/revisions"}],"predecessor-version":[{"id":906,"href":"https:\/\/agora.xtec.cat\/ceefolchicamarasa\/wp-json\/wp\/v2\/pages\/2\/revisions\/906"}],"wp:attachment":[{"href":"https:\/\/agora.xtec.cat\/ceefolchicamarasa\/wp-json\/wp\/v2\/media?parent=2"}],"curies":[{"name":"wp","href":"https:\/\/api.w.org\/{rel}","templated":true}]}}

<p>EL CEE “FOLCH I CAMARASA” és una escola pública <strong>única</strong> per la seva especificitat: ATENCIÓ EDUCATIVA A L’ALUMNAT AMB DISCAPACITAT VISUAL I TGD/TEA, AMB D’ALTRES DISCAPACITATS (auditiva- sordceguesa, cognitiva i/o motriu).</p>
<p><a href="http://agora.xtec.cat/ceefolchicamarasa/wp-content/uploads/usu347/2015/07/P1060850.jpg"><img loading="lazy" decoding="async" class="alignnone size-medium wp-image-603" src="http://agora.xtec.cat/ceefolchicamarasa/wp-content/uploads/usu347/2015/07/P1060850-300x200.jpg" alt="P1060850" width="300" height="200" srcset="https://agora.xtec.cat/ceefolchicamarasa/wp-content/uploads/usu347/2015/07/P1060850-300x200.jpg 300w, https://agora.xtec.cat/ceefolchicamarasa/wp-content/uploads/usu347/2015/07/P1060850.jpg 1024w" sizes="auto, (max-width: 300px) 100vw, 300px" /></a></p>
<blockquote><p>&nbsp;</p></blockquote>

<p>EL CEE “FOLCH I CAMARASA” és una escola pública única per la seva especificitat: ATENCIÓ EDUCATIVA A L’ALUMNAT AMB DISCAPACITAT VISUAL I TGD/TEA, AMB D’ALTRES DISCAPACITATS (auditiva- sordceguesa, cognitiva i/o motriu).<br />
<a href="http://agora.xtec.cat/ceefolchicamarasa/wp-content/uploads/usu347/2015/07/P1060850.jpg"></a><br />
&nbsp;</p>
