{"id":1285,"date":"2025-05-15T15:50:06","date_gmt":"2025-05-15T13:50:06","guid":{"rendered":"https:\/\/agora.xtec.cat\/ceefolchicamarasa\/?page_id=1285"},"modified":"2025-05-22T15:40:24","modified_gmt":"2025-05-22T13:40:24","slug":"musica-2","status":"publish","type":"page","link":"https:\/\/agora.xtec.cat\/ceefolchicamarasa\/que-fem\/entorns-de-treball\/musica-2\/","title":{"rendered":"M\u00fasica"},"content":{"rendered":"<p><span style=\"font-weight: 400;\"><a href=\"https:\/\/agora.xtec.cat\/ceefolchicamarasa\/wp-content\/uploads\/usu347\/2024\/07\/Musica.png\"><img loading=\"lazy\" decoding=\"async\" class=\"wp-image-1199 aligncenter\" src=\"https:\/\/agora.xtec.cat\/ceefolchicamarasa\/wp-content\/uploads\/usu347\/2024\/07\/Musica.png\" alt=\"\" width=\"383\" height=\"309\" srcset=\"https:\/\/agora.xtec.cat\/ceefolchicamarasa\/wp-content\/uploads\/usu347\/2024\/07\/Musica.png 882w, https:\/\/agora.xtec.cat\/ceefolchicamarasa\/wp-content\/uploads\/usu347\/2024\/07\/Musica-300x242.png 300w, https:\/\/agora.xtec.cat\/ceefolchicamarasa\/wp-content\/uploads\/usu347\/2024\/07\/Musica-768x619.png 768w\" sizes=\"auto, (max-width: 383px) 100vw, 383px\" \/><\/a><\/span><span style=\"font-weight: 400;\">Al centre s\u2019utilitza el recurs de la m\u00fasica com a eina comunicativa, terap\u00e8utica i d\u2019aprenentatge per acollir i contenir, per calmar o estimular, per ajudar a anticipar, per tolerar situacions i activitats,&#8230; La m\u00fasica \u00e9s un recurs per treballar diferents aspectes de l\u2019evoluci\u00f3 i el desenvolupament, perqu\u00e8 \u00e9s un vehicle d\u2019interacci\u00f3 que facilita la relaci\u00f3 entre l\u2019adult i l\u2019infant i arriba all\u00e0 a on l\u2019abstracci\u00f3 del llenguatge no arriba.\u00a0<\/span><\/p>\n<p><span style=\"font-weight: 400;\">Els beneficis de la m\u00fasica s\u00f3n tan evidents que, paral\u00b7lelament, l\u2019AMPA, ha gestionat la incorporaci\u00f3 de l\u2019activitat de musicoter\u00e0pia en horari extraescolar.<\/span><\/p>\n<p>&nbsp;<\/p>\n","protected":false},"excerpt":{"rendered":"<p><a href=\"https:\/\/agora.xtec.cat\/ceefolchicamarasa\/wp-content\/uploads\/usu347\/2024\/07\/Musica.png\"><\/a>Al centre s\u2019utilitza el recurs de la m\u00fasica com a eina comunicativa, terap\u00e8utica i d\u2019aprenentatge per acollir i contenir, per calmar o estimular, per ajudar a anticipar, per tolerar situacions i activitats,&#8230; La m\u00fasica \u00e9s un recurs per treballar diferents aspectes de l\u2019evoluci\u00f3 i&hellip;  <a href=\"https:\/\/agora.xtec.cat\/ceefolchicamarasa\/que-fem\/entorns-de-treball\/musica-2\/\" title=\"Read M\u00fasica\">Llegeix m\u00e9s\u00bb<\/a><\/p>\n","protected":false},"author":1,"featured_media":0,"parent":264,"menu_order":0,"comment_status":"closed","ping_status":"closed","template":"","meta":{"_bbp_topic_count":0,"_bbp_reply_count":0,"_bbp_total_topic_count":0,"_bbp_total_reply_count":0,"_bbp_voice_count":0,"_bbp_anonymous_reply_count":0,"_bbp_topic_count_hidden":0,"_bbp_reply_count_hidden":0,"_bbp_forum_subforum_count":0,"footnotes":""},"class_list":["post-1285","page","type-page","status-publish","hentry"],"post_mailing_queue_ids":[],"_links":{"self":[{"href":"https:\/\/agora.xtec.cat\/ceefolchicamarasa\/wp-json\/wp\/v2\/pages\/1285","targetHints":{"allow":["GET"]}}],"collection":[{"href":"https:\/\/agora.xtec.cat\/ceefolchicamarasa\/wp-json\/wp\/v2\/pages"}],"about":[{"href":"https:\/\/agora.xtec.cat\/ceefolchicamarasa\/wp-json\/wp\/v2\/types\/page"}],"author":[{"embeddable":true,"href":"https:\/\/agora.xtec.cat\/ceefolchicamarasa\/wp-json\/wp\/v2\/users\/1"}],"replies":[{"embeddable":true,"href":"https:\/\/agora.xtec.cat\/ceefolchicamarasa\/wp-json\/wp\/v2\/comments?post=1285"}],"version-history":[{"count":3,"href":"https:\/\/agora.xtec.cat\/ceefolchicamarasa\/wp-json\/wp\/v2\/pages\/1285\/revisions"}],"predecessor-version":[{"id":1309,"href":"https:\/\/agora.xtec.cat\/ceefolchicamarasa\/wp-json\/wp\/v2\/pages\/1285\/revisions\/1309"}],"up":[{"embeddable":true,"href":"https:\/\/agora.xtec.cat\/ceefolchicamarasa\/wp-json\/wp\/v2\/pages\/264"}],"wp:attachment":[{"href":"https:\/\/agora.xtec.cat\/ceefolchicamarasa\/wp-json\/wp\/v2\/media?parent=1285"}],"curies":[{"name":"wp","href":"https:\/\/api.w.org\/{rel}","templated":true}]}}

Música

<p><span style="font-weight: 400;"><a href="https://agora.xtec.cat/ceefolchicamarasa/wp-content/uploads/usu347/2024/07/Musica.png"><img loading="lazy" decoding="async" class="wp-image-1199 aligncenter" src="https://agora.xtec.cat/ceefolchicamarasa/wp-content/uploads/usu347/2024/07/Musica.png" alt="" width="383" height="309" srcset="https://agora.xtec.cat/ceefolchicamarasa/wp-content/uploads/usu347/2024/07/Musica.png 882w, https://agora.xtec.cat/ceefolchicamarasa/wp-content/uploads/usu347/2024/07/Musica-300x242.png 300w, https://agora.xtec.cat/ceefolchicamarasa/wp-content/uploads/usu347/2024/07/Musica-768x619.png 768w" sizes="auto, (max-width: 383px) 100vw, 383px" /></a></span><span style="font-weight: 400;">Al centre s’utilitza el recurs de la música com a eina comunicativa, terapèutica i d’aprenentatge per acollir i contenir, per calmar o estimular, per ajudar a anticipar, per tolerar situacions i activitats,&#8230; La música és un recurs per treballar diferents aspectes de l’evolució i el desenvolupament, perquè és un vehicle d’interacció que facilita la relació entre l’adult i l’infant i arriba allà a on l’abstracció del llenguatge no arriba. </span></p>
<p><span style="font-weight: 400;">Els beneficis de la música són tan evidents que, paral·lelament, l’AMPA, ha gestionat la incorporació de l’activitat de musicoteràpia en horari extraescolar.</span></p>
<p>&nbsp;</p>

<p><a href="https://agora.xtec.cat/ceefolchicamarasa/wp-content/uploads/usu347/2024/07/Musica.png"></a>Al centre s’utilitza el recurs de la música com a eina comunicativa, terapèutica i d’aprenentatge per acollir i contenir, per calmar o estimular, per ajudar a anticipar, per tolerar situacions i activitats,&#8230; La música és un recurs per treballar diferents aspectes de l’evolució i&hellip;  <a href="https://agora.xtec.cat/ceefolchicamarasa/que-fem/entorns-de-treball/musica-2/" title="Read Música">Llegeix més»</a></p>
