{"id":1280,"date":"2025-05-15T15:46:57","date_gmt":"2025-05-15T13:46:57","guid":{"rendered":"https:\/\/agora.xtec.cat\/ceefolchicamarasa\/?page_id=1280"},"modified":"2025-05-22T15:34:03","modified_gmt":"2025-05-22T13:34:03","slug":"psicomotricitat","status":"publish","type":"page","link":"https:\/\/agora.xtec.cat\/ceefolchicamarasa\/que-fem\/entorns-de-treball\/psicomotricitat\/","title":{"rendered":"Psicomotricitat"},"content":{"rendered":"<p><a href=\"https:\/\/agora.xtec.cat\/ceefolchicamarasa\/wp-content\/uploads\/usu347\/2025\/05\/WhatsApp-Image-2025-05-15-at-15.29.36.jpeg\"><img loading=\"lazy\" decoding=\"async\" class=\"wp-image-1270 aligncenter\" src=\"https:\/\/agora.xtec.cat\/ceefolchicamarasa\/wp-content\/uploads\/usu347\/2025\/05\/WhatsApp-Image-2025-05-15-at-15.29.36.jpeg\" alt=\"\" width=\"374\" height=\"280\" srcset=\"https:\/\/agora.xtec.cat\/ceefolchicamarasa\/wp-content\/uploads\/usu347\/2025\/05\/WhatsApp-Image-2025-05-15-at-15.29.36.jpeg 2048w, https:\/\/agora.xtec.cat\/ceefolchicamarasa\/wp-content\/uploads\/usu347\/2025\/05\/WhatsApp-Image-2025-05-15-at-15.29.36-300x225.jpeg 300w, https:\/\/agora.xtec.cat\/ceefolchicamarasa\/wp-content\/uploads\/usu347\/2025\/05\/WhatsApp-Image-2025-05-15-at-15.29.36-1024x768.jpeg 1024w, https:\/\/agora.xtec.cat\/ceefolchicamarasa\/wp-content\/uploads\/usu347\/2025\/05\/WhatsApp-Image-2025-05-15-at-15.29.36-768x576.jpeg 768w, https:\/\/agora.xtec.cat\/ceefolchicamarasa\/wp-content\/uploads\/usu347\/2025\/05\/WhatsApp-Image-2025-05-15-at-15.29.36-1536x1152.jpeg 1536w, https:\/\/agora.xtec.cat\/ceefolchicamarasa\/wp-content\/uploads\/usu347\/2025\/05\/WhatsApp-Image-2025-05-15-at-15.29.36-200x150.jpeg 200w\" sizes=\"auto, (max-width: 374px) 100vw, 374px\" \/><\/a><\/p>\n<p><span style=\"font-weight: 400;\">A l\u2019escola ens basem en la metodologia de la PR\u00c0CTICA D\u2019AJUDA PSICOMOTRIU AUCOUTURIER (PPA) que t\u00e9 com a objectiu el desenvolupament ps\u00edquic de l\u2019alumnat a trav\u00e9s del cos.\u00a0 Aquesta pr\u00e0ctica es basa en una visi\u00f3 global de la persona i tracta de promoure l&#8217;expressi\u00f3 de totes les possibilitats motrius, emocionals, cognitives, simb\u00f2liques, sensoriomotrius i relacionals de l&#8217;infant.\u00a0<\/span><\/p>\n<p><span style=\"font-weight: 400;\">Aquest l\u00ednia ens permet abordar dos conceptes b\u00e0sics en el proc\u00e9s d\u2019aprenentatge de l\u2019alumnat: l\u2019estructuraci\u00f3 de la identitat de la persona, entesa com a unitat psicosom\u00e0tica, i la intervenci\u00f3 a partir d\u2019aquesta unitat. L\u2019ajuda terap\u00e8utica que ofereix l\u2019adult \u00e9s acompanyar a cada nen\/a en el pas per les diferents fases que simbolitzen el proc\u00e9s d\u2019evoluci\u00f3 psicol\u00f2gica des de la indiferenciaci\u00f3, cap a la construcci\u00f3 del JO, fins el grau d\u2019autonomia m\u00e9s alt possible.\u00a0 Com a objectiu general de grup es busca que arribin a participar en un \u00e0rea de joc compartit en l\u2019espai i el temps.<\/span><\/p>\n<p><span style=\"font-weight: 400;\">Les sessions de psicomotricitat es porten a terme amb modalitats d\u2019agrupaments flexibles depenent dels objectius que es plantegin les professionals de l\u2019aula. Les sessions grupals estan estructurades seguint una l\u00ednia temporal que permet anticipar les diferents parts que la composen (ritual d\u2019entrada, proposta de joc lliure, dirigit, compartit,&#8230; activitat de relaxaci\u00f3, de record, representaci\u00f3 i tancament de la sessi\u00f3) i aix\u00ed poder gaudir de la din\u00e0mica de la sessi\u00f3 i poder ser el m\u00e9s actius possible.<\/span><\/p>\n","protected":false},"excerpt":{"rendered":"<p><a href=\"https:\/\/agora.xtec.cat\/ceefolchicamarasa\/wp-content\/uploads\/usu347\/2025\/05\/WhatsApp-Image-2025-05-15-at-15.29.36.jpeg\"><\/a><br \/>\nA l\u2019escola ens basem en la metodologia de la PR\u00c0CTICA D\u2019AJUDA PSICOMOTRIU AUCOUTURIER (PPA) que t\u00e9 com a objectiu el desenvolupament ps\u00edquic de l\u2019alumnat a trav\u00e9s del cos.\u00a0 Aquesta pr\u00e0ctica es basa en una visi\u00f3 global de la persona i tracta de promoure l&#8217;expressi\u00f3&hellip;  <a href=\"https:\/\/agora.xtec.cat\/ceefolchicamarasa\/que-fem\/entorns-de-treball\/psicomotricitat\/\" title=\"Read Psicomotricitat\">Llegeix m\u00e9s\u00bb<\/a><\/p>\n","protected":false},"author":1,"featured_media":0,"parent":264,"menu_order":0,"comment_status":"closed","ping_status":"closed","template":"","meta":{"_bbp_topic_count":0,"_bbp_reply_count":0,"_bbp_total_topic_count":0,"_bbp_total_reply_count":0,"_bbp_voice_count":0,"_bbp_anonymous_reply_count":0,"_bbp_topic_count_hidden":0,"_bbp_reply_count_hidden":0,"_bbp_forum_subforum_count":0,"footnotes":""},"class_list":["post-1280","page","type-page","status-publish","hentry"],"post_mailing_queue_ids":[],"_links":{"self":[{"href":"https:\/\/agora.xtec.cat\/ceefolchicamarasa\/wp-json\/wp\/v2\/pages\/1280","targetHints":{"allow":["GET"]}}],"collection":[{"href":"https:\/\/agora.xtec.cat\/ceefolchicamarasa\/wp-json\/wp\/v2\/pages"}],"about":[{"href":"https:\/\/agora.xtec.cat\/ceefolchicamarasa\/wp-json\/wp\/v2\/types\/page"}],"author":[{"embeddable":true,"href":"https:\/\/agora.xtec.cat\/ceefolchicamarasa\/wp-json\/wp\/v2\/users\/1"}],"replies":[{"embeddable":true,"href":"https:\/\/agora.xtec.cat\/ceefolchicamarasa\/wp-json\/wp\/v2\/comments?post=1280"}],"version-history":[{"count":3,"href":"https:\/\/agora.xtec.cat\/ceefolchicamarasa\/wp-json\/wp\/v2\/pages\/1280\/revisions"}],"predecessor-version":[{"id":1307,"href":"https:\/\/agora.xtec.cat\/ceefolchicamarasa\/wp-json\/wp\/v2\/pages\/1280\/revisions\/1307"}],"up":[{"embeddable":true,"href":"https:\/\/agora.xtec.cat\/ceefolchicamarasa\/wp-json\/wp\/v2\/pages\/264"}],"wp:attachment":[{"href":"https:\/\/agora.xtec.cat\/ceefolchicamarasa\/wp-json\/wp\/v2\/media?parent=1280"}],"curies":[{"name":"wp","href":"https:\/\/api.w.org\/{rel}","templated":true}]}}

<p><a href="https://agora.xtec.cat/ceefolchicamarasa/wp-content/uploads/usu347/2025/05/WhatsApp-Image-2025-05-15-at-15.29.36.jpeg"><img loading="lazy" decoding="async" class="wp-image-1270 aligncenter" src="https://agora.xtec.cat/ceefolchicamarasa/wp-content/uploads/usu347/2025/05/WhatsApp-Image-2025-05-15-at-15.29.36.jpeg" alt="" width="374" height="280" srcset="https://agora.xtec.cat/ceefolchicamarasa/wp-content/uploads/usu347/2025/05/WhatsApp-Image-2025-05-15-at-15.29.36.jpeg 2048w, https://agora.xtec.cat/ceefolchicamarasa/wp-content/uploads/usu347/2025/05/WhatsApp-Image-2025-05-15-at-15.29.36-300x225.jpeg 300w, https://agora.xtec.cat/ceefolchicamarasa/wp-content/uploads/usu347/2025/05/WhatsApp-Image-2025-05-15-at-15.29.36-1024x768.jpeg 1024w, https://agora.xtec.cat/ceefolchicamarasa/wp-content/uploads/usu347/2025/05/WhatsApp-Image-2025-05-15-at-15.29.36-768x576.jpeg 768w, https://agora.xtec.cat/ceefolchicamarasa/wp-content/uploads/usu347/2025/05/WhatsApp-Image-2025-05-15-at-15.29.36-1536x1152.jpeg 1536w, https://agora.xtec.cat/ceefolchicamarasa/wp-content/uploads/usu347/2025/05/WhatsApp-Image-2025-05-15-at-15.29.36-200x150.jpeg 200w" sizes="auto, (max-width: 374px) 100vw, 374px" /></a></p>
<p><span style="font-weight: 400;">A l’escola ens basem en la metodologia de la PRÀCTICA D’AJUDA PSICOMOTRIU AUCOUTURIER (PPA) que té com a objectiu el desenvolupament psíquic de l’alumnat a través del cos.  Aquesta pràctica es basa en una visió global de la persona i tracta de promoure l&#8217;expressió de totes les possibilitats motrius, emocionals, cognitives, simbòliques, sensoriomotrius i relacionals de l&#8217;infant. </span></p>
<p><span style="font-weight: 400;">Aquest línia ens permet abordar dos conceptes bàsics en el procés d’aprenentatge de l’alumnat: l’estructuració de la identitat de la persona, entesa com a unitat psicosomàtica, i la intervenció a partir d’aquesta unitat. L’ajuda terapèutica que ofereix l’adult és acompanyar a cada nen/a en el pas per les diferents fases que simbolitzen el procés d’evolució psicològica des de la indiferenciació, cap a la construcció del JO, fins el grau d’autonomia més alt possible.  Com a objectiu general de grup es busca que arribin a participar en un àrea de joc compartit en l’espai i el temps.</span></p>
<p><span style="font-weight: 400;">Les sessions de psicomotricitat es porten a terme amb modalitats d’agrupaments flexibles depenent dels objectius que es plantegin les professionals de l’aula. Les sessions grupals estan estructurades seguint una línia temporal que permet anticipar les diferents parts que la composen (ritual d’entrada, proposta de joc lliure, dirigit, compartit,&#8230; activitat de relaxació, de record, representació i tancament de la sessió) i així poder gaudir de la dinàmica de la sessió i poder ser el més actius possible.</span></p>

<p><a href="https://agora.xtec.cat/ceefolchicamarasa/wp-content/uploads/usu347/2025/05/WhatsApp-Image-2025-05-15-at-15.29.36.jpeg"></a><br />
A l’escola ens basem en la metodologia de la PRÀCTICA D’AJUDA PSICOMOTRIU AUCOUTURIER (PPA) que té com a objectiu el desenvolupament psíquic de l’alumnat a través del cos.  Aquesta pràctica es basa en una visió global de la persona i tracta de promoure l&#8217;expressió&hellip;  <a href="https://agora.xtec.cat/ceefolchicamarasa/que-fem/entorns-de-treball/psicomotricitat/" title="Read Psicomotricitat">Llegeix més»</a></p>
