{"id":1040,"date":"2023-06-27T10:32:51","date_gmt":"2023-06-27T08:32:51","guid":{"rendered":"https:\/\/agora.xtec.cat\/ceefolchicamarasa\/?page_id=1040"},"modified":"2023-06-27T12:48:06","modified_gmt":"2023-06-27T10:48:06","slug":"diagnosi","status":"publish","type":"page","link":"https:\/\/agora.xtec.cat\/ceefolchicamarasa\/estrategia-digital-de-centre\/part-estrategica\/diagnosi\/","title":{"rendered":"Diagnosi"},"content":{"rendered":"<p class=\"_04xlpA direction-ltr align-center para-style-body\"><span class=\"WdYUQQ text-decoration-none text-strikethrough-none\">Per l&#8217;elaboraci\u00f3 de l&#8217;Estrat\u00e8gia Digital de Centre, cal<\/span> <span class=\"WdYUQQ text-decoration-none text-strikethrough-none\">comen\u00e7ar per saber d&#8217;on partim.<\/span><\/p>\n<p class=\"_04xlpA direction-ltr align-center para-style-body\"><span class=\"WdYUQQ text-decoration-none text-strikethrough-none\">Durant el curs 22-23 la Comissi\u00f3 Digital ha fet servir dues enquestes per obtenir informaci\u00f3 en relaci\u00f3 a la compet\u00e8ncia digital docent aix\u00ed com l\u2019\u00fas que es fa de les tecnologies digitals en el dia a dia dins de les aules, tenint en compte tamb\u00e9 el Pla TAC del 2018-19.<\/span><\/p>\n<p class=\"_04xlpA direction-ltr align-center para-style-body\"><span class=\"WdYUQQ text-decoration-none text-strikethrough-none\">A partir dels resultats, s\u2019han establert un llistat dels punts febles i forts del centre en l\u2019\u00e0mbit digital que ens permeten plantejar els objectius de l&#8217;estrat\u00e8gia digital.<\/span><\/p>\n<p><a href=\"https:\/\/agora.xtec.cat\/ceefolchicamarasa\/wp-content\/uploads\/usu347\/2023\/06\/fortaleses-i-debilitats-2.jpg\"><img loading=\"lazy\" decoding=\"async\" class=\"alignnone wp-image-1092\" src=\"https:\/\/agora.xtec.cat\/ceefolchicamarasa\/wp-content\/uploads\/usu347\/2023\/06\/fortaleses-i-debilitats-2.jpg\" alt=\"\" width=\"816\" height=\"592\" srcset=\"https:\/\/agora.xtec.cat\/ceefolchicamarasa\/wp-content\/uploads\/usu347\/2023\/06\/fortaleses-i-debilitats-2.jpg 1060w, https:\/\/agora.xtec.cat\/ceefolchicamarasa\/wp-content\/uploads\/usu347\/2023\/06\/fortaleses-i-debilitats-2-300x218.jpg 300w, https:\/\/agora.xtec.cat\/ceefolchicamarasa\/wp-content\/uploads\/usu347\/2023\/06\/fortaleses-i-debilitats-2-1024x743.jpg 1024w, https:\/\/agora.xtec.cat\/ceefolchicamarasa\/wp-content\/uploads\/usu347\/2023\/06\/fortaleses-i-debilitats-2-768x557.jpg 768w\" sizes=\"auto, (max-width: 816px) 100vw, 816px\" \/><\/a><\/p>\n","protected":false},"excerpt":{"rendered":"<p>Per l&#8217;elaboraci\u00f3 de l&#8217;Estrat\u00e8gia Digital de Centre, cal comen\u00e7ar per saber d&#8217;on partim.<br \/>\nDurant el curs 22-23 la Comissi\u00f3 Digital ha fet servir dues enquestes per obtenir informaci\u00f3 en relaci\u00f3 a la compet\u00e8ncia digital docent aix\u00ed com l\u2019\u00fas que es fa de les tecnologies digitals en&hellip;  <a href=\"https:\/\/agora.xtec.cat\/ceefolchicamarasa\/estrategia-digital-de-centre\/part-estrategica\/diagnosi\/\" title=\"Read Diagnosi\">Llegeix m\u00e9s\u00bb<\/a><\/p>\n","protected":false},"author":1,"featured_media":0,"parent":1026,"menu_order":1,"comment_status":"closed","ping_status":"closed","template":"page-templates\/side-menu.php","meta":{"_bbp_topic_count":0,"_bbp_reply_count":0,"_bbp_total_topic_count":0,"_bbp_total_reply_count":0,"_bbp_voice_count":0,"_bbp_anonymous_reply_count":0,"_bbp_topic_count_hidden":0,"_bbp_reply_count_hidden":0,"_bbp_forum_subforum_count":0,"footnotes":""},"class_list":["post-1040","page","type-page","status-publish","hentry"],"post_mailing_queue_ids":[],"_links":{"self":[{"href":"https:\/\/agora.xtec.cat\/ceefolchicamarasa\/wp-json\/wp\/v2\/pages\/1040","targetHints":{"allow":["GET"]}}],"collection":[{"href":"https:\/\/agora.xtec.cat\/ceefolchicamarasa\/wp-json\/wp\/v2\/pages"}],"about":[{"href":"https:\/\/agora.xtec.cat\/ceefolchicamarasa\/wp-json\/wp\/v2\/types\/page"}],"author":[{"embeddable":true,"href":"https:\/\/agora.xtec.cat\/ceefolchicamarasa\/wp-json\/wp\/v2\/users\/1"}],"replies":[{"embeddable":true,"href":"https:\/\/agora.xtec.cat\/ceefolchicamarasa\/wp-json\/wp\/v2\/comments?post=1040"}],"version-history":[{"count":4,"href":"https:\/\/agora.xtec.cat\/ceefolchicamarasa\/wp-json\/wp\/v2\/pages\/1040\/revisions"}],"predecessor-version":[{"id":1103,"href":"https:\/\/agora.xtec.cat\/ceefolchicamarasa\/wp-json\/wp\/v2\/pages\/1040\/revisions\/1103"}],"up":[{"embeddable":true,"href":"https:\/\/agora.xtec.cat\/ceefolchicamarasa\/wp-json\/wp\/v2\/pages\/1026"}],"wp:attachment":[{"href":"https:\/\/agora.xtec.cat\/ceefolchicamarasa\/wp-json\/wp\/v2\/media?parent=1040"}],"curies":[{"name":"wp","href":"https:\/\/api.w.org\/{rel}","templated":true}]}}

<p class="_04xlpA direction-ltr align-center para-style-body"><span class="WdYUQQ text-decoration-none text-strikethrough-none">Per l&#8217;elaboració de l&#8217;Estratègia Digital de Centre, cal</span> <span class="WdYUQQ text-decoration-none text-strikethrough-none">començar per saber d&#8217;on partim.</span></p>
<p class="_04xlpA direction-ltr align-center para-style-body"><span class="WdYUQQ text-decoration-none text-strikethrough-none">Durant el curs 22-23 la Comissió Digital ha fet servir dues enquestes per obtenir informació en relació a la competència digital docent així com l’ús que es fa de les tecnologies digitals en el dia a dia dins de les aules, tenint en compte també el Pla TAC del 2018-19.</span></p>
<p class="_04xlpA direction-ltr align-center para-style-body"><span class="WdYUQQ text-decoration-none text-strikethrough-none">A partir dels resultats, s’han establert un llistat dels punts febles i forts del centre en l’àmbit digital que ens permeten plantejar els objectius de l&#8217;estratègia digital.</span></p>
<p><a href="https://agora.xtec.cat/ceefolchicamarasa/wp-content/uploads/usu347/2023/06/fortaleses-i-debilitats-2.jpg"><img loading="lazy" decoding="async" class="alignnone wp-image-1092" src="https://agora.xtec.cat/ceefolchicamarasa/wp-content/uploads/usu347/2023/06/fortaleses-i-debilitats-2.jpg" alt="" width="816" height="592" srcset="https://agora.xtec.cat/ceefolchicamarasa/wp-content/uploads/usu347/2023/06/fortaleses-i-debilitats-2.jpg 1060w, https://agora.xtec.cat/ceefolchicamarasa/wp-content/uploads/usu347/2023/06/fortaleses-i-debilitats-2-300x218.jpg 300w, https://agora.xtec.cat/ceefolchicamarasa/wp-content/uploads/usu347/2023/06/fortaleses-i-debilitats-2-1024x743.jpg 1024w, https://agora.xtec.cat/ceefolchicamarasa/wp-content/uploads/usu347/2023/06/fortaleses-i-debilitats-2-768x557.jpg 768w" sizes="auto, (max-width: 816px) 100vw, 816px" /></a></p>

<p>Per l&#8217;elaboració de l&#8217;Estratègia Digital de Centre, cal començar per saber d&#8217;on partim.<br />
Durant el curs 22-23 la Comissió Digital ha fet servir dues enquestes per obtenir informació en relació a la competència digital docent així com l’ús que es fa de les tecnologies digitals en&hellip;  <a href="https://agora.xtec.cat/ceefolchicamarasa/estrategia-digital-de-centre/part-estrategica/diagnosi/" title="Read Diagnosi">Llegeix més»</a></p>
