{"id":534,"date":"2020-01-15T00:12:39","date_gmt":"2020-01-14T23:12:39","guid":{"rendered":"http:\/\/agora.xtec.cat\/ceeconchaespina\/?page_id=534"},"modified":"2024-02-01T09:26:33","modified_gmt":"2024-02-01T08:26:33","slug":"trets-didentitat","status":"publish","type":"page","link":"https:\/\/agora.xtec.cat\/ceeconchaespina\/escola\/trets-didentitat\/","title":{"rendered":"Trets d&#8217;identitat"},"content":{"rendered":"<p><img loading=\"lazy\" decoding=\"async\" class=\"alignnone size-thumbnail wp-image-2607\" src=\"https:\/\/agora.xtec.cat\/ceeconchaespina\/wp-content\/uploads\/usu1920\/2020\/10\/SPC_Trets-didentitat-150x150.jpg\" alt=\"\" width=\"150\" height=\"150\" srcset=\"https:\/\/agora.xtec.cat\/ceeconchaespina\/wp-content\/uploads\/usu1920\/2020\/10\/SPC_Trets-didentitat-150x150.jpg 150w, https:\/\/agora.xtec.cat\/ceeconchaespina\/wp-content\/uploads\/usu1920\/2020\/10\/SPC_Trets-didentitat.jpg 283w\" sizes=\"auto, (max-width: 150px) 100vw, 150px\" \/><\/p>\n<p>Els trets m\u00e9s caracter\u00edstics que es viuen en l&#8217;activitat di\u00e0ria del centre i en el conjunt de la comunitat educativa s\u00f3n:<\/p>\n<ul>\n<li>La no confessionalitat, respectant la llibertat religiosa.<\/li>\n<li>El pluralisme ideol\u00f2gic, acceptant les difer\u00e8ncies i promovent la conviv\u00e8ncia de cultures i diferents maneres de pensar i de viure el m\u00f3n.<\/li>\n<li>La defensa de la igualtat, dels drets i de les oportunitats de les persones en relaci\u00f3 a les seves capacitats. Aix\u00f2 implica la no discriminaci\u00f3 de ning\u00fa sota cap pretext de ra\u00e7a, sexe, llengua, minusv\u00e0lua o ideologia.<\/li>\n<li>La utilitzaci\u00f3 del catal\u00e0 com a llengua d&#8217;aprenentatge, sempre amb respecte, i el foment d&#8217;altres lleng\u00fces, especialment del castell\u00e0.<\/li>\n<\/ul>\n<p>Respecte el treball amb els alumnes es t\u00e9 especialment en consideraci\u00f3:<\/p>\n<ul>\n<li>L\u2019especificitat de cada alumne, considerant-lo \u00edntegrament en les seves dimensions: personal, familiar, escolar i social.<\/li>\n<li>El desenvolupament de la individualitat de cada alumne mitjan\u00e7ant la potenciaci\u00f3 de les compet\u00e8ncies b\u00e0siques.<\/li>\n<li>L&#8217;avaluaci\u00f3 i la valoraci\u00f3 del progr\u00e9s de l&#8217;alumne.<\/li>\n<li>La col\u00b7laboraci\u00f3 estreta entre la fam\u00edlia i el centre.<\/li>\n<li>La consideraci\u00f3 del centre com un espai de transici\u00f3 i preparaci\u00f3 per a la futura vida de l&#8217;alumne.<\/li>\n<\/ul>\n<p>La l\u00ednia pedag\u00f2gica de l\u2019escola es divideix en 2 itineraris principals:<\/p>\n<ul>\n<li><a href=\"https:\/\/agora.xtec.cat\/ceeconchaespina\/comunitat\/itineraris\/itinerari-sensorial\/\">Itinerari sensorial<\/a>.<\/li>\n<li><a href=\"https:\/\/agora.xtec.cat\/ceeconchaespina\/comunitat\/itineraris\/itinerari-funcional\/\">Itinerari funcional &#8211; curricular<\/a>.<\/li>\n<\/ul>\n","protected":false},"excerpt":{"rendered":"<p>Els trets m\u00e9s caracter\u00edstics que es viuen en l&#8217;activitat di\u00e0ria del centre i en el conjunt de la comunitat educativa s\u00f3n: La no confessionalitat, respectant la llibertat religiosa. El pluralisme ideol\u00f2gic, acceptant les difer\u00e8ncies i promovent la conviv\u00e8ncia de cultures i diferents maneres de pensar i de viure el m\u00f3n. La defensa de la igualtat, [&hellip;]<\/p>\n","protected":false},"author":1,"featured_media":0,"parent":868,"menu_order":2,"comment_status":"closed","ping_status":"closed","template":"page-templates\/side-menu.php","meta":{"_bbp_topic_count":0,"_bbp_reply_count":0,"_bbp_total_topic_count":0,"_bbp_total_reply_count":0,"_bbp_voice_count":0,"_bbp_anonymous_reply_count":0,"_bbp_topic_count_hidden":0,"_bbp_reply_count_hidden":0,"_bbp_forum_subforum_count":0,"site-sidebar-layout":"default","site-content-layout":"","ast-site-content-layout":"","site-content-style":"default","site-sidebar-style":"default","ast-global-header-display":"","ast-banner-title-visibility":"","ast-main-header-display":"","ast-hfb-above-header-display":"","ast-hfb-below-header-display":"","ast-hfb-mobile-header-display":"","site-post-title":"","ast-breadcrumbs-content":"","ast-featured-img":"","footer-sml-layout":"","theme-transparent-header-meta":"","adv-header-id-meta":"","stick-header-meta":"","header-above-stick-meta":"","header-main-stick-meta":"","header-below-stick-meta":"","astra-migrate-meta-layouts":"default","ast-page-background-enabled":"default","ast-page-background-meta":{"desktop":{"background-color":"var(--ast-global-color-4)","background-image":"","background-repeat":"repeat","background-position":"center center","background-size":"auto","background-attachment":"scroll","background-type":"","background-media":"","overlay-type":"","overlay-color":"","overlay-opacity":"","overlay-gradient":""},"tablet":{"background-color":"","background-image":"","background-repeat":"repeat","background-position":"center center","background-size":"auto","background-attachment":"scroll","background-type":"","background-media":"","overlay-type":"","overlay-color":"","overlay-opacity":"","overlay-gradient":""},"mobile":{"background-color":"","background-image":"","background-repeat":"repeat","background-position":"center center","background-size":"auto","background-attachment":"scroll","background-type":"","background-media":"","overlay-type":"","overlay-color":"","overlay-opacity":"","overlay-gradient":""}},"ast-content-background-meta":{"desktop":{"background-color":"var(--ast-global-color-5)","background-image":"","background-repeat":"repeat","background-position":"center center","background-size":"auto","background-attachment":"scroll","background-type":"","background-media":"","overlay-type":"","overlay-color":"","overlay-opacity":"","overlay-gradient":""},"tablet":{"background-color":"var(--ast-global-color-5)","background-image":"","background-repeat":"repeat","background-position":"center center","background-size":"auto","background-attachment":"scroll","background-type":"","background-media":"","overlay-type":"","overlay-color":"","overlay-opacity":"","overlay-gradient":""},"mobile":{"background-color":"var(--ast-global-color-5)","background-image":"","background-repeat":"repeat","background-position":"center center","background-size":"auto","background-attachment":"scroll","background-type":"","background-media":"","overlay-type":"","overlay-color":"","overlay-opacity":"","overlay-gradient":""}},"footnotes":""},"class_list":["post-534","page","type-page","status-publish","hentry"],"post_mailing_queue_ids":[],"_links":{"self":[{"href":"https:\/\/agora.xtec.cat\/ceeconchaespina\/wp-json\/wp\/v2\/pages\/534","targetHints":{"allow":["GET"]}}],"collection":[{"href":"https:\/\/agora.xtec.cat\/ceeconchaespina\/wp-json\/wp\/v2\/pages"}],"about":[{"href":"https:\/\/agora.xtec.cat\/ceeconchaespina\/wp-json\/wp\/v2\/types\/page"}],"author":[{"embeddable":true,"href":"https:\/\/agora.xtec.cat\/ceeconchaespina\/wp-json\/wp\/v2\/users\/1"}],"replies":[{"embeddable":true,"href":"https:\/\/agora.xtec.cat\/ceeconchaespina\/wp-json\/wp\/v2\/comments?post=534"}],"version-history":[{"count":5,"href":"https:\/\/agora.xtec.cat\/ceeconchaespina\/wp-json\/wp\/v2\/pages\/534\/revisions"}],"predecessor-version":[{"id":13945,"href":"https:\/\/agora.xtec.cat\/ceeconchaespina\/wp-json\/wp\/v2\/pages\/534\/revisions\/13945"}],"up":[{"embeddable":true,"href":"https:\/\/agora.xtec.cat\/ceeconchaespina\/wp-json\/wp\/v2\/pages\/868"}],"wp:attachment":[{"href":"https:\/\/agora.xtec.cat\/ceeconchaespina\/wp-json\/wp\/v2\/media?parent=534"}],"curies":[{"name":"wp","href":"https:\/\/api.w.org\/{rel}","templated":true}]}}