{"id":14441,"date":"2024-07-01T10:08:23","date_gmt":"2024-07-01T08:08:23","guid":{"rendered":"https:\/\/agora.xtec.cat\/ceeconchaespina\/?page_id=14441"},"modified":"2026-02-05T11:44:52","modified_gmt":"2026-02-05T10:44:52","slug":"gossos","status":"publish","type":"page","link":"https:\/\/agora.xtec.cat\/ceeconchaespina\/escola\/projectes\/gossos\/","title":{"rendered":"Gossos"},"content":{"rendered":"<p><img loading=\"lazy\" decoding=\"async\" class=\"alignnone size-thumbnail wp-image-14452\" src=\"https:\/\/agora.xtec.cat\/ceeconchaespina\/wp-content\/uploads\/usu1920\/2024\/07\/ACTIVITAT-GOSSOS-150x150.png\" alt=\"\" width=\"150\" height=\"150\" srcset=\"https:\/\/agora.xtec.cat\/ceeconchaespina\/wp-content\/uploads\/usu1920\/2024\/07\/ACTIVITAT-GOSSOS-150x150.png 150w, https:\/\/agora.xtec.cat\/ceeconchaespina\/wp-content\/uploads\/usu1920\/2024\/07\/ACTIVITAT-GOSSOS-300x300.png 300w, https:\/\/agora.xtec.cat\/ceeconchaespina\/wp-content\/uploads\/usu1920\/2024\/07\/ACTIVITAT-GOSSOS.png 308w\" sizes=\"auto, (max-width: 150px) 100vw, 150px\" \/><\/p>\n<p><a href=\"https:\/\/agora.xtec.cat\/ceeconchaespina\/wp-content\/uploads\/usu1920\/2025\/02\/PROJECTE_ACTIVITAT-ASSISTIDA-AMB-GOSSOS.pdf\">Document projecte activitat assistida amb Gossos.<\/a><\/p>\n<header class=\"entry-header \">\n<h1 class=\"entry-title\">Dansa i moviment<\/h1>\n<\/header>\n<div class=\"entry-content clear\">\n<p><a href=\"https:\/\/agora.xtec.cat\/ceeconchaespina\/escola\/projectes\/dansa-i-moviment\/attachment\/dansa-i-moviment\/\" rel=\"attachment wp-att-14781\"><img loading=\"lazy\" decoding=\"async\" class=\"alignnone wp-image-14781 size-thumbnail\" src=\"https:\/\/agora.xtec.cat\/ceeconchaespina\/wp-content\/uploads\/usu1920\/2025\/01\/dansa-i-moviment-150x150.jpg\" sizes=\"auto, (max-width: 150px) 100vw, 150px\" srcset=\"https:\/\/agora.xtec.cat\/ceeconchaespina\/wp-content\/uploads\/usu1920\/2025\/01\/dansa-i-moviment-150x150.jpg 150w, https:\/\/agora.xtec.cat\/ceeconchaespina\/wp-content\/uploads\/usu1920\/2025\/01\/dansa-i-moviment-300x300.jpg 300w, https:\/\/agora.xtec.cat\/ceeconchaespina\/wp-content\/uploads\/usu1920\/2025\/01\/dansa-i-moviment.jpg 308w\" alt=\"\" width=\"150\" height=\"150\" \/><\/a><\/p>\n<p><a href=\"https:\/\/agora.xtec.cat\/ceeconchaespina\/wp-content\/uploads\/usu1920\/2025\/01\/PROJECTE_DANSA-MOVIMENT.pdf\">Document projecte Dansa i moviment.<\/a><\/p>\n<h1 class=\"entry-title\">Piscina<\/h1>\n<\/div>\n<p><a href=\"https:\/\/agora.xtec.cat\/ceeconchaespina\/escola\/projectes\/gossos\/attachment\/piscina\/\" rel=\"attachment wp-att-14781\"><img loading=\"lazy\" decoding=\"async\" class=\"alignnone wp-image-15277 \" src=\"https:\/\/agora.xtec.cat\/ceeconchaespina\/wp-content\/uploads\/usu1920\/2026\/02\/piscina.jpg\" alt=\"\" width=\"150\" height=\"150\" srcset=\"https:\/\/agora.xtec.cat\/ceeconchaespina\/wp-content\/uploads\/usu1920\/2026\/02\/piscina.jpg 309w, https:\/\/agora.xtec.cat\/ceeconchaespina\/wp-content\/uploads\/usu1920\/2026\/02\/piscina-300x300.jpg 300w, https:\/\/agora.xtec.cat\/ceeconchaespina\/wp-content\/uploads\/usu1920\/2026\/02\/piscina-150x150.jpg 150w\" sizes=\"auto, (max-width: 150px) 100vw, 150px\" \/><\/a><\/p>\n<p>L&#8217;alumnat de l&#8217;escola participa en l\u2019activitat, <strong>Ja nedo<\/strong>, dins del projecte<a href=\"http:\/\/www.bcn.cat\/lesportensfamesgrans\/ca\/programes.html\" target=\"_blank\" rel=\"noopener\">\u00a0<u>Educar en l\u2019esport de l\u2019Ajuntament de Barcelona<\/u>.<\/a><\/p>\n<p>L\u2019activitat est\u00e0 inclosa dins de l\u2019\u00e0rea de psicomotricitat i d\u2019Educaci\u00f3 F\u00edsica.<\/p>\n<p>Es realitza a les instal\u00b7lacions del CEM Maresme i permet a l&#8217;alumnat experimentar noves possibilitats motrius per assolir els primers despla\u00e7aments aut\u00f2noms en el medi aqu\u00e0tic.<\/p>\n<header class=\"entry-header\">\n<h1 class=\"entry-title\">\u00a0<\/h1>\n<\/header>\n<div class=\"entry-content\">\n<p>\u00a0<\/p>\n<\/div>\n\n\n<p><\/p>\n","protected":false},"excerpt":{"rendered":"<p>Document projecte activitat assistida amb Gossos. Dansa i moviment Document projecte Dansa i moviment. Piscina L&#8217;alumnat de l&#8217;escola participa en l\u2019activitat, Ja nedo, dins del projecte\u00a0Educar en l\u2019esport de l\u2019Ajuntament de Barcelona. L\u2019activitat est\u00e0 inclosa dins de l\u2019\u00e0rea de psicomotricitat i d\u2019Educaci\u00f3 F\u00edsica. Es realitza a les instal\u00b7lacions del CEM Maresme i permet a l&#8217;alumnat [&hellip;]<\/p>\n","protected":false},"author":1,"featured_media":0,"parent":1797,"menu_order":0,"comment_status":"closed","ping_status":"closed","template":"","meta":{"_bbp_topic_count":0,"_bbp_reply_count":0,"_bbp_total_topic_count":0,"_bbp_total_reply_count":0,"_bbp_voice_count":0,"_bbp_anonymous_reply_count":0,"_bbp_topic_count_hidden":0,"_bbp_reply_count_hidden":0,"_bbp_forum_subforum_count":0,"site-sidebar-layout":"default","site-content-layout":"","ast-site-content-layout":"default","site-content-style":"default","site-sidebar-style":"default","ast-global-header-display":"","ast-banner-title-visibility":"","ast-main-header-display":"","ast-hfb-above-header-display":"","ast-hfb-below-header-display":"","ast-hfb-mobile-header-display":"","site-post-title":"","ast-breadcrumbs-content":"","ast-featured-img":"","footer-sml-layout":"","theme-transparent-header-meta":"","adv-header-id-meta":"","stick-header-meta":"","header-above-stick-meta":"","header-main-stick-meta":"","header-below-stick-meta":"","astra-migrate-meta-layouts":"set","ast-page-background-enabled":"default","ast-page-background-meta":{"desktop":{"background-color":"var(--ast-global-color-4)","background-image":"","background-repeat":"repeat","background-position":"center center","background-size":"auto","background-attachment":"scroll","background-type":"","background-media":"","overlay-type":"","overlay-color":"","overlay-opacity":"","overlay-gradient":""},"tablet":{"background-color":"","background-image":"","background-repeat":"repeat","background-position":"center center","background-size":"auto","background-attachment":"scroll","background-type":"","background-media":"","overlay-type":"","overlay-color":"","overlay-opacity":"","overlay-gradient":""},"mobile":{"background-color":"","background-image":"","background-repeat":"repeat","background-position":"center center","background-size":"auto","background-attachment":"scroll","background-type":"","background-media":"","overlay-type":"","overlay-color":"","overlay-opacity":"","overlay-gradient":""}},"ast-content-background-meta":{"desktop":{"background-color":"var(--ast-global-color-5)","background-image":"","background-repeat":"repeat","background-position":"center center","background-size":"auto","background-attachment":"scroll","background-type":"","background-media":"","overlay-type":"","overlay-color":"","overlay-opacity":"","overlay-gradient":""},"tablet":{"background-color":"var(--ast-global-color-5)","background-image":"","background-repeat":"repeat","background-position":"center center","background-size":"auto","background-attachment":"scroll","background-type":"","background-media":"","overlay-type":"","overlay-color":"","overlay-opacity":"","overlay-gradient":""},"mobile":{"background-color":"var(--ast-global-color-5)","background-image":"","background-repeat":"repeat","background-position":"center center","background-size":"auto","background-attachment":"scroll","background-type":"","background-media":"","overlay-type":"","overlay-color":"","overlay-opacity":"","overlay-gradient":""}},"footnotes":""},"class_list":["post-14441","page","type-page","status-publish","hentry"],"post_mailing_queue_ids":[],"_links":{"self":[{"href":"https:\/\/agora.xtec.cat\/ceeconchaespina\/wp-json\/wp\/v2\/pages\/14441","targetHints":{"allow":["GET"]}}],"collection":[{"href":"https:\/\/agora.xtec.cat\/ceeconchaespina\/wp-json\/wp\/v2\/pages"}],"about":[{"href":"https:\/\/agora.xtec.cat\/ceeconchaespina\/wp-json\/wp\/v2\/types\/page"}],"author":[{"embeddable":true,"href":"https:\/\/agora.xtec.cat\/ceeconchaespina\/wp-json\/wp\/v2\/users\/1"}],"replies":[{"embeddable":true,"href":"https:\/\/agora.xtec.cat\/ceeconchaespina\/wp-json\/wp\/v2\/comments?post=14441"}],"version-history":[{"count":4,"href":"https:\/\/agora.xtec.cat\/ceeconchaespina\/wp-json\/wp\/v2\/pages\/14441\/revisions"}],"predecessor-version":[{"id":15279,"href":"https:\/\/agora.xtec.cat\/ceeconchaespina\/wp-json\/wp\/v2\/pages\/14441\/revisions\/15279"}],"up":[{"embeddable":true,"href":"https:\/\/agora.xtec.cat\/ceeconchaespina\/wp-json\/wp\/v2\/pages\/1797"}],"wp:attachment":[{"href":"https:\/\/agora.xtec.cat\/ceeconchaespina\/wp-json\/wp\/v2\/media?parent=14441"}],"curies":[{"name":"wp","href":"https:\/\/api.w.org\/{rel}","templated":true}]}}