{"id":832,"date":"2018-04-09T11:50:43","date_gmt":"2018-04-09T09:50:43","guid":{"rendered":"http:\/\/agora.xtec.cat\/ceecftflordemaig\/?page_id=832"},"modified":"2018-09-13T11:07:39","modified_gmt":"2018-09-13T09:07:39","slug":"eso","status":"publish","type":"page","link":"https:\/\/agora.xtec.cat\/ceecftflordemaig\/estudis\/eso\/","title":{"rendered":"ESO"},"content":{"rendered":"<p><strong>L&#8217;ESO<\/strong> amb modificaci\u00f3 global del curr\u00edculum d\u00f3na resposta a l&#8217;obligatorietat d&#8217;escolaritzaci\u00f3 dels nois\/es de les edats corresponents a aquesta etapa, posant a disposici\u00f3 de l&#8217;alumnat un conjunt de recursos educatius que permeten una diversificaci\u00f3 i adequaci\u00f3 als diferents nivells, reptes, ajuts i valoracions apropiats a les caracter\u00edstiques personals de cadasc\u00fa. El Centre est\u00e0 autoritzat a acreditar amb el graduat escolar als alumnes d\u2019ESO que acompleixen amb els requisits fixats.<br \/>\nLa formaci\u00f3 s&#8217;estructura en <strong>dos cicles.<\/strong> Cada cicle t\u00e9 una <em>durada de dos cursos<\/em>, amb la possibilitat de complementar un curs m\u00e9s en cada cicle, d&#8217;acord amb el ritme i proc\u00e9s d&#8217;aprenentatge de cada alumne.<\/p>\n","protected":false},"excerpt":{"rendered":"<p>L&#8217;ESO amb modificaci\u00f3 global del curr\u00edculum d\u00f3na resposta a l&#8217;obligatorietat d&#8217;escolaritzaci\u00f3 dels nois\/es de les edats corresponents a aquesta etapa, posant a disposici\u00f3 de l&#8217;alumnat un conjunt de recursos educatius que permeten una diversificaci\u00f3 i adequaci\u00f3 als diferents nivells, reptes, ajuts i valoracions apropiats a&hellip;  <a href=\"https:\/\/agora.xtec.cat\/ceecftflordemaig\/estudis\/eso\/\" title=\"Read ESO\">Llegeix m\u00e9s\u00bb<\/a><\/p>\n","protected":false},"author":15,"featured_media":0,"parent":195,"menu_order":0,"comment_status":"closed","ping_status":"closed","template":"page-templates\/side-menu.php","meta":{"_bbp_topic_count":0,"_bbp_reply_count":0,"_bbp_total_topic_count":0,"_bbp_total_reply_count":0,"_bbp_voice_count":0,"_bbp_anonymous_reply_count":0,"_bbp_topic_count_hidden":0,"_bbp_reply_count_hidden":0,"_bbp_forum_subforum_count":0,"footnotes":""},"class_list":["post-832","page","type-page","status-publish","hentry"],"post_mailing_queue_ids":[],"_links":{"self":[{"href":"https:\/\/agora.xtec.cat\/ceecftflordemaig\/wp-json\/wp\/v2\/pages\/832","targetHints":{"allow":["GET"]}}],"collection":[{"href":"https:\/\/agora.xtec.cat\/ceecftflordemaig\/wp-json\/wp\/v2\/pages"}],"about":[{"href":"https:\/\/agora.xtec.cat\/ceecftflordemaig\/wp-json\/wp\/v2\/types\/page"}],"author":[{"embeddable":true,"href":"https:\/\/agora.xtec.cat\/ceecftflordemaig\/wp-json\/wp\/v2\/users\/15"}],"replies":[{"embeddable":true,"href":"https:\/\/agora.xtec.cat\/ceecftflordemaig\/wp-json\/wp\/v2\/comments?post=832"}],"version-history":[{"count":2,"href":"https:\/\/agora.xtec.cat\/ceecftflordemaig\/wp-json\/wp\/v2\/pages\/832\/revisions"}],"predecessor-version":[{"id":929,"href":"https:\/\/agora.xtec.cat\/ceecftflordemaig\/wp-json\/wp\/v2\/pages\/832\/revisions\/929"}],"up":[{"embeddable":true,"href":"https:\/\/agora.xtec.cat\/ceecftflordemaig\/wp-json\/wp\/v2\/pages\/195"}],"wp:attachment":[{"href":"https:\/\/agora.xtec.cat\/ceecftflordemaig\/wp-json\/wp\/v2\/media?parent=832"}],"curies":[{"name":"wp","href":"https:\/\/api.w.org\/{rel}","templated":true}]}}