{"id":27,"date":"2014-09-17T16:24:03","date_gmt":"2014-09-17T16:24:03","guid":{"rendered":"http:\/\/agora.xtec.cat\/ceecftflordemaig\/?page_id=27"},"modified":"2018-04-05T14:40:08","modified_gmt":"2018-04-05T12:40:08","slug":"historia","status":"publish","type":"page","link":"https:\/\/agora.xtec.cat\/ceecftflordemaig\/linstitut\/historia\/","title":{"rendered":"Hist\u00f2ria"},"content":{"rendered":"<p>El <strong>Centre de Formaci\u00f3 i Treball Flor de Maig<\/strong>, \u00e9s titularitat del Departament d&#8217;Educaci\u00f3 de la Generalitat de Catalunya des del 1 de gener 2007 i \u00e9s l\u2019\u00fanic centre de Educaci\u00f3 Especial d\u2019educaci\u00f3 secund\u00e0ria que t\u00e9 el Departament d\u2019Ensenyament.<br \/>\nEl Centre de Formaci\u00f3 i Treball va ser <strong>fundat<\/strong> l&#8217;any <strong>1.976<\/strong> en el marc del Patronat Flor de Maig de la Diputaci\u00f3 de Barcelona amb el nom d&#8217;Institut de Promoci\u00f3 S\u00f2cio-Assistencial (IPSA).<\/p>\n<p>El 5 de juny de <strong>1.971<\/strong> la Diputaci\u00f3 de Barcelona va signar un conveni amb la Fundaci\u00f3 Juan March per a la construcci\u00f3, manteniment i posta en marxa del que s\u2019anomen\u00e0: Institut Psicopedag\u00f2gic i d\u2019Investigaci\u00f3 Flor de Maig &#8211; Fundaci\u00f3 Juan March.<\/p>\n<p>La Fundaci\u00f3 Juan March va dur a terme la construcci\u00f3 del conjunt d\u2019edificis i instal\u00b7lacions per a la nova instituci\u00f3, que es definia com un centre pilot per a la investigaci\u00f3 i formaci\u00f3 de personal dedicat a nens subjectes a educaci\u00f3 especial.<\/p>\n<p>El 13 de setembre de <strong>1975<\/strong> la Fundaci\u00f3 Juan March efectu\u00e0 la donaci\u00f3 d\u2019aquests edificis a la Diputaci\u00f3 de Barcelona. Finalment, el 22 de setembre de 1975, es va procedir a la constituci\u00f3 formal del Patronat de la Fundaci\u00f3 P\u00fablica Institut Neurobiol\u00f2gic i d\u2019Investigaci\u00f3 Flor de Maig.<\/p>\n<p>M\u00e9s endavant, la Comissi\u00f3 de Govern de la Diputaci\u00f3 de Barcelona, acord\u00e0, entre d\u2019altres, sol\u00b7licitar al Departament d\u2019Ensenyament de la Generalitat de Catalunya l\u2019acord de modificar la denominaci\u00f3 d\u2019Institut Neurobiol\u00f2gic i d\u2019Investigaci\u00f3 Flor de Maig, (nom oficialment enregistrat de l\u2019EFPA), que pass\u00e0 a denominar-se Centre de Formaci\u00f3 i Treball Flor de Maig.<br \/>\nAix\u00ed doncs, L\u2019Escola de Formaci\u00f3 Professional Adaptada es denomina actualment, Centre de Formaci\u00f3 i Treball Flor de Maig.<br \/>\nHist\u00f2ria educativa<\/p>\n<p>Les activitats educatives de Flor de Maig van comen\u00e7ar l\u2019octubre de <strong>1.976<\/strong>, amb 10 joves procedents de Llars Mundet. S\u2019estudiaven alternatives que preveien tant la possibilitat d\u2019un centre de treball protegit com d\u2019un centre de formaci\u00f3 per al treball.<\/p>\n<p>La creaci\u00f3 del CFT es va donar en un moment hist\u00f2ric molt determinat. Les escoles d\u2019educaci\u00f3 especial, que havien nascut fruit de l\u2019esfor\u00e7 de les associacions de pares i de l\u2019 inter\u00e8s de professionals sensibilitzats, estaven destinades a tots aquells nens que presentaven diversitat funcional i\/o eren expulsats del circuit escolar ordinari. La diversitat d\u2019alumnes atesos, aix\u00ed com de les seves capacitats, plantejava a les fam\u00edlies for\u00e7a interrogants de futur, l\u2019Associaci\u00f3 de Pares de Flor de Maig, plantejava la possibilitat de crear un centre de treball protegit que garant\u00eds el futur laboral dels seus fills, aquesta alternativa es va desestimar.<br \/>\nL\u2019an\u00e0lisi dels recursos existents evidenciava un buit en l\u2019etapa formativa de preparaci\u00f3 per a la vida adulta i el treball: la formaci\u00f3 professionalitzadora, adaptada a les capacitats dels alumnes, era un espai per cobrir i un repte for\u00e7a engrescador.<br \/>\nEl treball de programaci\u00f3 a realitzar des de l\u2019\u00e0mbit professional, per donar contingut i entitat a aquesta formaci\u00f3 fins aleshores inexistent, es va emmarcar en la FP de 1r grau i va suposar una important implicaci\u00f3 d\u2019il\u00b7lusi\u00f3 i creativitat, no va ser fins al cap de 6 anys (<strong>1.981<\/strong>) que es va aconseguir una certa homologaci\u00f3 oficial dels estudis.<\/p>\n<p>L\u2019any <strong>1.981<\/strong> es crea el Departament d\u2019Orientaci\u00f3 Laboral i Seguiment per a la intermediaci\u00f3 i recerca de f\u00f3rmules, estrat\u00e8gies i altres accions laborals orientades a una millor sensibilitzaci\u00f3 social i, d\u2019una manera molt especial, a la integraci\u00f3 laboral dels alumnes.<\/p>\n<p>L\u2019any <strong>2005<\/strong> la Diputaci\u00f3 de Barcelona, per raons purament \u201cpol\u00edtiques\u201d, tanca el Departament i trasllada el personal a altres serveis de la Diputaci\u00f3.<br \/>\nMalgrat aix\u00f2, el Centre continua treballant amb el mateix objectiu, demostrant que la integraci\u00f3 laboral de les persones amb diversitat funcional \u00e9s possible i que cal sumar els esfor\u00e7os de tots els agents socials a fi d\u2019aconseguir els millors resultats.<\/p>\n<p>&nbsp;<\/p>\n","protected":false},"excerpt":{"rendered":"<p>El Centre de Formaci\u00f3 i Treball Flor de Maig, \u00e9s titularitat del Departament d&#8217;Educaci\u00f3 de la Generalitat de Catalunya des del 1 de gener 2007 i \u00e9s l\u2019\u00fanic centre de Educaci\u00f3 Especial d\u2019educaci\u00f3 secund\u00e0ria que t\u00e9 el Departament d\u2019Ensenyament.<br \/>\nEl Centre de Formaci\u00f3 i Treball va&hellip;  <a href=\"https:\/\/agora.xtec.cat\/ceecftflordemaig\/linstitut\/historia\/\" title=\"Read Hist\u00f2ria\">Llegeix m\u00e9s\u00bb<\/a><\/p>\n","protected":false},"author":1,"featured_media":0,"parent":19,"menu_order":10,"comment_status":"closed","ping_status":"closed","template":"page-templates\/side-menu.php","meta":{"_bbp_topic_count":0,"_bbp_reply_count":0,"_bbp_total_topic_count":0,"_bbp_total_reply_count":0,"_bbp_voice_count":0,"_bbp_anonymous_reply_count":0,"_bbp_topic_count_hidden":0,"_bbp_reply_count_hidden":0,"_bbp_forum_subforum_count":0,"footnotes":""},"class_list":["post-27","page","type-page","status-publish","hentry"],"post_mailing_queue_ids":[],"_links":{"self":[{"href":"https:\/\/agora.xtec.cat\/ceecftflordemaig\/wp-json\/wp\/v2\/pages\/27","targetHints":{"allow":["GET"]}}],"collection":[{"href":"https:\/\/agora.xtec.cat\/ceecftflordemaig\/wp-json\/wp\/v2\/pages"}],"about":[{"href":"https:\/\/agora.xtec.cat\/ceecftflordemaig\/wp-json\/wp\/v2\/types\/page"}],"author":[{"embeddable":true,"href":"https:\/\/agora.xtec.cat\/ceecftflordemaig\/wp-json\/wp\/v2\/users\/1"}],"replies":[{"embeddable":true,"href":"https:\/\/agora.xtec.cat\/ceecftflordemaig\/wp-json\/wp\/v2\/comments?post=27"}],"version-history":[{"count":3,"href":"https:\/\/agora.xtec.cat\/ceecftflordemaig\/wp-json\/wp\/v2\/pages\/27\/revisions"}],"predecessor-version":[{"id":779,"href":"https:\/\/agora.xtec.cat\/ceecftflordemaig\/wp-json\/wp\/v2\/pages\/27\/revisions\/779"}],"up":[{"embeddable":true,"href":"https:\/\/agora.xtec.cat\/ceecftflordemaig\/wp-json\/wp\/v2\/pages\/19"}],"wp:attachment":[{"href":"https:\/\/agora.xtec.cat\/ceecftflordemaig\/wp-json\/wp\/v2\/media?parent=27"}],"curies":[{"name":"wp","href":"https:\/\/api.w.org\/{rel}","templated":true}]}}