{"id":760,"date":"2025-07-24T12:10:56","date_gmt":"2025-07-24T10:10:56","guid":{"rendered":"https:\/\/agora.xtec.cat\/ceecanvila\/?page_id=760"},"modified":"2025-07-31T14:12:11","modified_gmt":"2025-07-31T12:12:11","slug":"activitats-afa","status":"publish","type":"page","link":"https:\/\/agora.xtec.cat\/ceecanvila\/informacions-afa\/activitats-afa\/","title":{"rendered":"Activitats AFA"},"content":{"rendered":"\n<p>II Jornada de fam\u00edlies<\/p>\n\n\n\n<p>El dissabte, 6 de juny, hem celebrat la&nbsp;<strong>2a jornada festiva amb les fam\u00edlies<\/strong>, una trobada pensada per&nbsp;<strong>obrir les portes del centre<\/strong>&nbsp;i compartir el dia a dia dels alumnes amb docents i familiars.<\/p>\n\n\n\n<p>La iniciativa, sota el nom&nbsp;<strong>L\u2019Escola \u00c9s Oberta<\/strong>, ha reunit unes&nbsp;<strong>300 persones<\/strong>&nbsp;entre alumnes, professionals i fam\u00edlies, que han pogut visitar les aules i espais de treball on s\u2019ha desenvolupat el curs. La jornada ha servit tamb\u00e9 per mostrar diversos&nbsp;<strong>projectes educatius<\/strong>, com tallers de rob\u00f2tica i una activitat de logop\u00e8dia on s\u2019ha fet un<strong>&nbsp;tastet d\u2019aire<\/strong>, pensat per a persones que no poden menjar per boca. Fora de les aules, la festa ha continuat al pati de l\u2019escola, on els infants han pogut gaudir d\u2019<strong>inflables<\/strong>&nbsp;i de l\u2019espectacle del&nbsp;<strong>Dr. Bombolles<\/strong>, en un ambient familiar i l\u00fadic que ha omplert de vida tot el recinte.<\/p>\n\n\n\n<p>Aquesta jornada de conviv\u00e8ncia s\u2019ha celebrat pocs dies despr\u00e9s que Can Vila fos reconeguda amb el<strong>&nbsp;Premi Baldiri com a Escola Transformadora<\/strong>, un guard\u00f3 que posa en valor la tasca educativa i social del centre.<\/p>\n\n\n\n<p>La trobada ha finalitzat amb un&nbsp;<strong>aperitiu compartit<\/strong>&nbsp;entre totes les persones assistents, tancant una jornada que&nbsp;<strong>refor\u00e7a el vincle entre l\u2019escola i les fam\u00edlies<\/strong>&nbsp;i posa en valor la feina del dia a dia.<\/p>\n\n\n\n<figure class=\"wp-block-embed is-type-video is-provider-vimeo wp-block-embed-vimeo wp-embed-aspect-16-9 wp-has-aspect-ratio\"><div class=\"wp-block-embed__wrapper\">\n<div class=\"ast-oembed-container \" style=\"height: 100%;\"><iframe loading=\"lazy\" title=\"L\u2019escola d\u2019educaci\u00f3 especial Can Vila obre les portes a les fam\u00edlies en una jornada festiva-1\" src=\"https:\/\/player.vimeo.com\/video\/1093942296?dnt=1&amp;app_id=122963\" width=\"500\" height=\"281\" frameborder=\"0\" allow=\"autoplay; fullscreen; picture-in-picture; clipboard-write; encrypted-media; web-share\" referrerpolicy=\"strict-origin-when-cross-origin\"><\/iframe><\/div>\n<\/div><\/figure>\n\n\n\n<p>Documental\u00a0&#8220;Cuando ya no est\u00e9&#8221;<\/p>\n\n\n\n<p>Estem preparant la projecci\u00f3 del documental&nbsp;<strong>&#8220;Cuando ya no est\u00e9&#8221;<\/strong>, dirigit per el&nbsp;<strong>Francisco Gilbert<\/strong>&nbsp;i amb la col\u00b7laboraci\u00f3 de la psic\u00f3loga&nbsp;<strong>\u00c2ngels Ponce<\/strong>. El documental est\u00e0 realitzat en col\u00b7laboraci\u00f3&nbsp;amb&nbsp;<strong>Afecto Mariposa (<\/strong><strong><a href=\"https:\/\/afectomariposa.com\/\" target=\"_blank\" rel=\"noreferrer noopener\">https:\/\/afectomariposa.com\/<\/a><\/strong>), associaci\u00f3 de fam\u00edlies amb fills i filles amb discapacitat donant suport a altres fam\u00edlies a la mateixa situaci\u00f3<strong>.&nbsp;<\/strong><\/p>\n\n\n\n<p>El documental&nbsp;ens parla sobre la preocupaci\u00f3 de&nbsp;<strong>qu\u00e9 passa amb les persones amb discapacitat quan els cuidadors ja no hi som<\/strong>.<\/p>\n\n\n\n<p>La projecci\u00f3 ser\u00e0 el pr\u00f2xim dia&nbsp;<strong>7 de Febrer a les 17:45 hores, al centre El Lledoner,&nbsp;<\/strong>a Mollet del Vall\u00e8s<strong>. La entrada \u00e9s<\/strong><strong>gratu\u00efta.<\/strong><\/p>\n\n\n\n<p>Com que l&#8217;aforament de la sala es limitat, necessitar\u00edem que omplissiu el formulari que trobareu a la part baixa d&#8217;aquest email, per qu\u00e8 pugueu reservar lloc (l&#8217;enlla\u00e7 us portar\u00e0 a la p\u00e0gina web d&#8217;<strong>Afecto<\/strong><strong>&nbsp;Mariposa<\/strong>, ja que&nbsp;<strong>es gestionar\u00e0 des d&#8217;all\u00e0 el control de reservas<\/strong>)<\/p>\n\n\n\n<hr class=\"wp-block-separator has-alpha-channel-opacity\"\/>\n\n\n\n<p>Buenos d\u00edas,<\/p>\n\n\n\n<p>Estamos preparando la proyecci\u00f3n del documental&nbsp;<strong>&#8220;Cuando ya no est\u00e9&#8221;<\/strong>, dirigido por&nbsp;<strong>Francisco Gilbert<\/strong>&nbsp;y cuenta con la colaboraci\u00f3n de la psic\u00f3loga&nbsp;<strong>\u00c2ngels Ponce<\/strong>. El documental est\u00e1 realizado en colaboraci\u00f3n con&nbsp;<strong>Afecto Mariposa (<\/strong><strong><a href=\"https:\/\/afectomariposa.com\/\" target=\"_blank\" rel=\"noreferrer noopener\">https:\/\/afectomariposa.com\/<\/a><\/strong>), una asociaci\u00f3n compuesta por familias con&nbsp;<a href=\"mailto:hij@s con\">h<\/a>ijjas e hijos con discapacidad dando apoyo a otras familias en la misma situaci\u00f3n.<\/p>\n\n\n\n<p>El documental nos habla de la preocupaci\u00f3n sobre&nbsp;<strong>qu\u00e9 pasa con las personas con discapacidad cuando los cuidadores ya no estamos<\/strong>.<\/p>\n\n\n\n<p>La proyecci\u00f3n ser\u00e1 el pr\u00f3ximo d\u00eda&nbsp;<strong>7 de febrero a las 17:45 horas, en el centro El Lledoner&nbsp;<\/strong>de Mollet del Vall\u00e8s.&nbsp;<strong>La entrada es gratuita<\/strong>.<\/p>\n\n\n\n<p>Como el aforo de la sala es limitado, necesitamos que rellenes el siguiente formulario para que pod\u00e1is&nbsp;reservar sitio (el enlace os llevar\u00e1 a la p\u00e1gina de&nbsp;<strong>Afecto Mariposa<\/strong>, ya que&nbsp;<strong>desde all\u00ed se coordinar\u00e1n las reservas<\/strong>).<\/p>\n\n\n\n<p>Gr\u00e0cies \/ Gracias<\/p>\n\n\n\n<p><strong>JUNTA AFA CAN VILA<\/strong><\/p>\n\n\n\n<figure class=\"wp-block-embed is-type-video is-provider-youtube wp-block-embed-youtube wp-embed-aspect-16-9 wp-has-aspect-ratio\"><div class=\"wp-block-embed__wrapper\">\n<div class=\"ast-oembed-container \" style=\"height: 100%;\"><iframe loading=\"lazy\" title=\"TRAILER Cuando YA no est\u00e9.El duelo en personas con discapacidad intelectual\" width=\"500\" height=\"281\" src=\"https:\/\/www.youtube.com\/embed\/FVEkp80ywPE?feature=oembed\" frameborder=\"0\" allow=\"accelerometer; autoplay; clipboard-write; encrypted-media; gyroscope; picture-in-picture; web-share\" referrerpolicy=\"strict-origin-when-cross-origin\" allowfullscreen><\/iframe><\/div>\n<\/div><\/figure>\n","protected":false},"excerpt":{"rendered":"<p>II Jornada de fam\u00edlies El dissabte, 6 de juny, hem celebrat la&nbsp;2a jornada festiva amb les fam\u00edlies, una trobada pensada per&nbsp;obrir les portes del centre&nbsp;i compartir el dia a dia dels alumnes amb docents i familiars. La iniciativa, sota el nom&nbsp;L\u2019Escola \u00c9s Oberta, ha reunit unes&nbsp;300 persones&nbsp;entre alumnes, professionals i fam\u00edlies, que han pogut visitar [&hellip;]<\/p>\n","protected":false},"author":1,"featured_media":0,"parent":758,"menu_order":0,"comment_status":"closed","ping_status":"close","template":"","meta":{"site-sidebar-layout":"no-sidebar","site-content-layout":"","ast-site-content-layout":"default","site-content-style":"boxed","site-sidebar-style":"default","ast-global-header-display":"","ast-banner-title-visibility":"","ast-main-header-display":"","ast-hfb-above-header-display":"","ast-hfb-below-header-display":"","ast-hfb-mobile-header-display":"","site-post-title":"","ast-breadcrumbs-content":"","ast-featured-img":"","footer-sml-layout":"","theme-transparent-header-meta":"","adv-header-id-meta":"","stick-header-meta":"","header-above-stick-meta":"","header-main-stick-meta":"","header-below-stick-meta":"","astra-migrate-meta-layouts":"set","ast-page-background-enabled":"default","ast-page-background-meta":{"desktop":{"background-color":"var(--ast-global-color-4)","background-image":"","background-repeat":"repeat","background-position":"center center","background-size":"auto","background-attachment":"scroll","background-type":"","background-media":"","overlay-type":"","overlay-color":"","overlay-opacity":"","overlay-gradient":""},"tablet":{"background-color":"","background-image":"","background-repeat":"repeat","background-position":"center center","background-size":"auto","background-attachment":"scroll","background-type":"","background-media":"","overlay-type":"","overlay-color":"","overlay-opacity":"","overlay-gradient":""},"mobile":{"background-color":"","background-image":"","background-repeat":"repeat","background-position":"center center","background-size":"auto","background-attachment":"scroll","background-type":"","background-media":"","overlay-type":"","overlay-color":"","overlay-opacity":"","overlay-gradient":""}},"ast-content-background-meta":{"desktop":{"background-color":"var(--ast-global-color-5)","background-image":"","background-repeat":"repeat","background-position":"center center","background-size":"auto","background-attachment":"scroll","background-type":"","background-media":"","overlay-type":"","overlay-color":"","overlay-opacity":"","overlay-gradient":""},"tablet":{"background-color":"var(--ast-global-color-5)","background-image":"","background-repeat":"repeat","background-position":"center center","background-size":"auto","background-attachment":"scroll","background-type":"","background-media":"","overlay-type":"","overlay-color":"","overlay-opacity":"","overlay-gradient":""},"mobile":{"background-color":"var(--ast-global-color-5)","background-image":"","background-repeat":"repeat","background-position":"center center","background-size":"auto","background-attachment":"scroll","background-type":"","background-media":"","overlay-type":"","overlay-color":"","overlay-opacity":"","overlay-gradient":""}},"footnotes":""},"class_list":["post-760","page","type-page","status-publish","hentry"],"post_mailing_queue_ids":[],"_links":{"self":[{"href":"https:\/\/agora.xtec.cat\/ceecanvila\/wp-json\/wp\/v2\/pages\/760","targetHints":{"allow":["GET"]}}],"collection":[{"href":"https:\/\/agora.xtec.cat\/ceecanvila\/wp-json\/wp\/v2\/pages"}],"about":[{"href":"https:\/\/agora.xtec.cat\/ceecanvila\/wp-json\/wp\/v2\/types\/page"}],"author":[{"embeddable":true,"href":"https:\/\/agora.xtec.cat\/ceecanvila\/wp-json\/wp\/v2\/users\/1"}],"replies":[{"embeddable":true,"href":"https:\/\/agora.xtec.cat\/ceecanvila\/wp-json\/wp\/v2\/comments?post=760"}],"version-history":[{"count":2,"href":"https:\/\/agora.xtec.cat\/ceecanvila\/wp-json\/wp\/v2\/pages\/760\/revisions"}],"predecessor-version":[{"id":1016,"href":"https:\/\/agora.xtec.cat\/ceecanvila\/wp-json\/wp\/v2\/pages\/760\/revisions\/1016"}],"up":[{"embeddable":true,"href":"https:\/\/agora.xtec.cat\/ceecanvila\/wp-json\/wp\/v2\/pages\/758"}],"wp:attachment":[{"href":"https:\/\/agora.xtec.cat\/ceecanvila\/wp-json\/wp\/v2\/media?parent=760"}],"curies":[{"name":"wp","href":"https:\/\/api.w.org\/{rel}","templated":true}]}}