{"id":22,"date":"2014-09-18T12:19:57","date_gmt":"2014-09-18T11:19:57","guid":{"rendered":"http:\/\/agora.xtec.cat\/ceecanvila\/?page_id=22"},"modified":"2025-12-01T14:53:17","modified_gmt":"2025-12-01T13:53:17","slug":"lescola","status":"publish","type":"page","link":"https:\/\/agora.xtec.cat\/ceecanvila\/lescola\/","title":{"rendered":"L&#8217;escola"},"content":{"rendered":"<p>Can Vila \u00e9s una escola d\u2019educaci\u00f3 especial d\u2019\u00e0mbit comarcal que acull nens i nenes amb discapacitat intel\u00b7lectual, fet que fa necessari una atenci\u00f3 en un centre que disposi dels recursos espec\u00edfics i necessaris per la seva atenci\u00f3.<\/p>\n<p>L\u2019objectiu \u00e9s que els alumnes aconsegueixin la m\u00e0xima autonomia en tots els aspectes, tant personal, social, com educativa. La finalitat \u00e9s desenvolupar al m\u00e0xim les seves capacitats per tal d\u2019aconseguir la plena integraci\u00f3 a la societat.<\/p>\n<p>Les edats dels nostres alumnes van des dels 3 fins els 21 anys.<\/p>\n<p>Som una escola d\u2019educaci\u00f3 especial en la que s\u2019atenen alumnes amb discapacitat intel\u00b7lectual (reconeguts pel CAD corresponent i amb un m\u00ednim del 33% de discapacitat) amb diferents patologies associades.<\/p>\n<p>L\u2019agrupaci\u00f3 es fa per departaments:<\/p>\n<ul>\n<li>Infantil<\/li>\n<li>Atenci\u00f3 i educaci\u00f3 integral<\/li>\n<li>Prim\u00e0ria (primer i segon cicle)<\/li>\n<li>Secund\u00e0ria (primer i segon cicle)<\/li>\n<li>Habilitats b\u00e0siques i d\u2019interacci\u00f3 amb l\u2019entorn<\/li>\n<\/ul>\n","protected":false},"excerpt":{"rendered":"<p>Can Vila \u00e9s una escola d\u2019educaci\u00f3 especial d\u2019\u00e0mbit comarcal que acull nens i nenes amb discapacitat intel\u00b7lectual, fet que fa necessari una atenci\u00f3 en un centre que disposi dels recursos espec\u00edfics i necessaris per la seva atenci\u00f3. L\u2019objectiu \u00e9s que els alumnes aconsegueixin la m\u00e0xima autonomia en tots els aspectes, tant personal, social, com educativa. [&hellip;]<\/p>\n","protected":false},"author":1,"featured_media":0,"parent":0,"menu_order":0,"comment_status":"closed","ping_status":"closed","template":"","meta":{"site-sidebar-layout":"no-sidebar","site-content-layout":"","ast-site-content-layout":"default","site-content-style":"default","site-sidebar-style":"default","ast-global-header-display":"","ast-banner-title-visibility":"","ast-main-header-display":"","ast-hfb-above-header-display":"","ast-hfb-below-header-display":"","ast-hfb-mobile-header-display":"","site-post-title":"","ast-breadcrumbs-content":"","ast-featured-img":"","footer-sml-layout":"","theme-transparent-header-meta":"","adv-header-id-meta":"","stick-header-meta":"","header-above-stick-meta":"","header-main-stick-meta":"","header-below-stick-meta":"","astra-migrate-meta-layouts":"set","ast-page-background-enabled":"default","ast-page-background-meta":{"desktop":{"background-color":"var(--ast-global-color-4)","background-image":"","background-repeat":"repeat","background-position":"center center","background-size":"auto","background-attachment":"scroll","background-type":"","background-media":"","overlay-type":"","overlay-color":"","overlay-opacity":"","overlay-gradient":""},"tablet":{"background-color":"","background-image":"","background-repeat":"repeat","background-position":"center center","background-size":"auto","background-attachment":"scroll","background-type":"","background-media":"","overlay-type":"","overlay-color":"","overlay-opacity":"","overlay-gradient":""},"mobile":{"background-color":"","background-image":"","background-repeat":"repeat","background-position":"center center","background-size":"auto","background-attachment":"scroll","background-type":"","background-media":"","overlay-type":"","overlay-color":"","overlay-opacity":"","overlay-gradient":""}},"ast-content-background-meta":{"desktop":{"background-color":"var(--ast-global-color-5)","background-image":"","background-repeat":"repeat","background-position":"center center","background-size":"auto","background-attachment":"scroll","background-type":"","background-media":"","overlay-type":"","overlay-color":"","overlay-opacity":"","overlay-gradient":""},"tablet":{"background-color":"var(--ast-global-color-5)","background-image":"","background-repeat":"repeat","background-position":"center center","background-size":"auto","background-attachment":"scroll","background-type":"","background-media":"","overlay-type":"","overlay-color":"","overlay-opacity":"","overlay-gradient":""},"mobile":{"background-color":"var(--ast-global-color-5)","background-image":"","background-repeat":"repeat","background-position":"center center","background-size":"auto","background-attachment":"scroll","background-type":"","background-media":"","overlay-type":"","overlay-color":"","overlay-opacity":"","overlay-gradient":""}},"footnotes":""},"class_list":["post-22","page","type-page","status-publish","hentry"],"post_mailing_queue_ids":[],"_links":{"self":[{"href":"https:\/\/agora.xtec.cat\/ceecanvila\/wp-json\/wp\/v2\/pages\/22","targetHints":{"allow":["GET"]}}],"collection":[{"href":"https:\/\/agora.xtec.cat\/ceecanvila\/wp-json\/wp\/v2\/pages"}],"about":[{"href":"https:\/\/agora.xtec.cat\/ceecanvila\/wp-json\/wp\/v2\/types\/page"}],"author":[{"embeddable":true,"href":"https:\/\/agora.xtec.cat\/ceecanvila\/wp-json\/wp\/v2\/users\/1"}],"replies":[{"embeddable":true,"href":"https:\/\/agora.xtec.cat\/ceecanvila\/wp-json\/wp\/v2\/comments?post=22"}],"version-history":[{"count":2,"href":"https:\/\/agora.xtec.cat\/ceecanvila\/wp-json\/wp\/v2\/pages\/22\/revisions"}],"predecessor-version":[{"id":1236,"href":"https:\/\/agora.xtec.cat\/ceecanvila\/wp-json\/wp\/v2\/pages\/22\/revisions\/1236"}],"wp:attachment":[{"href":"https:\/\/agora.xtec.cat\/ceecanvila\/wp-json\/wp\/v2\/media?parent=22"}],"curies":[{"name":"wp","href":"https:\/\/api.w.org\/{rel}","templated":true}]}}