{"id":665,"date":"2019-03-08T11:12:39","date_gmt":"2019-03-08T10:12:39","guid":{"rendered":"https:\/\/agora.xtec.cat\/ceebalmes2\/?page_id=665"},"modified":"2019-05-24T09:07:18","modified_gmt":"2019-05-24T07:07:18","slug":"entorn","status":"publish","type":"page","link":"https:\/\/agora.xtec.cat\/ceebalmes2\/entorn\/","title":{"rendered":"Entorn"},"content":{"rendered":"<p><span style=\"font-weight: 400;\">El nostre principal objectiu \u00e9s oferir al nostre alumnat un entorn <strong>acollidor<\/strong> i <strong>estructurat<\/strong>, que proporcioni experi\u00e8ncies de <strong>seguretat<\/strong> i <strong>confian\u00e7a<\/strong>, que possibilitin el seu desenvolupament personal i la seva experi\u00e8ncia d\u2019<strong>autonomia<\/strong> i <strong>benestar<\/strong>.<\/span><\/p>\n<p><span style=\"font-weight: 400;\">L\u2019escola s\u2019organitza entorn a<strong> 8 petits grups de conviv\u00e8ncia i aprenenentatge<\/strong>, dissenyats a partir de diferents criteris i necessitats comunes, que faciliten l\u2019atenci\u00f3 individualitzada i la interacci\u00f3 entre iguals.<\/span><\/p>\n<p><a href=\"https:\/\/agora.xtec.cat\/ceebalmes2\/wp-content\/uploads\/usu1973\/2019\/05\/agendesnept\u00fa.jpg\"><img loading=\"lazy\" decoding=\"async\" class=\"alignnone wp-image-930\" src=\"https:\/\/agora.xtec.cat\/ceebalmes2\/wp-content\/uploads\/usu1973\/2019\/05\/agendesnept\u00fa.jpg\" alt=\"\" width=\"321\" height=\"221\" srcset=\"https:\/\/agora.xtec.cat\/ceebalmes2\/wp-content\/uploads\/usu1973\/2019\/05\/agendesnept\u00fa.jpg 448w, https:\/\/agora.xtec.cat\/ceebalmes2\/wp-content\/uploads\/usu1973\/2019\/05\/agendesnept\u00fa-300x206.jpg 300w\" sizes=\"auto, (max-width: 321px) 100vw, 321px\" \/>\u00a0\u00a0 <\/a>\u00a0 <a href=\"https:\/\/agora.xtec.cat\/ceebalmes2\/wp-content\/uploads\/usu1973\/2019\/05\/saturnpsico.jpg\"><img loading=\"lazy\" decoding=\"async\" class=\"alignnone wp-image-933\" src=\"https:\/\/agora.xtec.cat\/ceebalmes2\/wp-content\/uploads\/usu1973\/2019\/05\/saturnpsico.jpg\" alt=\"\" width=\"343\" height=\"257\" srcset=\"https:\/\/agora.xtec.cat\/ceebalmes2\/wp-content\/uploads\/usu1973\/2019\/05\/saturnpsico.jpg 448w, https:\/\/agora.xtec.cat\/ceebalmes2\/wp-content\/uploads\/usu1973\/2019\/05\/saturnpsico-300x225.jpg 300w, https:\/\/agora.xtec.cat\/ceebalmes2\/wp-content\/uploads\/usu1973\/2019\/05\/saturnpsico-200x150.jpg 200w\" sizes=\"auto, (max-width: 343px) 100vw, 343px\" \/><\/a><\/p>\n<p><span style=\"font-weight: 400;\">Al mateix temps, considerem imprescindible respectar els diferents moments vitals, <strong>ritmes<\/strong> d\u2019evoluci\u00f3 i necessitats particulars, per la qual cosa proposem recorreguts <strong>individualitzats<\/strong>, a trav\u00e9s d\u2019una estructura flexible que alhora ofereixi experi\u00e8ncies d\u2019estabilitat.<\/span><\/p>\n<p><a href=\"https:\/\/agora.xtec.cat\/ceebalmes2\/wp-content\/uploads\/usu1973\/2019\/05\/chemi-lecturaweb.jpg\"><img loading=\"lazy\" decoding=\"async\" class=\"alignnone wp-image-934\" src=\"https:\/\/agora.xtec.cat\/ceebalmes2\/wp-content\/uploads\/usu1973\/2019\/05\/chemi-lecturaweb.jpg\" alt=\"\" width=\"290\" height=\"218\" srcset=\"https:\/\/agora.xtec.cat\/ceebalmes2\/wp-content\/uploads\/usu1973\/2019\/05\/chemi-lecturaweb.jpg 448w, https:\/\/agora.xtec.cat\/ceebalmes2\/wp-content\/uploads\/usu1973\/2019\/05\/chemi-lecturaweb-300x225.jpg 300w, https:\/\/agora.xtec.cat\/ceebalmes2\/wp-content\/uploads\/usu1973\/2019\/05\/chemi-lecturaweb-200x150.jpg 200w\" sizes=\"auto, (max-width: 290px) 100vw, 290px\" \/>\u00a0 <\/a><a href=\"https:\/\/agora.xtec.cat\/ceebalmes2\/wp-content\/uploads\/usu1973\/2019\/05\/multisensorialmanolito.jpg\"><img loading=\"lazy\" decoding=\"async\" class=\"alignnone wp-image-935\" src=\"https:\/\/agora.xtec.cat\/ceebalmes2\/wp-content\/uploads\/usu1973\/2019\/05\/multisensorialmanolito.jpg\" alt=\"\" width=\"390\" height=\"235\" srcset=\"https:\/\/agora.xtec.cat\/ceebalmes2\/wp-content\/uploads\/usu1973\/2019\/05\/multisensorialmanolito.jpg 448w, https:\/\/agora.xtec.cat\/ceebalmes2\/wp-content\/uploads\/usu1973\/2019\/05\/multisensorialmanolito-300x181.jpg 300w\" sizes=\"auto, (max-width: 390px) 100vw, 390px\" \/><\/a><\/p>\n<p>Busquem que l&#8217;entorn s&#8217;aproximi a l&#8217;alumne: adaptacions de la postura, materials espec\u00edfics per facilitar l&#8217;acc\u00e9s a la comunicaci\u00f3, que promoguin el control de l&#8217;entorn i que facilitin experi\u00e8ncies variades a nivell perceptiu. En conjunt, un <strong>entorn protector de l&#8217;aprenentatge, acollidor, motivador i accessible a tothom.<\/strong><\/p>\n","protected":false},"excerpt":{"rendered":"<p>El nostre principal objectiu \u00e9s oferir al nostre alumnat un entorn acollidor i estructurat, que proporcioni experi\u00e8ncies de seguretat i confian\u00e7a, que possibilitin el seu desenvolupament personal i la seva experi\u00e8ncia d\u2019autonomia i benestar.<br \/>\nL\u2019escola s\u2019organitza entorn a 8 petits grups de conviv\u00e8ncia i aprenenentatge, dissenyats&hellip;  <a href=\"https:\/\/agora.xtec.cat\/ceebalmes2\/entorn\/\" title=\"Read Entorn\">Llegeix m\u00e9s\u00bb<\/a><\/p>\n","protected":false},"author":1,"featured_media":0,"parent":0,"menu_order":0,"comment_status":"closed","ping_status":"closed","template":"","meta":{"_bbp_topic_count":0,"_bbp_reply_count":0,"_bbp_total_topic_count":0,"_bbp_total_reply_count":0,"_bbp_voice_count":0,"_bbp_anonymous_reply_count":0,"_bbp_topic_count_hidden":0,"_bbp_reply_count_hidden":0,"_bbp_forum_subforum_count":0,"footnotes":""},"class_list":["post-665","page","type-page","status-publish","hentry"],"post_mailing_queue_ids":[],"_links":{"self":[{"href":"https:\/\/agora.xtec.cat\/ceebalmes2\/wp-json\/wp\/v2\/pages\/665","targetHints":{"allow":["GET"]}}],"collection":[{"href":"https:\/\/agora.xtec.cat\/ceebalmes2\/wp-json\/wp\/v2\/pages"}],"about":[{"href":"https:\/\/agora.xtec.cat\/ceebalmes2\/wp-json\/wp\/v2\/types\/page"}],"author":[{"embeddable":true,"href":"https:\/\/agora.xtec.cat\/ceebalmes2\/wp-json\/wp\/v2\/users\/1"}],"replies":[{"embeddable":true,"href":"https:\/\/agora.xtec.cat\/ceebalmes2\/wp-json\/wp\/v2\/comments?post=665"}],"version-history":[{"count":4,"href":"https:\/\/agora.xtec.cat\/ceebalmes2\/wp-json\/wp\/v2\/pages\/665\/revisions"}],"predecessor-version":[{"id":973,"href":"https:\/\/agora.xtec.cat\/ceebalmes2\/wp-json\/wp\/v2\/pages\/665\/revisions\/973"}],"wp:attachment":[{"href":"https:\/\/agora.xtec.cat\/ceebalmes2\/wp-json\/wp\/v2\/media?parent=665"}],"curies":[{"name":"wp","href":"https:\/\/api.w.org\/{rel}","templated":true}]}}

<p><span style="font-weight: 400;">El nostre principal objectiu és oferir al nostre alumnat un entorn <strong>acollidor</strong> i <strong>estructurat</strong>, que proporcioni experiències de <strong>seguretat</strong> i <strong>confiança</strong>, que possibilitin el seu desenvolupament personal i la seva experiència d’<strong>autonomia</strong> i <strong>benestar</strong>.</span></p>
<p><span style="font-weight: 400;">L’escola s’organitza entorn a<strong> 8 petits grups de convivència i aprenenentatge</strong>, dissenyats a partir de diferents criteris i necessitats comunes, que faciliten l’atenció individualitzada i la interacció entre iguals.</span></p>
<p><a href="https://agora.xtec.cat/ceebalmes2/wp-content/uploads/usu1973/2019/05/agendesneptú.jpg"><img loading="lazy" decoding="async" class="alignnone wp-image-930" src="https://agora.xtec.cat/ceebalmes2/wp-content/uploads/usu1973/2019/05/agendesneptú.jpg" alt="" width="321" height="221" srcset="https://agora.xtec.cat/ceebalmes2/wp-content/uploads/usu1973/2019/05/agendesneptú.jpg 448w, https://agora.xtec.cat/ceebalmes2/wp-content/uploads/usu1973/2019/05/agendesneptú-300x206.jpg 300w" sizes="auto, (max-width: 321px) 100vw, 321px" />   </a>  <a href="https://agora.xtec.cat/ceebalmes2/wp-content/uploads/usu1973/2019/05/saturnpsico.jpg"><img loading="lazy" decoding="async" class="alignnone wp-image-933" src="https://agora.xtec.cat/ceebalmes2/wp-content/uploads/usu1973/2019/05/saturnpsico.jpg" alt="" width="343" height="257" srcset="https://agora.xtec.cat/ceebalmes2/wp-content/uploads/usu1973/2019/05/saturnpsico.jpg 448w, https://agora.xtec.cat/ceebalmes2/wp-content/uploads/usu1973/2019/05/saturnpsico-300x225.jpg 300w, https://agora.xtec.cat/ceebalmes2/wp-content/uploads/usu1973/2019/05/saturnpsico-200x150.jpg 200w" sizes="auto, (max-width: 343px) 100vw, 343px" /></a></p>
<p><span style="font-weight: 400;">Al mateix temps, considerem imprescindible respectar els diferents moments vitals, <strong>ritmes</strong> d’evolució i necessitats particulars, per la qual cosa proposem recorreguts <strong>individualitzats</strong>, a través d’una estructura flexible que alhora ofereixi experiències d’estabilitat.</span></p>
<p><a href="https://agora.xtec.cat/ceebalmes2/wp-content/uploads/usu1973/2019/05/chemi-lecturaweb.jpg"><img loading="lazy" decoding="async" class="alignnone wp-image-934" src="https://agora.xtec.cat/ceebalmes2/wp-content/uploads/usu1973/2019/05/chemi-lecturaweb.jpg" alt="" width="290" height="218" srcset="https://agora.xtec.cat/ceebalmes2/wp-content/uploads/usu1973/2019/05/chemi-lecturaweb.jpg 448w, https://agora.xtec.cat/ceebalmes2/wp-content/uploads/usu1973/2019/05/chemi-lecturaweb-300x225.jpg 300w, https://agora.xtec.cat/ceebalmes2/wp-content/uploads/usu1973/2019/05/chemi-lecturaweb-200x150.jpg 200w" sizes="auto, (max-width: 290px) 100vw, 290px" />  </a><a href="https://agora.xtec.cat/ceebalmes2/wp-content/uploads/usu1973/2019/05/multisensorialmanolito.jpg"><img loading="lazy" decoding="async" class="alignnone wp-image-935" src="https://agora.xtec.cat/ceebalmes2/wp-content/uploads/usu1973/2019/05/multisensorialmanolito.jpg" alt="" width="390" height="235" srcset="https://agora.xtec.cat/ceebalmes2/wp-content/uploads/usu1973/2019/05/multisensorialmanolito.jpg 448w, https://agora.xtec.cat/ceebalmes2/wp-content/uploads/usu1973/2019/05/multisensorialmanolito-300x181.jpg 300w" sizes="auto, (max-width: 390px) 100vw, 390px" /></a></p>
<p>Busquem que l&#8217;entorn s&#8217;aproximi a l&#8217;alumne: adaptacions de la postura, materials específics per facilitar l&#8217;accés a la comunicació, que promoguin el control de l&#8217;entorn i que facilitin experiències variades a nivell perceptiu. En conjunt, un <strong>entorn protector de l&#8217;aprenentatge, acollidor, motivador i accessible a tothom.</strong></p>

<p>El nostre principal objectiu és oferir al nostre alumnat un entorn acollidor i estructurat, que proporcioni experiències de seguretat i confiança, que possibilitin el seu desenvolupament personal i la seva experiència d’autonomia i benestar.<br />
L’escola s’organitza entorn a 8 petits grups de convivència i aprenenentatge, dissenyats&hellip;  <a href="https://agora.xtec.cat/ceebalmes2/entorn/" title="Read Entorn">Llegeix més»</a></p>
