{"id":663,"date":"2019-03-08T11:12:18","date_gmt":"2019-03-08T10:12:18","guid":{"rendered":"https:\/\/agora.xtec.cat\/ceebalmes2\/?page_id=663"},"modified":"2023-02-06T18:04:54","modified_gmt":"2023-02-06T17:04:54","slug":"presentacio-del-servei","status":"publish","type":"page","link":"https:\/\/agora.xtec.cat\/ceebalmes2\/presentacio-del-servei\/","title":{"rendered":"Presentaci\u00f3 del servei"},"content":{"rendered":"<p>&nbsp;<\/p>\n<p>La Instituci\u00f3 Balmes SCCL \u00e9s una cooperativa de treball associat, fundada al 1969 a Sant Boi de Llobregat, formada per quatre serveis: <a href=\"https:\/\/agora.xtec.cat\/escbalmes1\/\" target=\"_blank\" rel=\"noopener noreferrer\">CEE Balmes I<\/a>, CEE Balmes II, <a href=\"https:\/\/agora.xtec.cat\/ceebalmes2\/unitat-medico-educativa\/\" target=\"_blank\" rel=\"noopener noreferrer\">UME<\/a> i CRETDIC.<\/p>\n<p><img loading=\"lazy\" decoding=\"async\" class=\"wp-image-937 aligncenter\" src=\"https:\/\/agora.xtec.cat\/ceebalmes2\/wp-content\/uploads\/usu1973\/2019\/05\/Instituci\u00f3-Balmes-4SERVEISweb.jpg\" alt=\"\" width=\"594\" height=\"420\" srcset=\"https:\/\/agora.xtec.cat\/ceebalmes2\/wp-content\/uploads\/usu1973\/2019\/05\/Instituci\u00f3-Balmes-4SERVEISweb.jpg 448w, https:\/\/agora.xtec.cat\/ceebalmes2\/wp-content\/uploads\/usu1973\/2019\/05\/Instituci\u00f3-Balmes-4SERVEISweb-300x212.jpg 300w\" sizes=\"auto, (max-width: 594px) 100vw, 594px\" \/> <img loading=\"lazy\" decoding=\"async\" class=\"alignnone size-large wp-image-1353\" src=\"https:\/\/agora.xtec.cat\/ceebalmes2\/wp-content\/uploads\/usu1973\/2019\/12\/0001-1024x724.jpg\" alt=\"\" width=\"1024\" height=\"724\" srcset=\"https:\/\/agora.xtec.cat\/ceebalmes2\/wp-content\/uploads\/usu1973\/2019\/12\/0001-1024x724.jpg 1024w, https:\/\/agora.xtec.cat\/ceebalmes2\/wp-content\/uploads\/usu1973\/2019\/12\/0001-300x212.jpg 300w, https:\/\/agora.xtec.cat\/ceebalmes2\/wp-content\/uploads\/usu1973\/2019\/12\/0001-768x543.jpg 768w\" sizes=\"auto, (max-width: 1024px) 100vw, 1024px\" \/><\/p>\n<p>&nbsp;<\/p>\n<p style=\"text-align: justify;\"><span style=\"font-weight: 400;\">El centre d\u2019educaci\u00f3 especial\u00a0<strong>Balmes II<\/strong> som una escola concertada amb el Departament d\u2019Educaci\u00f3 i amb conveni amb el Servei Catal\u00e0 de la Salut de la Generalitat de Catalunya, dedicada a l&#8217;atenci\u00f3 d&#8217;alumnat d&#8217;entre 3 i 20 anys, i que requereix una elevada intensitat de suport educatiu altament especialitzat.<\/span><\/p>\n<p style=\"text-align: justify;\">Estem ubicats a Sant Boi de Llobregat, al Parc de Marianao, i atenem a nois i noies de diversos municipis del Baix Llobregat, fonamentalment.<\/p>\n<p style=\"text-align: justify;\"><b>L\u2019equip multidisciplinari<\/b><span style=\"font-weight: 400;\"> des d\u2019una <\/span><b>visi\u00f3 global<\/b><span style=\"font-weight: 400;\"> de la persona, oferim un <\/span><b>entorn<\/b><span style=\"font-weight: 400;\"> que faciliti el m\u00e0xim creixement i desenvolupament personal i que proporcioni \u00a0experi\u00e8ncies de seguretat, estabilitat, autonomia i <\/span><b>oportunitats de progr\u00e9s per a tothom<\/b><span style=\"font-weight: 400;\">.<\/span><\/p>\n<p style=\"text-align: justify;\"><span style=\"font-weight: 400;\">La nostra estructura i organitzaci\u00f3 s\u00f3n flexibles per tal de facilitar l\u2019atenci\u00f3 a les diferents necessitats de l&#8217;alumnat des de la seva singularitat. <\/span><\/p>\n<p style=\"text-align: justify;\"><span style=\"font-weight: 400;\">Proposem \u00a0diferents <\/span><b>modalitats d\u2019escolaritzaci\u00f3<\/b><span style=\"font-weight: 400;\">, donant prioritat a les experi\u00e8ncies d\u2019i<strong>nclusi\u00f3<\/strong> .<\/span><\/p>\n<p style=\"text-align: justify;\"><span style=\"font-weight: 400;\">Considerem imprescindible la implicaci\u00f3 del centre en l\u2019entorn social, el treball amb la xarxa educativa i socio-sanit\u00e0ria i la relaci\u00f3 amb les <strong>fam\u00edlies<\/strong>, amb reunions conjuntes, construint conjuntament el projecte educatiu, projecte de vida, del seu fill o filla.<\/span><\/p>\n<p style=\"text-align: justify;\"><span style=\"font-weight: 400;\">Apostem per la professionalitat, el treball en equip, la responsabilitat, la cooperaci\u00f3, la qualitat i la millora cont\u00ednua.<\/span><\/p>\n","protected":false},"excerpt":{"rendered":"<p>&nbsp;<br \/>\nLa Instituci\u00f3 Balmes SCCL \u00e9s una cooperativa de treball associat, fundada al 1969 a Sant Boi de Llobregat, formada per quatre serveis: <a href=\"https:\/\/agora.xtec.cat\/escbalmes1\/\" target=\"_blank\" rel=\"noopener noreferrer\">CEE Balmes I<\/a>, CEE Balmes II, <a href=\"https:\/\/agora.xtec.cat\/ceebalmes2\/unitat-medico-educativa\/\" target=\"_blank\" rel=\"noopener noreferrer\">UME<\/a> i CRETDIC.<\/p>\n<p>&nbsp;<br \/>\nEl centre d\u2019educaci\u00f3 especial\u00a0Balmes II som&hellip;  <a href=\"https:\/\/agora.xtec.cat\/ceebalmes2\/presentacio-del-servei\/\" title=\"Read Presentaci\u00f3 del servei\">Llegeix m\u00e9s\u00bb<\/a><\/p>\n","protected":false},"author":1,"featured_media":0,"parent":0,"menu_order":0,"comment_status":"closed","ping_status":"closed","template":"","meta":{"_bbp_topic_count":0,"_bbp_reply_count":0,"_bbp_total_topic_count":0,"_bbp_total_reply_count":0,"_bbp_voice_count":0,"_bbp_anonymous_reply_count":0,"_bbp_topic_count_hidden":0,"_bbp_reply_count_hidden":0,"_bbp_forum_subforum_count":0,"footnotes":""},"class_list":["post-663","page","type-page","status-publish","hentry"],"post_mailing_queue_ids":[],"_links":{"self":[{"href":"https:\/\/agora.xtec.cat\/ceebalmes2\/wp-json\/wp\/v2\/pages\/663","targetHints":{"allow":["GET"]}}],"collection":[{"href":"https:\/\/agora.xtec.cat\/ceebalmes2\/wp-json\/wp\/v2\/pages"}],"about":[{"href":"https:\/\/agora.xtec.cat\/ceebalmes2\/wp-json\/wp\/v2\/types\/page"}],"author":[{"embeddable":true,"href":"https:\/\/agora.xtec.cat\/ceebalmes2\/wp-json\/wp\/v2\/users\/1"}],"replies":[{"embeddable":true,"href":"https:\/\/agora.xtec.cat\/ceebalmes2\/wp-json\/wp\/v2\/comments?post=663"}],"version-history":[{"count":4,"href":"https:\/\/agora.xtec.cat\/ceebalmes2\/wp-json\/wp\/v2\/pages\/663\/revisions"}],"predecessor-version":[{"id":2340,"href":"https:\/\/agora.xtec.cat\/ceebalmes2\/wp-json\/wp\/v2\/pages\/663\/revisions\/2340"}],"wp:attachment":[{"href":"https:\/\/agora.xtec.cat\/ceebalmes2\/wp-json\/wp\/v2\/media?parent=663"}],"curies":[{"name":"wp","href":"https:\/\/api.w.org\/{rel}","templated":true}]}}

Presentació del servei

<p>&nbsp;</p>
<p>La Institució Balmes SCCL és una cooperativa de treball associat, fundada al 1969 a Sant Boi de Llobregat, formada per quatre serveis: <a href="https://agora.xtec.cat/escbalmes1/" target="_blank" rel="noopener noreferrer">CEE Balmes I</a>, CEE Balmes II, <a href="https://agora.xtec.cat/ceebalmes2/unitat-medico-educativa/" target="_blank" rel="noopener noreferrer">UME</a> i CRETDIC.</p>
<p><img loading="lazy" decoding="async" class="wp-image-937 aligncenter" src="https://agora.xtec.cat/ceebalmes2/wp-content/uploads/usu1973/2019/05/Institució-Balmes-4SERVEISweb.jpg" alt="" width="594" height="420" srcset="https://agora.xtec.cat/ceebalmes2/wp-content/uploads/usu1973/2019/05/Institució-Balmes-4SERVEISweb.jpg 448w, https://agora.xtec.cat/ceebalmes2/wp-content/uploads/usu1973/2019/05/Institució-Balmes-4SERVEISweb-300x212.jpg 300w" sizes="auto, (max-width: 594px) 100vw, 594px" /> <img loading="lazy" decoding="async" class="alignnone size-large wp-image-1353" src="https://agora.xtec.cat/ceebalmes2/wp-content/uploads/usu1973/2019/12/0001-1024x724.jpg" alt="" width="1024" height="724" srcset="https://agora.xtec.cat/ceebalmes2/wp-content/uploads/usu1973/2019/12/0001-1024x724.jpg 1024w, https://agora.xtec.cat/ceebalmes2/wp-content/uploads/usu1973/2019/12/0001-300x212.jpg 300w, https://agora.xtec.cat/ceebalmes2/wp-content/uploads/usu1973/2019/12/0001-768x543.jpg 768w" sizes="auto, (max-width: 1024px) 100vw, 1024px" /></p>
<p>&nbsp;</p>
<p style="text-align: justify;"><span style="font-weight: 400;">El centre d’educació especial <strong>Balmes II</strong> som una escola concertada amb el Departament d’Educació i amb conveni amb el Servei Català de la Salut de la Generalitat de Catalunya, dedicada a l&#8217;atenció d&#8217;alumnat d&#8217;entre 3 i 20 anys, i que requereix una elevada intensitat de suport educatiu altament especialitzat.</span></p>
<p style="text-align: justify;">Estem ubicats a Sant Boi de Llobregat, al Parc de Marianao, i atenem a nois i noies de diversos municipis del Baix Llobregat, fonamentalment.</p>
<p style="text-align: justify;"><b>L’equip multidisciplinari</b><span style="font-weight: 400;"> des d’una </span><b>visió global</b><span style="font-weight: 400;"> de la persona, oferim un </span><b>entorn</b><span style="font-weight: 400;"> que faciliti el màxim creixement i desenvolupament personal i que proporcioni  experiències de seguretat, estabilitat, autonomia i </span><b>oportunitats de progrés per a tothom</b><span style="font-weight: 400;">.</span></p>
<p style="text-align: justify;"><span style="font-weight: 400;">La nostra estructura i organització són flexibles per tal de facilitar l’atenció a les diferents necessitats de l&#8217;alumnat des de la seva singularitat. </span></p>
<p style="text-align: justify;"><span style="font-weight: 400;">Proposem  diferents </span><b>modalitats d’escolarització</b><span style="font-weight: 400;">, donant prioritat a les experiències d’i<strong>nclusió</strong> .</span></p>
<p style="text-align: justify;"><span style="font-weight: 400;">Considerem imprescindible la implicació del centre en l’entorn social, el treball amb la xarxa educativa i socio-sanitària i la relació amb les <strong>famílies</strong>, amb reunions conjuntes, construint conjuntament el projecte educatiu, projecte de vida, del seu fill o filla.</span></p>
<p style="text-align: justify;"><span style="font-weight: 400;">Apostem per la professionalitat, el treball en equip, la responsabilitat, la cooperació, la qualitat i la millora contínua.</span></p>

<p>&nbsp;<br />
La Institució Balmes SCCL és una cooperativa de treball associat, fundada al 1969 a Sant Boi de Llobregat, formada per quatre serveis: <a href="https://agora.xtec.cat/escbalmes1/" target="_blank" rel="noopener noreferrer">CEE Balmes I</a>, CEE Balmes II, <a href="https://agora.xtec.cat/ceebalmes2/unitat-medico-educativa/" target="_blank" rel="noopener noreferrer">UME</a> i CRETDIC.</p>
<p>&nbsp;<br />
El centre d’educació especial Balmes II som&hellip;  <a href="https://agora.xtec.cat/ceebalmes2/presentacio-del-servei/" title="Read Presentació del servei">Llegeix més»</a></p>
