{"id":576,"date":"2019-02-21T11:09:14","date_gmt":"2019-02-21T10:09:14","guid":{"rendered":"https:\/\/agora.xtec.cat\/ceebalmes2\/?page_id=576"},"modified":"2024-11-11T18:15:24","modified_gmt":"2024-11-11T17:15:24","slug":"unitat-medico-educativa","status":"publish","type":"page","link":"https:\/\/agora.xtec.cat\/ceebalmes2\/unitat-medico-educativa\/","title":{"rendered":"Unitat M\u00e8dico-Educativa"},"content":{"rendered":"<p>L\u2019UME \u00e9s un servei d\u2019atenci\u00f3 especialitzada de la Instituci\u00f3 Balmes S.C.C.L. S\u2019inscriu en la xarxa psicoeducativa, sanit\u00e0ria i social de la comarca del Baix Llobregat i de la Regi\u00f3 Sanit\u00e0ria Barcelona \u00e0mbit metropolit\u00e0 sud. Ofereix 25 places concertades pel Departament d\u2019Educaci\u00f3 i en contracte amb el Servei Catal\u00e0 de la Salut de la Generalitat de Catalunya.<\/p>\n<p>\u00c9s un recurs educatiu i terap\u00e8utic que se situa dins del continuum de mesures i suports de l&#8217;escola inclusiva, per a l\u2019alumnat entre 12 i 16 anys, que est\u00e0 cursant l\u2019etapa d\u2019Educaci\u00f3 Secund\u00e0ria Obligat\u00f2ria i que presenta problem\u00e0tiques i necessitats educatives i terap\u00e8utiques associades a trastorns mentals i trastorns greus de la conducta.<\/p>\n<p>L\u2019atenci\u00f3 que s\u2019ofereix des del servei es constitueix com un recurs intensiu al nostre territori, conjuntament amb altres recursos adre\u00e7ats a qu\u00e8 l\u2019alumnat amb necessitats espec\u00edfiques de suport educatiu pugui assolir, dins del sistema educatiu inclusiu, els objectius i compet\u00e8ncies establerts amb car\u00e0cter general per a tot l\u2019alumnat, tal com estableix el Decret 150\/20171.<\/p>\n","protected":false},"excerpt":{"rendered":"<p>L\u2019UME \u00e9s un servei d\u2019atenci\u00f3 especialitzada de la Instituci\u00f3 Balmes S.C.C.L. S\u2019inscriu en la xarxa psicoeducativa, sanit\u00e0ria i social de la comarca del Baix Llobregat i de la Regi\u00f3 Sanit\u00e0ria Barcelona \u00e0mbit metropolit\u00e0 sud. Ofereix 25 places concertades pel Departament d\u2019Educaci\u00f3 i en contracte amb&hellip;  <a href=\"https:\/\/agora.xtec.cat\/ceebalmes2\/unitat-medico-educativa\/\" title=\"Read Unitat M\u00e8dico-Educativa\">Llegeix m\u00e9s\u00bb<\/a><\/p>\n","protected":false},"author":1,"featured_media":0,"parent":0,"menu_order":0,"comment_status":"closed","ping_status":"closed","template":"","meta":{"_bbp_topic_count":0,"_bbp_reply_count":0,"_bbp_total_topic_count":0,"_bbp_total_reply_count":0,"_bbp_voice_count":0,"_bbp_anonymous_reply_count":0,"_bbp_topic_count_hidden":0,"_bbp_reply_count_hidden":0,"_bbp_forum_subforum_count":0,"footnotes":""},"class_list":["post-576","page","type-page","status-publish","hentry"],"post_mailing_queue_ids":[],"_links":{"self":[{"href":"https:\/\/agora.xtec.cat\/ceebalmes2\/wp-json\/wp\/v2\/pages\/576","targetHints":{"allow":["GET"]}}],"collection":[{"href":"https:\/\/agora.xtec.cat\/ceebalmes2\/wp-json\/wp\/v2\/pages"}],"about":[{"href":"https:\/\/agora.xtec.cat\/ceebalmes2\/wp-json\/wp\/v2\/types\/page"}],"author":[{"embeddable":true,"href":"https:\/\/agora.xtec.cat\/ceebalmes2\/wp-json\/wp\/v2\/users\/1"}],"replies":[{"embeddable":true,"href":"https:\/\/agora.xtec.cat\/ceebalmes2\/wp-json\/wp\/v2\/comments?post=576"}],"version-history":[{"count":4,"href":"https:\/\/agora.xtec.cat\/ceebalmes2\/wp-json\/wp\/v2\/pages\/576\/revisions"}],"predecessor-version":[{"id":3584,"href":"https:\/\/agora.xtec.cat\/ceebalmes2\/wp-json\/wp\/v2\/pages\/576\/revisions\/3584"}],"wp:attachment":[{"href":"https:\/\/agora.xtec.cat\/ceebalmes2\/wp-json\/wp\/v2\/media?parent=576"}],"curies":[{"name":"wp","href":"https:\/\/api.w.org\/{rel}","templated":true}]}}

Unitat Mèdico-Educativa

<p>L’UME és un servei d’atenció especialitzada de la Institució Balmes S.C.C.L. S’inscriu en la xarxa psicoeducativa, sanitària i social de la comarca del Baix Llobregat i de la Regió Sanitària Barcelona àmbit metropolità sud. Ofereix 25 places concertades pel Departament d’Educació i en contracte amb el Servei Català de la Salut de la Generalitat de Catalunya.</p>
<p>És un recurs educatiu i terapèutic que se situa dins del continuum de mesures i suports de l&#8217;escola inclusiva, per a l’alumnat entre 12 i 16 anys, que està cursant l’etapa d’Educació Secundària Obligatòria i que presenta problemàtiques i necessitats educatives i terapèutiques associades a trastorns mentals i trastorns greus de la conducta.</p>
<p>L’atenció que s’ofereix des del servei es constitueix com un recurs intensiu al nostre territori, conjuntament amb altres recursos adreçats a què l’alumnat amb necessitats específiques de suport educatiu pugui assolir, dins del sistema educatiu inclusiu, els objectius i competències establerts amb caràcter general per a tot l’alumnat, tal com estableix el Decret 150/20171.</p>

<p>L’UME és un servei d’atenció especialitzada de la Institució Balmes S.C.C.L. S’inscriu en la xarxa psicoeducativa, sanitària i social de la comarca del Baix Llobregat i de la Regió Sanitària Barcelona àmbit metropolità sud. Ofereix 25 places concertades pel Departament d’Educació i en contracte amb&hellip;  <a href="https://agora.xtec.cat/ceebalmes2/unitat-medico-educativa/" title="Read Unitat Mèdico-Educativa">Llegeix més»</a></p>
