{"id":1073,"date":"2019-09-08T19:35:32","date_gmt":"2019-09-08T17:35:32","guid":{"rendered":"https:\/\/agora.xtec.cat\/ceebalmes2\/?page_id=1073"},"modified":"2025-09-03T18:00:54","modified_gmt":"2025-09-03T16:00:54","slug":"autoritzacions","status":"publish","type":"page","link":"https:\/\/agora.xtec.cat\/ceebalmes2\/autoritzacions\/","title":{"rendered":"DOCUMENTACI\u00d3"},"content":{"rendered":"<p style=\"text-align: center;\"><a href=\"https:\/\/agora.xtec.cat\/ceebalmes2\/wp-content\/uploads\/usu1973\/2025\/09\/CAT-DOSSIER-DE-FAMILIES-B2-25-26.pdf\">DOSSIER DE FAM\u00cdLIES B2 25-26<\/a><\/p>\n<p><a href=\"https:\/\/agora.xtec.cat\/ceebalmes2\/wp-content\/uploads\/usu1973\/2025\/09\/CAT-DOSSIER-DE-FAMILIES-B2-25-26.pdf\"><img loading=\"lazy\" decoding=\"async\" class=\"aligncenter wp-image-3782 size-medium\" src=\"https:\/\/agora.xtec.cat\/ceebalmes2\/wp-content\/uploads\/usu1973\/2025\/09\/Screenshot_20250902_221707_com_hihonor_hnoffice_AppFrameActivity_PG0-300x244.jpg\" alt=\"\" width=\"300\" height=\"244\" srcset=\"https:\/\/agora.xtec.cat\/ceebalmes2\/wp-content\/uploads\/usu1973\/2025\/09\/Screenshot_20250902_221707_com_hihonor_hnoffice_AppFrameActivity_PG0-300x244.jpg 300w, https:\/\/agora.xtec.cat\/ceebalmes2\/wp-content\/uploads\/usu1973\/2025\/09\/Screenshot_20250902_221707_com_hihonor_hnoffice_AppFrameActivity_PG0-1024x832.jpg 1024w, https:\/\/agora.xtec.cat\/ceebalmes2\/wp-content\/uploads\/usu1973\/2025\/09\/Screenshot_20250902_221707_com_hihonor_hnoffice_AppFrameActivity_PG0-768x624.jpg 768w, https:\/\/agora.xtec.cat\/ceebalmes2\/wp-content\/uploads\/usu1973\/2025\/09\/Screenshot_20250902_221707_com_hihonor_hnoffice_AppFrameActivity_PG0.jpg 1089w\" sizes=\"auto, (max-width: 300px) 100vw, 300px\" \/><\/a><\/p>\n<p>&nbsp;<\/p>\n<p style=\"text-align: center;\"><img loading=\"lazy\" decoding=\"async\" class=\"alignnone size-medium wp-image-2328\" src=\"https:\/\/agora.xtec.cat\/ceebalmes2\/wp-content\/uploads\/usu1973\/2022\/10\/infermera-300x300.png\" alt=\"\" width=\"300\" height=\"300\" srcset=\"https:\/\/agora.xtec.cat\/ceebalmes2\/wp-content\/uploads\/usu1973\/2022\/10\/infermera-300x300.png 300w, https:\/\/agora.xtec.cat\/ceebalmes2\/wp-content\/uploads\/usu1973\/2022\/10\/infermera-150x150.png 150w, https:\/\/agora.xtec.cat\/ceebalmes2\/wp-content\/uploads\/usu1973\/2022\/10\/infermera.png 500w\" sizes=\"auto, (max-width: 300px) 100vw, 300px\" \/><\/p>\n<p style=\"text-align: center;\"><a href=\"https:\/\/agora.xtec.cat\/ceebalmes2\/wp-content\/uploads\/usu1973\/2025\/09\/Llibret-Salut-CEE-2025-2026-B2.docx-1-1.pdf\">Llibret Salut CEE Balmes II<\/a><\/p>\n<p style=\"text-align: center;\"><a href=\"https:\/\/agora.xtec.cat\/ceebalmes2\/wp-content\/uploads\/usu1973\/2025\/09\/Infermera-escolar-1.pdf\">Infermera escolar<\/a><\/p>\n<p style=\"text-align: center;\"><a href=\"https:\/\/agora.xtec.cat\/ceebalmes2\/wp-content\/uploads\/usu1973\/2024\/09\/Copia-de-Autoritzacio-canvi-BG.docx\">AUTORITZACI\u00d3 CANVI BOT\u00d3 G\u00c0STRIC\u00a0<\/a><\/p>\n<p style=\"text-align: center;\"><img loading=\"lazy\" decoding=\"async\" class=\"alignnone size-medium wp-image-2329 aligncenter\" src=\"https:\/\/agora.xtec.cat\/ceebalmes2\/wp-content\/uploads\/usu1973\/2022\/10\/secretaria-300x300.png\" alt=\"\" width=\"300\" height=\"300\" srcset=\"https:\/\/agora.xtec.cat\/ceebalmes2\/wp-content\/uploads\/usu1973\/2022\/10\/secretaria-300x300.png 300w, https:\/\/agora.xtec.cat\/ceebalmes2\/wp-content\/uploads\/usu1973\/2022\/10\/secretaria-150x150.png 150w, https:\/\/agora.xtec.cat\/ceebalmes2\/wp-content\/uploads\/usu1973\/2022\/10\/secretaria.png 500w\" sizes=\"auto, (max-width: 300px) 100vw, 300px\" \/><a href=\"https:\/\/docs.google.com\/document\/d\/1ydzTnaNcpnDCknjKoE70q-kErq9qv6QS\/edit\" target=\"_blank\" rel=\"noopener\">ACTUALITZACI\u00d3 DE DADES <\/a><\/p>\n<p><a href=\"https:\/\/agora.xtec.cat\/ceebalmes2\/wp-content\/uploads\/usu1973\/2024\/09\/AUTORITZACIO-SORTIDES-CENTRE-1.docx\">\u00a0 \u00a0 \u00a0 \u00a0 \u00a0 \u00a0 AUTORITZACI\u00d3 SORTIDES CENTRE<\/a><\/p>\n<p style=\"text-align: center;\"><a href=\"https:\/\/agora.xtec.cat\/ceebalmes2\/wp-content\/uploads\/usu1973\/2024\/09\/3.2.lautoritzacio-de-la-veu-integrada-BII.pdf\">Autoritzaci\u00f3 \u00fas d&#8217;imatge i veu<\/a><\/p>\n<p style=\"text-align: center;\"><a href=\"https:\/\/agora.xtec.cat\/ceebalmes2\/wp-content\/uploads\/usu1973\/2025\/01\/Guia_Google-Chat-catala-1.pdf-1.pdf\">Guia \u00fas Google Chat<\/a><\/p>\n<p style=\"text-align: center;\"><a href=\"https:\/\/agora.xtec.cat\/ceebalmes2\/wp-content\/uploads\/usu1973\/2025\/09\/pla-acollida-digital_compressed.pdf\" target=\"_blank\" rel=\"noopener\">Pla acollida digital<\/a><\/p>\n","protected":false},"excerpt":{"rendered":"<p><a href=\"https:\/\/agora.xtec.cat\/ceebalmes2\/wp-content\/uploads\/usu1973\/2025\/09\/CAT-DOSSIER-DE-FAMILIES-B2-25-26.pdf\">DOSSIER DE FAM\u00cdLIES B2 25-26<\/a><br \/>\n<a href=\"https:\/\/agora.xtec.cat\/ceebalmes2\/wp-content\/uploads\/usu1973\/2025\/09\/CAT-DOSSIER-DE-FAMILIES-B2-25-26.pdf\"><\/a><br \/>\n&nbsp;<\/p>\n<p><a href=\"https:\/\/agora.xtec.cat\/ceebalmes2\/wp-content\/uploads\/usu1973\/2025\/09\/Llibret-Salut-CEE-2025-2026-B2.docx-1-1.pdf\">Llibret Salut CEE Balmes II<\/a><br \/>\n<a href=\"https:\/\/agora.xtec.cat\/ceebalmes2\/wp-content\/uploads\/usu1973\/2025\/09\/Infermera-escolar-1.pdf\">Infermera escolar<\/a><br \/>\n<a href=\"https:\/\/agora.xtec.cat\/ceebalmes2\/wp-content\/uploads\/usu1973\/2024\/09\/Copia-de-Autoritzacio-canvi-BG.docx\">AUTORITZACI\u00d3 CANVI BOT\u00d3 G\u00c0STRIC\u00a0<\/a><br \/>\n<a href=\"https:\/\/docs.google.com\/document\/d\/1ydzTnaNcpnDCknjKoE70q-kErq9qv6QS\/edit\" target=\"_blank\" rel=\"noopener\">ACTUALITZACI\u00d3 DE DADES <\/a><br \/>\n<a href=\"https:\/\/agora.xtec.cat\/ceebalmes2\/wp-content\/uploads\/usu1973\/2024\/09\/AUTORITZACIO-SORTIDES-CENTRE-1.docx\">\u00a0 \u00a0 \u00a0 \u00a0 \u00a0 \u00a0 AUTORITZACI\u00d3 SORTIDES CENTRE<\/a><br \/>\n<a href=\"https:\/\/agora.xtec.cat\/ceebalmes2\/wp-content\/uploads\/usu1973\/2024\/09\/3.2.lautoritzacio-de-la-veu-integrada-BII.pdf\">Autoritzaci\u00f3 \u00fas d&#8217;imatge i veu<\/a><br \/>\n<a href=\"https:\/\/agora.xtec.cat\/ceebalmes2\/wp-content\/uploads\/usu1973\/2025\/01\/Guia_Google-Chat-catala-1.pdf-1.pdf\">Guia \u00fas Google Chat<\/a><br \/>\n<a href=\"https:\/\/agora.xtec.cat\/ceebalmes2\/wp-content\/uploads\/usu1973\/2025\/09\/pla-acollida-digital_compressed.pdf\" target=\"_blank\" rel=\"noopener\">Pla&hellip;  <a href=\"https:\/\/agora.xtec.cat\/ceebalmes2\/autoritzacions\/\" title=\"Read DOCUMENTACI\u00d3\">Llegeix m\u00e9s\u00bb<\/a><\/p>\n","protected":false},"author":1,"featured_media":0,"parent":0,"menu_order":0,"comment_status":"closed","ping_status":"open","template":"","meta":{"_bbp_topic_count":0,"_bbp_reply_count":0,"_bbp_total_topic_count":0,"_bbp_total_reply_count":0,"_bbp_voice_count":0,"_bbp_anonymous_reply_count":0,"_bbp_topic_count_hidden":0,"_bbp_reply_count_hidden":0,"_bbp_forum_subforum_count":0,"footnotes":""},"class_list":["post-1073","page","type-page","status-publish","hentry"],"post_mailing_queue_ids":[],"_links":{"self":[{"href":"https:\/\/agora.xtec.cat\/ceebalmes2\/wp-json\/wp\/v2\/pages\/1073","targetHints":{"allow":["GET"]}}],"collection":[{"href":"https:\/\/agora.xtec.cat\/ceebalmes2\/wp-json\/wp\/v2\/pages"}],"about":[{"href":"https:\/\/agora.xtec.cat\/ceebalmes2\/wp-json\/wp\/v2\/types\/page"}],"author":[{"embeddable":true,"href":"https:\/\/agora.xtec.cat\/ceebalmes2\/wp-json\/wp\/v2\/users\/1"}],"replies":[{"embeddable":true,"href":"https:\/\/agora.xtec.cat\/ceebalmes2\/wp-json\/wp\/v2\/comments?post=1073"}],"version-history":[{"count":6,"href":"https:\/\/agora.xtec.cat\/ceebalmes2\/wp-json\/wp\/v2\/pages\/1073\/revisions"}],"predecessor-version":[{"id":3813,"href":"https:\/\/agora.xtec.cat\/ceebalmes2\/wp-json\/wp\/v2\/pages\/1073\/revisions\/3813"}],"wp:attachment":[{"href":"https:\/\/agora.xtec.cat\/ceebalmes2\/wp-json\/wp\/v2\/media?parent=1073"}],"curies":[{"name":"wp","href":"https:\/\/api.w.org\/{rel}","templated":true}]}}