{"id":9114,"date":"2025-10-31T09:52:47","date_gmt":"2025-10-31T08:52:47","guid":{"rendered":"https:\/\/agora.xtec.cat\/cee-laginesta\/?page_id=9114"},"modified":"2026-04-15T11:31:25","modified_gmt":"2026-04-15T09:31:25","slug":"eleccions-al-consell-escolar-de-centre","status":"publish","type":"page","link":"https:\/\/agora.xtec.cat\/cee-laginesta\/","title":{"rendered":"PREINSCRIPCI\u00d3 PER AL CURS 2026-2027"},"content":{"rendered":"<h3 style=\"text-align: center;\"><strong>PREINSCRIPCI\u00d3 PER AL CURS 2026-2027 CENTRES D&#8217;EDUCACI\u00d3 ESPECIAL <span style=\"text-decoration: underline;\">DEL 04 AL 18 DE MAR\u00c7<\/span><\/strong><\/h3>\n<h3 style=\"text-align: center;\"><span style=\"color: #0000ff;\"><a style=\"color: #0000ff;\" href=\"https:\/\/www.edubcn.cat\/ca\/alumnat_i_familia\/informacio_general_matriculacio\/preinscripcio_cee#!#%2F2\"><strong>ENLLA\u00c7 A LA INFORMACI\u00d3<\/strong><\/a><\/span><\/h3>\n<h3>\u00a0 \u00a0 \u00a0 \u00a0 \u00a0 \u00a0 \u00a0 \u00a0 \u00a0<strong><span style=\"color: #ff0000;\"><a style=\"color: #ff0000;\" href=\"https:\/\/agora.xtec.cat\/cee-laginesta\/wp-content\/uploads\/usu800\/2026\/04\/CEE-La-Ginestanocriteris.pdf\">LLISTAT SOL.LICITUTS VAL.LIDADES AMB LA BAREMACI\u00d3 PROVISIONAL<\/a><\/span><\/strong><\/h3>\n<p>&nbsp;<\/p>\n","protected":false},"excerpt":{"rendered":"<p>PREINSCRIPCI\u00d3 PER AL CURS 2026-2027 CENTRES D&#8217;EDUCACI\u00d3 ESPECIAL DEL 04 AL 18 DE MAR\u00c7<br \/>\n<a style=\"color: #0000ff;\" href=\"https:\/\/www.edubcn.cat\/ca\/alumnat_i_familia\/informacio_general_matriculacio\/preinscripcio_cee#!#%2F2\">ENLLA\u00c7 A LA INFORMACI\u00d3<\/a><br \/>\n\u00a0 \u00a0 \u00a0 \u00a0 \u00a0 \u00a0 \u00a0 \u00a0 \u00a0<a style=\"color: #ff0000;\" href=\"https:\/\/agora.xtec.cat\/cee-laginesta\/wp-content\/uploads\/usu800\/2026\/04\/CEE-La-Ginestanocriteris.pdf\">LLISTAT SOL.LICITUTS VAL.LIDADES AMB LA BAREMACI\u00d3 PROVISIONAL<\/a><br \/>\n&nbsp;<\/p>\n","protected":false},"author":1,"featured_media":0,"parent":0,"menu_order":0,"comment_status":"closed","ping_status":"closed","template":"page-templates\/front-page.php","meta":{"_bbp_topic_count":0,"_bbp_reply_count":0,"_bbp_total_topic_count":0,"_bbp_total_reply_count":0,"_bbp_voice_count":0,"_bbp_anonymous_reply_count":0,"_bbp_topic_count_hidden":0,"_bbp_reply_count_hidden":0,"_bbp_forum_subforum_count":0,"footnotes":""},"class_list":["post-9114","page","type-page","status-publish","hentry"],"post_mailing_queue_ids":[],"_links":{"self":[{"href":"https:\/\/agora.xtec.cat\/cee-laginesta\/wp-json\/wp\/v2\/pages\/9114","targetHints":{"allow":["GET"]}}],"collection":[{"href":"https:\/\/agora.xtec.cat\/cee-laginesta\/wp-json\/wp\/v2\/pages"}],"about":[{"href":"https:\/\/agora.xtec.cat\/cee-laginesta\/wp-json\/wp\/v2\/types\/page"}],"author":[{"embeddable":true,"href":"https:\/\/agora.xtec.cat\/cee-laginesta\/wp-json\/wp\/v2\/users\/1"}],"replies":[{"embeddable":true,"href":"https:\/\/agora.xtec.cat\/cee-laginesta\/wp-json\/wp\/v2\/comments?post=9114"}],"version-history":[{"count":6,"href":"https:\/\/agora.xtec.cat\/cee-laginesta\/wp-json\/wp\/v2\/pages\/9114\/revisions"}],"predecessor-version":[{"id":9335,"href":"https:\/\/agora.xtec.cat\/cee-laginesta\/wp-json\/wp\/v2\/pages\/9114\/revisions\/9335"}],"wp:attachment":[{"href":"https:\/\/agora.xtec.cat\/cee-laginesta\/wp-json\/wp\/v2\/media?parent=9114"}],"curies":[{"name":"wp","href":"https:\/\/api.w.org\/{rel}","templated":true}]}}