{"id":87,"date":"2014-09-18T14:28:12","date_gmt":"2014-09-18T13:28:12","guid":{"rendered":"http:\/\/agora.xtec.cat\/cee-laginesta\/?page_id=87"},"modified":"2024-06-07T12:52:01","modified_gmt":"2024-06-07T10:52:01","slug":"nivells","status":"publish","type":"page","link":"https:\/\/agora.xtec.cat\/cee-laginesta\/nivells\/","title":{"rendered":"Nivells"},"content":{"rendered":"<p>Actualment tenim 8 grups classe dividits de la seg\u00fcent manera:<\/p>\n<p>Primer cicle (12-14 anys) format pels grups B1 i B2<\/p>\n<p>Segon Cicle (14-16) format pels grups C1 i C2.<\/p>\n<p>Per altra banda, hi ha els alumnes que fan el Programa de Formaci\u00f3 per a la Transici\u00f3 a la Vida Adulta (16-20 anys) que els conformen els grups de TVA1, TVA2 i TVA3.<\/p>\n<p>Cada nivell t\u00e9 una p\u00e0gina pr\u00f2pia, que es creen mitjan\u00e7ant les categories, en aquestes p\u00e0gines que formen el Bloc de l&#8217;escola es van publicant les activitats que fan els diferents grups-classe.<\/p>\n","protected":false},"excerpt":{"rendered":"<p>Actualment tenim 8 grups classe dividits de la seg\u00fcent manera:<br \/>\nPrimer cicle (12-14 anys) format pels grups B1 i B2<br \/>\nSegon Cicle (14-16) format pels grups C1 i C2.<br \/>\nPer altra banda, hi ha els alumnes que fan el Programa de Formaci\u00f3 per a la Transici\u00f3 a la&hellip;  <a href=\"https:\/\/agora.xtec.cat\/cee-laginesta\/nivells\/\" title=\"Read Nivells\">Llegeix m\u00e9s\u00bb<\/a><\/p>\n","protected":false},"author":1,"featured_media":0,"parent":0,"menu_order":0,"comment_status":"closed","ping_status":"closed","template":"page-templates\/side-menu.php","meta":{"_bbp_topic_count":0,"_bbp_reply_count":0,"_bbp_total_topic_count":0,"_bbp_total_reply_count":0,"_bbp_voice_count":0,"_bbp_anonymous_reply_count":0,"_bbp_topic_count_hidden":0,"_bbp_reply_count_hidden":0,"_bbp_forum_subforum_count":0,"footnotes":""},"class_list":["post-87","page","type-page","status-publish","hentry"],"post_mailing_queue_ids":[],"_links":{"self":[{"href":"https:\/\/agora.xtec.cat\/cee-laginesta\/wp-json\/wp\/v2\/pages\/87","targetHints":{"allow":["GET"]}}],"collection":[{"href":"https:\/\/agora.xtec.cat\/cee-laginesta\/wp-json\/wp\/v2\/pages"}],"about":[{"href":"https:\/\/agora.xtec.cat\/cee-laginesta\/wp-json\/wp\/v2\/types\/page"}],"author":[{"embeddable":true,"href":"https:\/\/agora.xtec.cat\/cee-laginesta\/wp-json\/wp\/v2\/users\/1"}],"replies":[{"embeddable":true,"href":"https:\/\/agora.xtec.cat\/cee-laginesta\/wp-json\/wp\/v2\/comments?post=87"}],"version-history":[{"count":6,"href":"https:\/\/agora.xtec.cat\/cee-laginesta\/wp-json\/wp\/v2\/pages\/87\/revisions"}],"predecessor-version":[{"id":8532,"href":"https:\/\/agora.xtec.cat\/cee-laginesta\/wp-json\/wp\/v2\/pages\/87\/revisions\/8532"}],"wp:attachment":[{"href":"https:\/\/agora.xtec.cat\/cee-laginesta\/wp-json\/wp\/v2\/media?parent=87"}],"curies":[{"name":"wp","href":"https:\/\/api.w.org\/{rel}","templated":true}]}}