{"id":7942,"date":"2023-05-24T12:13:56","date_gmt":"2023-05-24T10:13:56","guid":{"rendered":"https:\/\/agora.xtec.cat\/cee-laginesta\/?page_id=7942"},"modified":"2023-05-24T12:18:03","modified_gmt":"2023-05-24T10:18:03","slug":"programa-de-transicio-a-la-vida-adulta","status":"publish","type":"page","link":"https:\/\/agora.xtec.cat\/cee-laginesta\/lescola\/oferta-educativa\/programa-de-transicio-a-la-vida-adulta\/","title":{"rendered":"PROGRAMA DE TRANSICI\u00d3 A LA VIDA ADULTA"},"content":{"rendered":"<p>Al CEE La Ginesta realitzem dos itineraris educatius:<\/p>\n<ul>\n<li>Alumnes amb edat de fer l&#8217; ESO ( 12-16 anys).<\/li>\n<li>Programa de Transici\u00f3 a la Vida Adulta ( 16-20 anys)<\/li>\n<\/ul>\n<p style=\"text-align: justify;\">Pel que fa als alumnes que fan el <a href=\"https:\/\/xtec.gencat.cat\/ca\/curriculum\/diversitat-i-inclusio\/mesures-i-suports\/addicionals\/programes-de-diversificacio-curricular\/\">PFTVA (Programa de Formaci\u00f3 per a la Transici\u00f3 a la\u00a0 Vida Adulta)<\/a> han de tenir edats compreses entre els 16-20 anys, els seus aprenentatges es centren en Els programes de formaci\u00f3 per a la transici\u00f3 a la vida adulta, que es preveuen en l&#8217;Ordre <a href=\"https:\/\/portaljuridic.gencat.cat\/ca\/document-del-pjur\/?documentId=288516\">ENS\/304\/2002<\/a>, d&#8217;1 d&#8217;agost, estan destinats a nois i noies amb necessitats educatives especials, derivades de discapacitats, que estan escolaritzats en centres d&#8217;educaci\u00f3 especial o en centres ordinaris. Aquests programes s&#8217;encaminen a facilitar el desenvolupament de l&#8217;autonomia personal i la integraci\u00f3 social incloent, sempre que sigui possible, components de la formaci\u00f3 professional espec\u00edfica.<\/p>\n<p style=\"text-align: justify;\" align=\"JUSTIFY\">Per tal d\u2019assolir els objectius establerts, els Programes de Formaci\u00f3 per a la Transici\u00f3 a la Vida adulta s\u2019estructuraran en tres \u00e0mbits. Aquests \u00e0mbits i la seva distribuci\u00f3 hor\u00e0ria s\u00f3n:<\/p>\n<p style=\"text-align: justify;\" align=\"JUSTIFY\">a)\u00a0<strong>\u00c0mbit d\u2019autonomia personal:<\/strong> aprenentatges aplicats a contextos habituals de la vida di\u00e0ria relacionats amb la cura d\u2019un mateix, els h\u00e0bits de neteja, ordre i higiene personal i les habilitats relacionades amb la llar.<\/p>\n<p style=\"text-align: justify;\" align=\"JUSTIFY\">b)\u00a0<strong>\u00c0mbit d\u2019integraci\u00f3 social i comunit\u00e0ria:<\/strong> habilitats socials i comunicatives relacionades amb la participaci\u00f3 en la comunitat, l\u2019autoestima, la interacci\u00f3 amb els altres, la regulaci\u00f3 del comportament, la identificaci\u00f3 d\u2019interessos i prefer\u00e8ncies, l\u2019oci i el temps lliure.<\/p>\n<p style=\"text-align: justify;\" align=\"JUSTIFY\">c)\u00a0<strong>\u00c0mbit de formaci\u00f3, d\u2019orientaci\u00f3 personal, laboral i tutoria:<\/strong> consolidaci\u00f3 de coneixements d\u2019aplicaci\u00f3 directa adquirits en etapes anteriors, actituds i normes relacionades amb les feines i les activitats habituals, la resoluci\u00f3 de conflictes, el seguiment individual i grupal.<\/p>\n","protected":false},"excerpt":{"rendered":"<p>Al CEE La Ginesta realitzem dos itineraris educatius:<\/p>\n<ul>\n<li>Alumnes amb edat de fer l&#8217; ESO ( 12-16 anys).<\/li>\n<li>Programa de Transici\u00f3 a la Vida Adulta ( 16-20 anys)<\/li>\n<\/ul>\n<p>Pel que fa als alumnes que fan el <a href=\"https:\/\/xtec.gencat.cat\/ca\/curriculum\/diversitat-i-inclusio\/mesures-i-suports\/addicionals\/programes-de-diversificacio-curricular\/\">PFTVA (Programa de Formaci\u00f3 per a la Transici\u00f3 a la\u00a0 Vida&hellip;  <a href=\"https:\/\/agora.xtec.cat\/cee-laginesta\/lescola\/oferta-educativa\/programa-de-transicio-a-la-vida-adulta\/\" title=\"Read PROGRAMA DE TRANSICI\u00d3 A LA VIDA ADULTA\">Llegeix m\u00e9s\u00bb<\/a><\/p>\n","protected":false},"author":1,"featured_media":0,"parent":28,"menu_order":0,"comment_status":"closed","ping_status":"closed","template":"page-templates\/side-menu.php","meta":{"_bbp_topic_count":0,"_bbp_reply_count":0,"_bbp_total_topic_count":0,"_bbp_total_reply_count":0,"_bbp_voice_count":0,"_bbp_anonymous_reply_count":0,"_bbp_topic_count_hidden":0,"_bbp_reply_count_hidden":0,"_bbp_forum_subforum_count":0,"footnotes":""},"class_list":["post-7942","page","type-page","status-publish","hentry"],"post_mailing_queue_ids":[],"_links":{"self":[{"href":"https:\/\/agora.xtec.cat\/cee-laginesta\/wp-json\/wp\/v2\/pages\/7942","targetHints":{"allow":["GET"]}}],"collection":[{"href":"https:\/\/agora.xtec.cat\/cee-laginesta\/wp-json\/wp\/v2\/pages"}],"about":[{"href":"https:\/\/agora.xtec.cat\/cee-laginesta\/wp-json\/wp\/v2\/types\/page"}],"author":[{"embeddable":true,"href":"https:\/\/agora.xtec.cat\/cee-laginesta\/wp-json\/wp\/v2\/users\/1"}],"replies":[{"embeddable":true,"href":"https:\/\/agora.xtec.cat\/cee-laginesta\/wp-json\/wp\/v2\/comments?post=7942"}],"version-history":[{"count":2,"href":"https:\/\/agora.xtec.cat\/cee-laginesta\/wp-json\/wp\/v2\/pages\/7942\/revisions"}],"predecessor-version":[{"id":7944,"href":"https:\/\/agora.xtec.cat\/cee-laginesta\/wp-json\/wp\/v2\/pages\/7942\/revisions\/7944"}],"up":[{"embeddable":true,"href":"https:\/\/agora.xtec.cat\/cee-laginesta\/wp-json\/wp\/v2\/pages\/28"}],"wp:attachment":[{"href":"https:\/\/agora.xtec.cat\/cee-laginesta\/wp-json\/wp\/v2\/media?parent=7942"}],"curies":[{"name":"wp","href":"https:\/\/api.w.org\/{rel}","templated":true}]}}