{"id":650,"date":"2016-03-29T13:14:32","date_gmt":"2016-03-29T11:14:32","guid":{"rendered":"http:\/\/agora.xtec.cat\/cee-laginesta\/?page_id=650"},"modified":"2024-06-07T12:50:55","modified_gmt":"2024-06-07T10:50:55","slug":"eap","status":"publish","type":"page","link":"https:\/\/agora.xtec.cat\/cee-laginesta\/treball-xarxa\/eap\/","title":{"rendered":"EAP"},"content":{"rendered":"<p>Els <a href=\"https:\/\/xtec.gencat.cat\/ca\/serveis\/sez\/eap\/\"><strong>EAP <\/strong><\/a>s\u00f3n equips d\u2019assessorament i orientaci\u00f3 psicopedag\u00f2gic que donen suport al professorat i als centres educatius en la resposta a la diversitat de l\u2019alumnat i en relaci\u00f3 amb els alumnes que presenten necessitats educatives especials, aix\u00ed com a les seves fam\u00edlies.<\/p>\n<p>Els serveis s\u2019adrecen als centres educatius, els equips directius, el professorat i altres professionals implicats en l\u2019atenci\u00f3 a l\u2019alumnat amb dificultats o amb necessitats educatives especials, l\u2019alumnat i les seves fam\u00edlies, i el treball a la seva zona d\u2019actuaci\u00f3.<\/p>\n","protected":false},"excerpt":{"rendered":"<p>Els <a href=\"https:\/\/xtec.gencat.cat\/ca\/serveis\/sez\/eap\/\">EAP <\/a>s\u00f3n equips d\u2019assessorament i orientaci\u00f3 psicopedag\u00f2gic que donen suport al professorat i als centres educatius en la resposta a la diversitat de l\u2019alumnat i en relaci\u00f3 amb els alumnes que presenten necessitats educatives especials, aix\u00ed com a les seves fam\u00edlies.<br \/>\nEls serveis s\u2019adrecen&hellip;  <a href=\"https:\/\/agora.xtec.cat\/cee-laginesta\/treball-xarxa\/eap\/\" title=\"Read EAP\">Llegeix m\u00e9s\u00bb<\/a><\/p>\n","protected":false},"author":1,"featured_media":0,"parent":274,"menu_order":40,"comment_status":"closed","ping_status":"closed","template":"page-templates\/side-menu.php","meta":{"_bbp_topic_count":0,"_bbp_reply_count":0,"_bbp_total_topic_count":0,"_bbp_total_reply_count":0,"_bbp_voice_count":0,"_bbp_anonymous_reply_count":0,"_bbp_topic_count_hidden":0,"_bbp_reply_count_hidden":0,"_bbp_forum_subforum_count":0,"footnotes":""},"class_list":["post-650","page","type-page","status-publish","hentry"],"post_mailing_queue_ids":[],"_links":{"self":[{"href":"https:\/\/agora.xtec.cat\/cee-laginesta\/wp-json\/wp\/v2\/pages\/650","targetHints":{"allow":["GET"]}}],"collection":[{"href":"https:\/\/agora.xtec.cat\/cee-laginesta\/wp-json\/wp\/v2\/pages"}],"about":[{"href":"https:\/\/agora.xtec.cat\/cee-laginesta\/wp-json\/wp\/v2\/types\/page"}],"author":[{"embeddable":true,"href":"https:\/\/agora.xtec.cat\/cee-laginesta\/wp-json\/wp\/v2\/users\/1"}],"replies":[{"embeddable":true,"href":"https:\/\/agora.xtec.cat\/cee-laginesta\/wp-json\/wp\/v2\/comments?post=650"}],"version-history":[{"count":3,"href":"https:\/\/agora.xtec.cat\/cee-laginesta\/wp-json\/wp\/v2\/pages\/650\/revisions"}],"predecessor-version":[{"id":8528,"href":"https:\/\/agora.xtec.cat\/cee-laginesta\/wp-json\/wp\/v2\/pages\/650\/revisions\/8528"}],"up":[{"embeddable":true,"href":"https:\/\/agora.xtec.cat\/cee-laginesta\/wp-json\/wp\/v2\/pages\/274"}],"wp:attachment":[{"href":"https:\/\/agora.xtec.cat\/cee-laginesta\/wp-json\/wp\/v2\/media?parent=650"}],"curies":[{"name":"wp","href":"https:\/\/api.w.org\/{rel}","templated":true}]}}