{"id":5308,"date":"2020-05-11T22:58:15","date_gmt":"2020-05-11T20:58:15","guid":{"rendered":"http:\/\/agora.xtec.cat\/cee-laginesta\/?page_id=5308"},"modified":"2023-06-22T08:42:33","modified_gmt":"2023-06-22T06:42:33","slug":"ceepsir","status":"publish","type":"page","link":"https:\/\/agora.xtec.cat\/cee-laginesta\/treball-xarxa\/ceepsir\/","title":{"rendered":"CEEPSIR"},"content":{"rendered":"<p><span lang=\"CA\">El CEEPSIR La Ginesta es va iniciar el curs 2018-2019, emmarcat dins el Decret 150\/2017 del 17 d\u2019octubre, de l\u2019atenci\u00f3 educativa a l\u2019alumnat en el marc d\u2019un sistema educatiu inclusiu. Actualment, se&#8217;ns ha atorgat el CEEPSIR de forma oficial\u00a0 despr\u00e9s d&#8217;haver superat la convocat\u00f2ria de la\u00a0 RESOLUCI\u00d3 EDU\/1214\/2022, de 27 d\u2019abril, per la qual s\u2019obre convocat\u00f2ria p\u00fablica per a la selecci\u00f3 de centres\u00a0d\u2019educaci\u00f3 especial sostinguts amb fons p\u00fablics interessats a esdevenir prove\u00efdors de serveis i<br \/>\nrecursos (CEEPSIR).<\/span><\/p>\n<p><span lang=\"CA\">El CEEPSIR ofereix serveis i recursos als centres ordinaris amb alumnat amb necessitats educatives especials per promoure un entorn inclusiu per a tot l\u2019alumnat, potenciant l\u2019autonomia i l\u2019\u00e8xit de l\u2019alumne\/a en relaci\u00f3 a l\u2019\u00e0mbit emocional, social, habilitats personals i acc\u00e9s als aprenentatges. Es treballa conjuntament amb l\u2019equip docent del centre i altres recursos externs per millorar la qualitat de la resposta educativa en un entorn inclusiu. <\/span><\/p>\n<p><span lang=\"CA\">El CEEPSIR de La Ginesta interv\u00e9 amb dues mestres d&#8217;Educaci\u00f3 Especial de la Ginesta amb alumnat de cicle superior de prim\u00e0ria i de secund\u00e0ria, amb la pr\u00e8via demanda de l\u2019EAP (equip d\u2019orientaci\u00f3 i assessorament psicopedag\u00f2gic).<\/span><\/p>\n<p><a href=\"https:\/\/prezi.com\/p\/uf9dwc5kopve\/\" target=\"_blank\" rel=\"noopener\" data-saferedirecturl=\"https:\/\/www.google.com\/url?q=https:\/\/prezi.com\/p\/uf9dwc5kopve\/&amp;source=gmail&amp;ust=1657719831479000&amp;usg=AOvVaw2O-KqnvcEaHSxvvpHAyuGO\"><span class=\"il\">POTS CLICAR AQUEST ENLLA\u00c7 PER VEURE EL PREZI DEL CEEPSIR<\/span> La Ginesta<\/a><\/p>\n<p>Contacte: ceepsir@cee-laginesta.cat<\/p>\n","protected":false},"excerpt":{"rendered":"<p>El CEEPSIR La Ginesta es va iniciar el curs 2018-2019, emmarcat dins el Decret 150\/2017 del 17 d\u2019octubre, de l\u2019atenci\u00f3 educativa a l\u2019alumnat en el marc d\u2019un sistema educatiu inclusiu. Actualment, se&#8217;ns ha atorgat el CEEPSIR de forma oficial\u00a0 despr\u00e9s d&#8217;haver superat la convocat\u00f2ria de&hellip;  <a href=\"https:\/\/agora.xtec.cat\/cee-laginesta\/treball-xarxa\/ceepsir\/\" title=\"Read CEEPSIR\">Llegeix m\u00e9s\u00bb<\/a><\/p>\n","protected":false},"author":1,"featured_media":0,"parent":274,"menu_order":30,"comment_status":"closed","ping_status":"closed","template":"page-templates\/side-menu.php","meta":{"_bbp_topic_count":0,"_bbp_reply_count":0,"_bbp_total_topic_count":0,"_bbp_total_reply_count":0,"_bbp_voice_count":0,"_bbp_anonymous_reply_count":0,"_bbp_topic_count_hidden":0,"_bbp_reply_count_hidden":0,"_bbp_forum_subforum_count":0,"footnotes":""},"class_list":["post-5308","page","type-page","status-publish","hentry"],"post_mailing_queue_ids":[],"_links":{"self":[{"href":"https:\/\/agora.xtec.cat\/cee-laginesta\/wp-json\/wp\/v2\/pages\/5308","targetHints":{"allow":["GET"]}}],"collection":[{"href":"https:\/\/agora.xtec.cat\/cee-laginesta\/wp-json\/wp\/v2\/pages"}],"about":[{"href":"https:\/\/agora.xtec.cat\/cee-laginesta\/wp-json\/wp\/v2\/types\/page"}],"author":[{"embeddable":true,"href":"https:\/\/agora.xtec.cat\/cee-laginesta\/wp-json\/wp\/v2\/users\/1"}],"replies":[{"embeddable":true,"href":"https:\/\/agora.xtec.cat\/cee-laginesta\/wp-json\/wp\/v2\/comments?post=5308"}],"version-history":[{"count":3,"href":"https:\/\/agora.xtec.cat\/cee-laginesta\/wp-json\/wp\/v2\/pages\/5308\/revisions"}],"predecessor-version":[{"id":8029,"href":"https:\/\/agora.xtec.cat\/cee-laginesta\/wp-json\/wp\/v2\/pages\/5308\/revisions\/8029"}],"up":[{"embeddable":true,"href":"https:\/\/agora.xtec.cat\/cee-laginesta\/wp-json\/wp\/v2\/pages\/274"}],"wp:attachment":[{"href":"https:\/\/agora.xtec.cat\/cee-laginesta\/wp-json\/wp\/v2\/media?parent=5308"}],"curies":[{"name":"wp","href":"https:\/\/api.w.org\/{rel}","templated":true}]}}