{"id":28,"date":"2014-09-18T12:29:35","date_gmt":"2014-09-18T11:29:35","guid":{"rendered":"http:\/\/agora.xtec.cat\/cee-laginesta\/?page_id=28"},"modified":"2023-05-24T12:40:02","modified_gmt":"2023-05-24T10:40:02","slug":"oferta-educativa","status":"publish","type":"page","link":"https:\/\/agora.xtec.cat\/cee-laginesta\/lescola\/oferta-educativa\/","title":{"rendered":"Oferta educativa"},"content":{"rendered":"<p style=\"text-align: justify;\">L&#8217;escola at\u00e9n alumnes amb edats compreses entre els 12 i els 21 anys,\u00a0 que els cal una intensitat elevada de suport educatiu i mesures curriculars, de metodologia, d&#8217;organitzaci\u00f3 i d&#8217;atenci\u00f3 psicopedag\u00f2gica altament individualitzades.<\/p>\n<table style=\"height: 238px; width: 100%; border-collapse: collapse; border-style: solid;\">\n<tbody>\n<tr style=\"height: 104px;\">\n<td style=\"width: 50%; height: 128px; border-style: solid; background-color: #f79797;\">\n<h2 style=\"text-align: center;\"><a href=\"https:\/\/agora.xtec.cat\/cee-laginesta\/lescola\/oferta-educativa\/etapa-escolar\/\"><strong>ETAPA ESCOLAR<\/strong>\u00a0<\/a><br \/>\n(12-16 anys)<\/h2>\n<\/td>\n<td style=\"width: 50%; height: 128px; border-style: solid; background-color: #dac8f7;\">\n<h2 style=\"text-align: center;\"><strong><a href=\"https:\/\/agora.xtec.cat\/cee-laginesta\/lescola\/oferta-educativa\/programa-de-transicio-a-la-vida-adulta\/\">PROGRAMA DE TRANSICI\u00d3 A LA VIDA ADULTA<\/a><br \/>\n<\/strong>(16-20 anys)<\/h2>\n<\/td>\n<\/tr>\n<tr style=\"height: 110px;\">\n<td style=\"width: 50%; height: 110px; border-style: solid; background-color: #d8f5c4; text-align: center;\">\n<h2><a href=\"https:\/\/agora.xtec.cat\/cee-laginesta\/lescola\/oferta-educativa\/pla-de-suport-individualitzat\/\"><strong>PLA DE SUPORT INDIVIDUALITZAT<\/strong><\/a><\/h2>\n<\/td>\n<td style=\"width: 50%; height: 110px; background-color: #fcf7ac; text-align: center;\">\n<h2><a href=\"https:\/\/agora.xtec.cat\/cee-laginesta\/lescola\/oferta-educativa\/sortida-de-la-ginesta\/\"><strong>SORTIDA DE LA GINESTA<\/strong><\/a><\/h2>\n<\/td>\n<\/tr>\n<\/tbody>\n<\/table>\n<p align=\"JUSTIFY\">\n","protected":false},"excerpt":{"rendered":"<p>L&#8217;escola at\u00e9n alumnes amb edats compreses entre els 12 i els 21 anys,\u00a0 que els cal una intensitat elevada de suport educatiu i mesures curriculars, de metodologia, d&#8217;organitzaci\u00f3 i d&#8217;atenci\u00f3 psicopedag\u00f2gica altament individualitzades.<\/p>\n<p><a href=\"https:\/\/agora.xtec.cat\/cee-laginesta\/lescola\/oferta-educativa\/etapa-escolar\/\">ETAPA ESCOLAR\u00a0<\/a><br \/>\n(12-16 anys)<\/p>\n<p><a href=\"https:\/\/agora.xtec.cat\/cee-laginesta\/lescola\/oferta-educativa\/programa-de-transicio-a-la-vida-adulta\/\">PROGRAMA DE TRANSICI\u00d3 A LA VIDA ADULTA<\/a><br \/>\n(16-20 anys)<\/p>\n<p><a href=\"https:\/\/agora.xtec.cat\/cee-laginesta\/lescola\/oferta-educativa\/pla-de-suport-individualitzat\/\">PLA&hellip;  <a href=\"https:\/\/agora.xtec.cat\/cee-laginesta\/lescola\/oferta-educativa\/\" title=\"Read Oferta educativa\">Llegeix m\u00e9s\u00bb<\/a><\/p>\n","protected":false},"author":1,"featured_media":0,"parent":22,"menu_order":30,"comment_status":"closed","ping_status":"closed","template":"page-templates\/side-menu.php","meta":{"_bbp_topic_count":0,"_bbp_reply_count":0,"_bbp_total_topic_count":0,"_bbp_total_reply_count":0,"_bbp_voice_count":0,"_bbp_anonymous_reply_count":0,"_bbp_topic_count_hidden":0,"_bbp_reply_count_hidden":0,"_bbp_forum_subforum_count":0,"footnotes":""},"class_list":["post-28","page","type-page","status-publish","hentry"],"post_mailing_queue_ids":[],"_links":{"self":[{"href":"https:\/\/agora.xtec.cat\/cee-laginesta\/wp-json\/wp\/v2\/pages\/28","targetHints":{"allow":["GET"]}}],"collection":[{"href":"https:\/\/agora.xtec.cat\/cee-laginesta\/wp-json\/wp\/v2\/pages"}],"about":[{"href":"https:\/\/agora.xtec.cat\/cee-laginesta\/wp-json\/wp\/v2\/types\/page"}],"author":[{"embeddable":true,"href":"https:\/\/agora.xtec.cat\/cee-laginesta\/wp-json\/wp\/v2\/users\/1"}],"replies":[{"embeddable":true,"href":"https:\/\/agora.xtec.cat\/cee-laginesta\/wp-json\/wp\/v2\/comments?post=28"}],"version-history":[{"count":3,"href":"https:\/\/agora.xtec.cat\/cee-laginesta\/wp-json\/wp\/v2\/pages\/28\/revisions"}],"predecessor-version":[{"id":7951,"href":"https:\/\/agora.xtec.cat\/cee-laginesta\/wp-json\/wp\/v2\/pages\/28\/revisions\/7951"}],"up":[{"embeddable":true,"href":"https:\/\/agora.xtec.cat\/cee-laginesta\/wp-json\/wp\/v2\/pages\/22"}],"wp:attachment":[{"href":"https:\/\/agora.xtec.cat\/cee-laginesta\/wp-json\/wp\/v2\/media?parent=28"}],"curies":[{"name":"wp","href":"https:\/\/api.w.org\/{rel}","templated":true}]}}