{"id":215,"date":"2015-12-23T09:34:47","date_gmt":"2015-12-23T08:34:47","guid":{"rendered":"http:\/\/agora.xtec.cat\/cee-laginesta\/?page_id=215"},"modified":"2024-06-07T12:56:13","modified_gmt":"2024-06-07T10:56:13","slug":"csmij-csma-sesmdi","status":"publish","type":"page","link":"https:\/\/agora.xtec.cat\/cee-laginesta\/treball-xarxa\/csmij-csma-sesmdi\/","title":{"rendered":"CSMIJ &#8211; CSMA &#8211; SESM-DI"},"content":{"rendered":"<p>El <a href=\"https:\/\/xtec.gencat.cat\/ca\/curriculum\/diversitat-i-inclusio\/xarxa-de-suports-a-leducacio-inclusiva\/collaboracio-amb-altres-departaments\/serveis-datencio-a-la-infancia-i-ladolescencia\/\">Centre de Salut Mental Infantil i Juvenil (CSMIJ)<\/a> \u00e9s un servei sanitari pertanyent a la Xarxa de Salut Mental d\u2019Utilitzaci\u00f3 P\u00fablica del Servei Catal\u00e0 de la Salut.<\/p>\n<p>Realitza funcions d\u2019atenci\u00f3 especialitzada a la salut mental i d\u2019assist\u00e8ncia psiqui\u00e0trica en r\u00e8gim ambulatori. Est\u00e0 format per un conjunt multiprofessional de metges-psiquiatres, psic\u00f2legs, diplomats en infermeria, diplomats en treball social i personal administratiu que garanteixen una atenci\u00f3 professional, confidencial i personalitzada. Ofereix un conjunt diversificat de serveis diagn\u00f2stics, terap\u00e8utics, i d\u2019orientaci\u00f3 en salut mental.<\/p>\n","protected":false},"excerpt":{"rendered":"<p>El <a href=\"https:\/\/xtec.gencat.cat\/ca\/curriculum\/diversitat-i-inclusio\/xarxa-de-suports-a-leducacio-inclusiva\/collaboracio-amb-altres-departaments\/serveis-datencio-a-la-infancia-i-ladolescencia\/\">Centre de Salut Mental Infantil i Juvenil (CSMIJ)<\/a> \u00e9s un servei sanitari pertanyent a la Xarxa de Salut Mental d\u2019Utilitzaci\u00f3 P\u00fablica del Servei Catal\u00e0 de la Salut.<br \/>\nRealitza funcions d\u2019atenci\u00f3 especialitzada a la salut mental i d\u2019assist\u00e8ncia psiqui\u00e0trica en r\u00e8gim ambulatori. Est\u00e0 format per&hellip;  <a href=\"https:\/\/agora.xtec.cat\/cee-laginesta\/treball-xarxa\/csmij-csma-sesmdi\/\" title=\"Read CSMIJ &#8211; CSMA &#8211; SESM-DI\">Llegeix m\u00e9s\u00bb<\/a><\/p>\n","protected":false},"author":1,"featured_media":0,"parent":274,"menu_order":60,"comment_status":"closed","ping_status":"closed","template":"page-templates\/side-menu.php","meta":{"_bbp_topic_count":0,"_bbp_reply_count":0,"_bbp_total_topic_count":0,"_bbp_total_reply_count":0,"_bbp_voice_count":0,"_bbp_anonymous_reply_count":0,"_bbp_topic_count_hidden":0,"_bbp_reply_count_hidden":0,"_bbp_forum_subforum_count":0,"footnotes":""},"class_list":["post-215","page","type-page","status-publish","hentry"],"post_mailing_queue_ids":[],"_links":{"self":[{"href":"https:\/\/agora.xtec.cat\/cee-laginesta\/wp-json\/wp\/v2\/pages\/215","targetHints":{"allow":["GET"]}}],"collection":[{"href":"https:\/\/agora.xtec.cat\/cee-laginesta\/wp-json\/wp\/v2\/pages"}],"about":[{"href":"https:\/\/agora.xtec.cat\/cee-laginesta\/wp-json\/wp\/v2\/types\/page"}],"author":[{"embeddable":true,"href":"https:\/\/agora.xtec.cat\/cee-laginesta\/wp-json\/wp\/v2\/users\/1"}],"replies":[{"embeddable":true,"href":"https:\/\/agora.xtec.cat\/cee-laginesta\/wp-json\/wp\/v2\/comments?post=215"}],"version-history":[{"count":5,"href":"https:\/\/agora.xtec.cat\/cee-laginesta\/wp-json\/wp\/v2\/pages\/215\/revisions"}],"predecessor-version":[{"id":8534,"href":"https:\/\/agora.xtec.cat\/cee-laginesta\/wp-json\/wp\/v2\/pages\/215\/revisions\/8534"}],"up":[{"embeddable":true,"href":"https:\/\/agora.xtec.cat\/cee-laginesta\/wp-json\/wp\/v2\/pages\/274"}],"wp:attachment":[{"href":"https:\/\/agora.xtec.cat\/cee-laginesta\/wp-json\/wp\/v2\/media?parent=215"}],"curies":[{"name":"wp","href":"https:\/\/api.w.org\/{rel}","templated":true}]}}