{"id":204,"date":"2015-12-23T09:25:11","date_gmt":"2015-12-23T08:25:11","guid":{"rendered":"http:\/\/agora.xtec.cat\/cee-laginesta\/?page_id=204"},"modified":"2024-06-07T12:49:33","modified_gmt":"2024-06-07T10:49:33","slug":"fusteria","status":"publish","type":"page","link":"https:\/\/agora.xtec.cat\/cee-laginesta\/programes\/fusteria\/","title":{"rendered":"Fusteria"},"content":{"rendered":"<p style=\"text-align: justify;\">A l\u2019aula-taller de fusteria, el treball amb la fusta no \u00e9s una finalitat en s\u00ed mateixa, sin\u00f3 que esdev\u00e9 un mitj\u00e0 per ajudar al benestar de l\u2019alumne.<\/p>\n<p style=\"text-align: justify;\">La seva implantaci\u00f3 facilita una acci\u00f3 educativa propera a la realitat i a l\u2019experi\u00e8ncia de cada alumne, on el punt de partida no s\u00f3n els aprenentatges pr\u00e8viament adquirits, sin\u00f3 les seves capacitats i necessitats, i on es posen en joc les expectatives i motivacions de cada un d\u2019ells amb l\u2019objectiu d\u2019augmentar la seva percepci\u00f3 d\u2019efic\u00e0cia. Aix\u00ed mateix, els aprenentatges es duen a terme a partir de la viv\u00e8ncia que comporta el treball manual amb la fusta, predominant l\u2019aprenentatge per sobre l\u2019ensenyan\u00e7a, i on la teoria i la pr\u00e0ctica s\u2019uneixen dins d\u2019una realitat que esdev\u00e9 integradora, reflexiva, processual, complexa\u2026<\/p>\n<p><a href=\"https:\/\/agora.xtec.cat\/cee-laginesta\/wp-content\/uploads\/usu800\/2023\/05\/1683712844479.jpg\"><img loading=\"lazy\" decoding=\"async\" class=\" wp-image-7922 aligncenter\" src=\"https:\/\/agora.xtec.cat\/cee-laginesta\/wp-content\/uploads\/usu800\/2023\/05\/1683712844479.jpg\" alt=\"\" width=\"696\" height=\"392\" srcset=\"https:\/\/agora.xtec.cat\/cee-laginesta\/wp-content\/uploads\/usu800\/2023\/05\/1683712844479.jpg 1000w, https:\/\/agora.xtec.cat\/cee-laginesta\/wp-content\/uploads\/usu800\/2023\/05\/1683712844479-300x169.jpg 300w, https:\/\/agora.xtec.cat\/cee-laginesta\/wp-content\/uploads\/usu800\/2023\/05\/1683712844479-768x432.jpg 768w\" sizes=\"auto, (max-width: 696px) 100vw, 696px\" \/><\/a><\/p>\n","protected":false},"excerpt":{"rendered":"<p>A l\u2019aula-taller de fusteria, el treball amb la fusta no \u00e9s una finalitat en s\u00ed mateixa, sin\u00f3 que esdev\u00e9 un mitj\u00e0 per ajudar al benestar de l\u2019alumne.<br \/>\nLa seva implantaci\u00f3 facilita una acci\u00f3 educativa propera a la realitat i a l\u2019experi\u00e8ncia de cada alumne, on el&hellip;  <a href=\"https:\/\/agora.xtec.cat\/cee-laginesta\/programes\/fusteria\/\" title=\"Read Fusteria\">Llegeix m\u00e9s\u00bb<\/a><\/p>\n","protected":false},"author":1,"featured_media":0,"parent":64,"menu_order":20,"comment_status":"closed","ping_status":"closed","template":"page-templates\/side-menu.php","meta":{"_bbp_topic_count":0,"_bbp_reply_count":0,"_bbp_total_topic_count":0,"_bbp_total_reply_count":0,"_bbp_voice_count":0,"_bbp_anonymous_reply_count":0,"_bbp_topic_count_hidden":0,"_bbp_reply_count_hidden":0,"_bbp_forum_subforum_count":0,"footnotes":""},"class_list":["post-204","page","type-page","status-publish","hentry"],"post_mailing_queue_ids":[],"_links":{"self":[{"href":"https:\/\/agora.xtec.cat\/cee-laginesta\/wp-json\/wp\/v2\/pages\/204","targetHints":{"allow":["GET"]}}],"collection":[{"href":"https:\/\/agora.xtec.cat\/cee-laginesta\/wp-json\/wp\/v2\/pages"}],"about":[{"href":"https:\/\/agora.xtec.cat\/cee-laginesta\/wp-json\/wp\/v2\/types\/page"}],"author":[{"embeddable":true,"href":"https:\/\/agora.xtec.cat\/cee-laginesta\/wp-json\/wp\/v2\/users\/1"}],"replies":[{"embeddable":true,"href":"https:\/\/agora.xtec.cat\/cee-laginesta\/wp-json\/wp\/v2\/comments?post=204"}],"version-history":[{"count":5,"href":"https:\/\/agora.xtec.cat\/cee-laginesta\/wp-json\/wp\/v2\/pages\/204\/revisions"}],"predecessor-version":[{"id":8526,"href":"https:\/\/agora.xtec.cat\/cee-laginesta\/wp-json\/wp\/v2\/pages\/204\/revisions\/8526"}],"up":[{"embeddable":true,"href":"https:\/\/agora.xtec.cat\/cee-laginesta\/wp-json\/wp\/v2\/pages\/64"}],"wp:attachment":[{"href":"https:\/\/agora.xtec.cat\/cee-laginesta\/wp-json\/wp\/v2\/media?parent=204"}],"curies":[{"name":"wp","href":"https:\/\/api.w.org\/{rel}","templated":true}]}}