{"id":487,"date":"2017-11-17T10:28:06","date_gmt":"2017-11-17T09:28:06","guid":{"rendered":"http:\/\/agora.xtec.cat\/cee-josepsol\/?page_id=487"},"modified":"2026-02-10T11:08:28","modified_gmt":"2026-02-10T10:08:28","slug":"eap","status":"publish","type":"page","link":"https:\/\/agora.xtec.cat\/cee-josepsol\/eap\/","title":{"rendered":"Serveis Externs"},"content":{"rendered":"<p>Al nostre Centre comptem amb l&#8217;assessorament i intervenci\u00f3 de diferents serveis externs. Aquests valoren i atenen els alumnes en funci\u00f3 dels criteris que aquests mateixos serveis estipulen.<\/p>\n<p>Els serveis que intervenen actualment al nostre centre s\u00f3n:<\/p>\n<p><a href=\"http:\/\/serveiseducatius.xtec.cat\/santacolomag\/\" target=\"_blank\" rel=\"noopener noreferrer\">Serveis Educatius de Santa Coloma<\/a>, que inclou <a href=\"http:\/\/serveiseducatius.xtec.cat\/santacolomag\/categoria\/eap\/\" target=\"_blank\" rel=\"noopener noreferrer\">EAP<\/a> i <a href=\"http:\/\/serveiseducatius.xtec.cat\/santacolomag\/categoria\/crp\/\" target=\"_blank\" rel=\"noopener noreferrer\">CRP<\/a>.<\/p>\n<p>Des de l&#8217;EAP s&#8217;ofereixen els serveis de Psicopedagogia, Fisioter\u00e0pia i Treballadora Social. Cada \u00e0mbit d&#8217;intervenci\u00f3 es valora de forma individual<\/p>\n<p>Des del CRP s&#8217;oferta formaci\u00f3 espec\u00edfica i material pedag\u00f2gic innovador.<\/p>\n<p><a href=\"http:\/\/www.fvb.cat\/assistencia-publica\/csmij-santa-coloma-de-gramenet\/\" target=\"_blank\" rel=\"noopener noreferrer\">CSMIJ<\/a>. At\u00e9n aquells alumnes i fam\u00edlies que, segons els seus criteris, s\u00f3n susceptibles de rebre assessorament i\/o intervenci\u00f3 directa. Assessora els diferents professionals del centre per millorar la seva intervenci\u00f3 educativa.<\/p>\n<p><a href=\"https:\/\/agora.xtec.cat\/credv\/\" target=\"_blank\" rel=\"noopener noreferrer\">CREDV CRE-ONCE<\/a>. At\u00e9n aquells alumnes i fam\u00edlies que, segons els seus criteris, s\u00f3n susceptibles de rebre assessorament i\/o intervenci\u00f3 directa. Assessora els diferents professionals del centre per millorar la seva intervenci\u00f3 educativa.<\/p>\n","protected":false},"excerpt":{"rendered":"<p>Al nostre Centre comptem amb l&#8217;assessorament i intervenci\u00f3 de diferents serveis externs. Aquests valoren i atenen els alumnes en funci\u00f3 dels criteris que aquests mateixos serveis estipulen. Els serveis que intervenen actualment al nostre centre s\u00f3n: Serveis Educatius de Santa Coloma, que inclou EAP i CRP. Des de l&#8217;EAP s&#8217;ofereixen els serveis de Psicopedagogia, Fisioter\u00e0pia [&hellip;]<\/p>\n","protected":false},"author":1,"featured_media":0,"parent":0,"menu_order":0,"comment_status":"closed","ping_status":"closed","template":"","meta":{"_bbp_topic_count":0,"_bbp_reply_count":0,"_bbp_total_topic_count":0,"_bbp_total_reply_count":0,"_bbp_voice_count":0,"_bbp_anonymous_reply_count":0,"_bbp_topic_count_hidden":0,"_bbp_reply_count_hidden":0,"_bbp_forum_subforum_count":0,"site-sidebar-layout":"default","site-content-layout":"","ast-site-content-layout":"default","site-content-style":"default","site-sidebar-style":"default","ast-global-header-display":"","ast-banner-title-visibility":"","ast-main-header-display":"","ast-hfb-above-header-display":"","ast-hfb-below-header-display":"","ast-hfb-mobile-header-display":"","site-post-title":"","ast-breadcrumbs-content":"","ast-featured-img":"","footer-sml-layout":"","theme-transparent-header-meta":"default","adv-header-id-meta":"","stick-header-meta":"","header-above-stick-meta":"","header-main-stick-meta":"","header-below-stick-meta":"","astra-migrate-meta-layouts":"set","ast-page-background-enabled":"default","ast-page-background-meta":{"desktop":{"background-color":"var(--ast-global-color-4)","background-image":"","background-repeat":"repeat","background-position":"center center","background-size":"auto","background-attachment":"scroll","background-type":"","background-media":"","overlay-type":"","overlay-color":"","overlay-opacity":"","overlay-gradient":""},"tablet":{"background-color":"","background-image":"","background-repeat":"repeat","background-position":"center center","background-size":"auto","background-attachment":"scroll","background-type":"","background-media":"","overlay-type":"","overlay-color":"","overlay-opacity":"","overlay-gradient":""},"mobile":{"background-color":"","background-image":"","background-repeat":"repeat","background-position":"center center","background-size":"auto","background-attachment":"scroll","background-type":"","background-media":"","overlay-type":"","overlay-color":"","overlay-opacity":"","overlay-gradient":""}},"ast-content-background-meta":{"desktop":{"background-color":"var(--ast-global-color-5)","background-image":"","background-repeat":"repeat","background-position":"center center","background-size":"auto","background-attachment":"scroll","background-type":"","background-media":"","overlay-type":"","overlay-color":"","overlay-opacity":"","overlay-gradient":""},"tablet":{"background-color":"var(--ast-global-color-5)","background-image":"","background-repeat":"repeat","background-position":"center center","background-size":"auto","background-attachment":"scroll","background-type":"","background-media":"","overlay-type":"","overlay-color":"","overlay-opacity":"","overlay-gradient":""},"mobile":{"background-color":"var(--ast-global-color-5)","background-image":"","background-repeat":"repeat","background-position":"center center","background-size":"auto","background-attachment":"scroll","background-type":"","background-media":"","overlay-type":"","overlay-color":"","overlay-opacity":"","overlay-gradient":""}},"footnotes":""},"class_list":["post-487","page","type-page","status-publish","hentry"],"post_mailing_queue_ids":[],"_links":{"self":[{"href":"https:\/\/agora.xtec.cat\/cee-josepsol\/wp-json\/wp\/v2\/pages\/487","targetHints":{"allow":["GET"]}}],"collection":[{"href":"https:\/\/agora.xtec.cat\/cee-josepsol\/wp-json\/wp\/v2\/pages"}],"about":[{"href":"https:\/\/agora.xtec.cat\/cee-josepsol\/wp-json\/wp\/v2\/types\/page"}],"author":[{"embeddable":true,"href":"https:\/\/agora.xtec.cat\/cee-josepsol\/wp-json\/wp\/v2\/users\/1"}],"replies":[{"embeddable":true,"href":"https:\/\/agora.xtec.cat\/cee-josepsol\/wp-json\/wp\/v2\/comments?post=487"}],"version-history":[{"count":3,"href":"https:\/\/agora.xtec.cat\/cee-josepsol\/wp-json\/wp\/v2\/pages\/487\/revisions"}],"predecessor-version":[{"id":497,"href":"https:\/\/agora.xtec.cat\/cee-josepsol\/wp-json\/wp\/v2\/pages\/487\/revisions\/497"}],"wp:attachment":[{"href":"https:\/\/agora.xtec.cat\/cee-josepsol\/wp-json\/wp\/v2\/media?parent=487"}],"curies":[{"name":"wp","href":"https:\/\/api.w.org\/{rel}","templated":true}]}}