{"id":4635,"date":"2026-02-10T10:39:00","date_gmt":"2026-02-10T09:39:00","guid":{"rendered":"https:\/\/agora.xtec.cat\/cee-josepsol\/?page_id=4635"},"modified":"2026-03-03T10:35:11","modified_gmt":"2026-03-03T09:35:11","slug":"competencia-digital","status":"publish","type":"page","link":"https:\/\/agora.xtec.cat\/cee-josepsol\/competencia-digital\/","title":{"rendered":"Compet\u00e8ncia digital"},"content":{"rendered":"<p data-start=\"287\" data-end=\"459\">A l&#8217;escola treballem <strong>la compet\u00e8ncia digital<\/strong> com una eina clau per afavorir la inclusi\u00f3, l&#8217;autonomia i l&#8217;aprenentatge de tot l&#8217;alumnat.<\/p>\n<p data-start=\"287\" data-end=\"459\">La tecnologia, si s&#8217;utilitza de manera adequada i adaptada, permet eliminar les barreres i ofereix noves maneres de comunicaci\u00f3, d&#8217;expressi\u00f3 i acc\u00e9s als coneixements.<\/p>\n<p data-start=\"722\" data-end=\"781\">Un bon aprenentatge de l&#8217;\u00fas de les eines digitals i el desenvolupament del pensament computacional permet<strong> accedir a continguts adaptats al seu ritme i capacitats.\u00a0<\/strong><\/p>\n<p data-start=\"1090\" data-end=\"1150\">La compet\u00e8ncia digital \u00e9s fonamental pel futur <strong>personal i social<\/strong> i el seu l&#8217;aprenentatge progressiu de manera <strong>motivadora<\/strong> permet:<\/p>\n<ul>\n<li data-start=\"1151\" data-end=\"1186\">\n<p data-start=\"1153\" data-end=\"1186\">Desenvolupar l&#8217;autonomia personal.<\/p>\n<\/li>\n<li data-start=\"1187\" data-end=\"1205\">\n<p data-start=\"1189\" data-end=\"1205\">Prendre decisions.<\/p>\n<\/li>\n<li data-start=\"1208\" data-end=\"1257\">Adquirir habilitats \u00fatils per la vida di\u00e0ria.<\/li>\n<\/ul>\n<p data-start=\"1208\" data-end=\"1257\">Vivim en una societat cada vegada m\u00e9s digitalitzada. Des de l&#8217;escola, treballem perqu\u00e8 el nostre alumnat adquireixi habilitat que li permetin activament participar en aquest m\u00f3n de manera segura i personalitzada.<\/p>\n<p data-start=\"1208\" data-end=\"1257\">Treballem a partir dels panells digitals, ordinadors, port\u00e0tils i rob\u00f2tica de tots els nivells (coding, tale bot, Lego&#8230;).\u00a0 \u00a0 \u00a0 \u00a0 \u00a0 \u00a0 \u00a0<\/p>\n\n\n<figure class=\"wp-block-gallery has-nested-images columns-default is-cropped wp-block-gallery-1 is-layout-flex wp-block-gallery-is-layout-flex\">\n<figure class=\"wp-block-image size-large is-resized is-style-rounded\"><a href=\"https:\/\/agora.xtec.cat\/cee-josepsol\/wp-content\/uploads\/usu23\/2026\/02\/informatica-3-e1771945228816.png\"><img loading=\"lazy\" decoding=\"async\" width=\"825\" height=\"526\" data-id=\"4738\" src=\"https:\/\/agora.xtec.cat\/cee-josepsol\/wp-content\/uploads\/usu23\/2026\/02\/informatica-3-e1771945228816.png\" alt=\"\" class=\"wp-image-4738\" style=\"width:275px;height:auto\" srcset=\"https:\/\/agora.xtec.cat\/cee-josepsol\/wp-content\/uploads\/usu23\/2026\/02\/informatica-3-e1771945228816.png 825w, https:\/\/agora.xtec.cat\/cee-josepsol\/wp-content\/uploads\/usu23\/2026\/02\/informatica-3-e1771945228816-300x191.png 300w, https:\/\/agora.xtec.cat\/cee-josepsol\/wp-content\/uploads\/usu23\/2026\/02\/informatica-3-e1771945228816-768x490.png 768w\" sizes=\"auto, (max-width: 825px) 100vw, 825px\" \/><\/a><\/figure>\n\n\n\n<figure class=\"wp-block-image size-large is-resized is-style-rounded\"><a href=\"https:\/\/agora.xtec.cat\/cee-josepsol\/wp-content\/uploads\/usu23\/2026\/02\/informatica-2.png\"><img loading=\"lazy\" decoding=\"async\" width=\"469\" height=\"616\" data-id=\"4739\" src=\"https:\/\/agora.xtec.cat\/cee-josepsol\/wp-content\/uploads\/usu23\/2026\/02\/informatica-2.png\" alt=\"\" class=\"wp-image-4739\" style=\"width:209px;height:auto\" srcset=\"https:\/\/agora.xtec.cat\/cee-josepsol\/wp-content\/uploads\/usu23\/2026\/02\/informatica-2.png 469w, https:\/\/agora.xtec.cat\/cee-josepsol\/wp-content\/uploads\/usu23\/2026\/02\/informatica-2-228x300.png 228w\" sizes=\"auto, (max-width: 469px) 100vw, 469px\" \/><\/a><\/figure>\n<\/figure>\n\n\n\n<p><\/p>\n\n\n\n<figure class=\"wp-block-gallery has-nested-images columns-default is-cropped wp-block-gallery-2 is-layout-flex wp-block-gallery-is-layout-flex\">\n<figure class=\"wp-block-image size-large is-resized is-style-rounded\"><a href=\"https:\/\/agora.xtec.cat\/cee-josepsol\/wp-content\/uploads\/usu23\/2026\/02\/informatica-4.png\"><img loading=\"lazy\" decoding=\"async\" width=\"819\" height=\"480\" data-id=\"4740\" src=\"https:\/\/agora.xtec.cat\/cee-josepsol\/wp-content\/uploads\/usu23\/2026\/02\/informatica-4.png\" alt=\"\" class=\"wp-image-4740\" style=\"width:305px;height:auto\" srcset=\"https:\/\/agora.xtec.cat\/cee-josepsol\/wp-content\/uploads\/usu23\/2026\/02\/informatica-4.png 819w, https:\/\/agora.xtec.cat\/cee-josepsol\/wp-content\/uploads\/usu23\/2026\/02\/informatica-4-300x176.png 300w, https:\/\/agora.xtec.cat\/cee-josepsol\/wp-content\/uploads\/usu23\/2026\/02\/informatica-4-768x450.png 768w\" sizes=\"auto, (max-width: 819px) 100vw, 819px\" \/><\/a><\/figure>\n\n\n\n<figure class=\"wp-block-image size-large is-resized is-style-rounded\"><a href=\"https:\/\/agora.xtec.cat\/cee-josepsol\/wp-content\/uploads\/usu23\/2026\/02\/competencia-digital.png\"><img loading=\"lazy\" decoding=\"async\" width=\"895\" height=\"673\" data-id=\"4756\" src=\"https:\/\/agora.xtec.cat\/cee-josepsol\/wp-content\/uploads\/usu23\/2026\/02\/competencia-digital.png\" alt=\"\" class=\"wp-image-4756\" style=\"width:310px;height:auto\" srcset=\"https:\/\/agora.xtec.cat\/cee-josepsol\/wp-content\/uploads\/usu23\/2026\/02\/competencia-digital.png 895w, https:\/\/agora.xtec.cat\/cee-josepsol\/wp-content\/uploads\/usu23\/2026\/02\/competencia-digital-300x226.png 300w, https:\/\/agora.xtec.cat\/cee-josepsol\/wp-content\/uploads\/usu23\/2026\/02\/competencia-digital-768x578.png 768w\" sizes=\"auto, (max-width: 895px) 100vw, 895px\" \/><\/a><\/figure>\n<\/figure>\n","protected":false},"excerpt":{"rendered":"<p>A l&#8217;escola treballem la compet\u00e8ncia digital com una eina clau per afavorir la inclusi\u00f3, l&#8217;autonomia i l&#8217;aprenentatge de tot l&#8217;alumnat. La tecnologia, si s&#8217;utilitza de manera adequada i adaptada, permet eliminar les barreres i ofereix noves maneres de comunicaci\u00f3, d&#8217;expressi\u00f3 i acc\u00e9s als coneixements. Un bon aprenentatge de l&#8217;\u00fas de les eines digitals i el [&hellip;]<\/p>\n","protected":false},"author":1,"featured_media":0,"parent":0,"menu_order":0,"comment_status":"closed","ping_status":"closed","template":"","meta":{"_bbp_topic_count":0,"_bbp_reply_count":0,"_bbp_total_topic_count":0,"_bbp_total_reply_count":0,"_bbp_voice_count":0,"_bbp_anonymous_reply_count":0,"_bbp_topic_count_hidden":0,"_bbp_reply_count_hidden":0,"_bbp_forum_subforum_count":0,"site-sidebar-layout":"default","site-content-layout":"","ast-site-content-layout":"default","site-content-style":"default","site-sidebar-style":"default","ast-global-header-display":"","ast-banner-title-visibility":"","ast-main-header-display":"","ast-hfb-above-header-display":"","ast-hfb-below-header-display":"","ast-hfb-mobile-header-display":"","site-post-title":"","ast-breadcrumbs-content":"","ast-featured-img":"","footer-sml-layout":"","theme-transparent-header-meta":"default","adv-header-id-meta":"","stick-header-meta":"","header-above-stick-meta":"","header-main-stick-meta":"","header-below-stick-meta":"","astra-migrate-meta-layouts":"set","ast-page-background-enabled":"default","ast-page-background-meta":{"desktop":{"background-color":"var(--ast-global-color-4)","background-image":"","background-repeat":"repeat","background-position":"center center","background-size":"auto","background-attachment":"scroll","background-type":"","background-media":"","overlay-type":"","overlay-color":"","overlay-opacity":"","overlay-gradient":""},"tablet":{"background-color":"","background-image":"","background-repeat":"repeat","background-position":"center center","background-size":"auto","background-attachment":"scroll","background-type":"","background-media":"","overlay-type":"","overlay-color":"","overlay-opacity":"","overlay-gradient":""},"mobile":{"background-color":"","background-image":"","background-repeat":"repeat","background-position":"center center","background-size":"auto","background-attachment":"scroll","background-type":"","background-media":"","overlay-type":"","overlay-color":"","overlay-opacity":"","overlay-gradient":""}},"ast-content-background-meta":{"desktop":{"background-color":"var(--ast-global-color-5)","background-image":"","background-repeat":"repeat","background-position":"center center","background-size":"auto","background-attachment":"scroll","background-type":"","background-media":"","overlay-type":"","overlay-color":"","overlay-opacity":"","overlay-gradient":""},"tablet":{"background-color":"var(--ast-global-color-5)","background-image":"","background-repeat":"repeat","background-position":"center center","background-size":"auto","background-attachment":"scroll","background-type":"","background-media":"","overlay-type":"","overlay-color":"","overlay-opacity":"","overlay-gradient":""},"mobile":{"background-color":"var(--ast-global-color-5)","background-image":"","background-repeat":"repeat","background-position":"center center","background-size":"auto","background-attachment":"scroll","background-type":"","background-media":"","overlay-type":"","overlay-color":"","overlay-opacity":"","overlay-gradient":""}},"footnotes":""},"class_list":["post-4635","page","type-page","status-publish","hentry"],"post_mailing_queue_ids":[],"_links":{"self":[{"href":"https:\/\/agora.xtec.cat\/cee-josepsol\/wp-json\/wp\/v2\/pages\/4635","targetHints":{"allow":["GET"]}}],"collection":[{"href":"https:\/\/agora.xtec.cat\/cee-josepsol\/wp-json\/wp\/v2\/pages"}],"about":[{"href":"https:\/\/agora.xtec.cat\/cee-josepsol\/wp-json\/wp\/v2\/types\/page"}],"author":[{"embeddable":true,"href":"https:\/\/agora.xtec.cat\/cee-josepsol\/wp-json\/wp\/v2\/users\/1"}],"replies":[{"embeddable":true,"href":"https:\/\/agora.xtec.cat\/cee-josepsol\/wp-json\/wp\/v2\/comments?post=4635"}],"version-history":[{"count":6,"href":"https:\/\/agora.xtec.cat\/cee-josepsol\/wp-json\/wp\/v2\/pages\/4635\/revisions"}],"predecessor-version":[{"id":4789,"href":"https:\/\/agora.xtec.cat\/cee-josepsol\/wp-json\/wp\/v2\/pages\/4635\/revisions\/4789"}],"wp:attachment":[{"href":"https:\/\/agora.xtec.cat\/cee-josepsol\/wp-json\/wp\/v2\/media?parent=4635"}],"curies":[{"name":"wp","href":"https:\/\/api.w.org\/{rel}","templated":true}]}}