{"id":4627,"date":"2026-02-10T10:38:12","date_gmt":"2026-02-10T09:38:12","guid":{"rendered":"https:\/\/agora.xtec.cat\/cee-josepsol\/?page_id=4627"},"modified":"2026-03-20T09:19:20","modified_gmt":"2026-03-20T08:19:20","slug":"psicomotricitat-2","status":"publish","type":"page","link":"https:\/\/agora.xtec.cat\/cee-josepsol\/psicomotricitat-2\/","title":{"rendered":"Psicomotricitat"},"content":{"rendered":"\n<p>La psicomotricitat \u00e9s una disciplina que integra el moviment, les emocions i el pensament, entenent el cos com el principal mitj\u00e0 d\u2019expressi\u00f3, relaci\u00f3 i aprenentatge. A trav\u00e9s de l\u2019acci\u00f3 corporal, l\u2019infant construeix la seva identitat i desenvolupa les seves capacitats.<\/p>\n\n\n\n<p>Els objectius de la psicomotricitat s\u00f3n:<\/p>\n\n\n\n<ul class=\"wp-block-list\">\n<li>Afavorir el desenvolupament global (motor, emocional, social i cognitiu).<\/li>\n\n\n\n<li>Potenciar el coneixement i domini del propi cos.<\/li>\n\n\n\n<li>Fomentar l\u2019autonomia i la confian\u00e7a.<\/li>\n\n\n\n<li>Millorar la comunicaci\u00f3 i la relaci\u00f3 amb els altres mitjan\u00e7ant el joc i el moviment.<\/li>\n\n\n\n<li>Acompanyar cada infant respectant el seu ritme maduratiu.<\/li>\n<\/ul>\n\n\n\n<p>Al nostre centre l\u2019activitat de Psicomotricitat est\u00e0 adre\u00e7ada per infants d\u2019Educaci\u00f3 infantil. Les intervencions s\u00f3n adaptades segons les necessitats: grup redu\u00eft, grup classe o sessions individuals. Depenent de les necessitats dels alumnes les sessions poden ser interdisciplinars amb la col\u00b7laboraci\u00f3 de la Fisioterapeta o la mestra d\u2019Audici\u00f3 i Llenguatge.<\/p>\n\n\n\n<p>Les sessions segueixen una estructura estable en quant a moments i espais de la sala molt diferenciats:<\/p>\n\n\n\n<ol class=\"wp-block-list\">\n<li><strong>Ritual d\u2019entrada<\/strong> \u2013 acollida, conversa i preparaci\u00f3 corporal.<\/li>\n\n\n\n<li><strong>Joc sensoriomotriu<\/strong> \u2013 circuits, equilibri, salt, girs, coordinaci\u00f3 i joc simb\u00f2lic.<\/li>\n\n\n\n<li><strong>Activitat de distanciaci\u00f3 o relaxaci\u00f3<\/strong> \u2013 representaci\u00f3, manipulaci\u00f3 o tornada a la calma.<\/li>\n\n\n\n<li><strong>Ritual de sortida<\/strong> \u2013 recollida i expressi\u00f3 de l\u2019experi\u00e8ncia viscuda.<\/li>\n<\/ol>\n\n\n\n<p>La sala de psicomotricitat esdev\u00e9 un espai segur on l\u2019infant pot explorar, expressar-se i relacionar-se amb l\u2019acompanyament respectu\u00f3s de l\u2019adult perqu\u00e8 a trav\u00e9s del cos, el moviment i el joc, cada infant troba la seva manera \u00fanica d\u2019expressar-se, comunicar-se i cr\u00e9ixer.<\/p>\n\n\n\n<div class=\"wp-block-getwid-images-slider has-arrows-inside has-dots-inside has-images-center has-cropped-images\"><div class=\"wp-block-getwid-images-slider__wrapper\" data-effect=\"slide\" data-slides-show=\"1\" data-slides-show-laptop=\"1\" data-slides-show-tablet=\"1\" data-slides-show-mobile=\"1\" data-slides-scroll=\"1\" data-autoplay=\"false\" data-pause-hover=\"false\" data-autoplay-speed=\"6000\" data-infinite=\"true\" data-animation-speed=\"800\" data-center-mode=\"false\" data-variable-width=\"false\" data-arrows=\"inside\" data-dots=\"inside\" data-spacing=\"none\"><div class=\"wp-block-getwid-images-slider__item\"><figure><img loading=\"lazy\" decoding=\"async\" width=\"1024\" height=\"576\" src=\"https:\/\/agora.xtec.cat\/cee-josepsol\/wp-content\/uploads\/usu23\/2026\/03\/IMG_20231109_112801.jpg\" alt=\"\" data-id=\"4877\" data-link=\"https:\/\/agora.xtec.cat\/cee-josepsol\/psicomotricitat-2\/attachment\/img_20231109_112801\/\" data-original-link=\"https:\/\/agora.xtec.cat\/cee-josepsol\/wp-content\/uploads\/usu23\/2026\/03\/IMG_20231109_112801.jpg\" class=\"wp-block-getwid-images-slider__image wp-image-4877\" srcset=\"https:\/\/agora.xtec.cat\/cee-josepsol\/wp-content\/uploads\/usu23\/2026\/03\/IMG_20231109_112801.jpg 1024w, https:\/\/agora.xtec.cat\/cee-josepsol\/wp-content\/uploads\/usu23\/2026\/03\/IMG_20231109_112801-300x169.jpg 300w, https:\/\/agora.xtec.cat\/cee-josepsol\/wp-content\/uploads\/usu23\/2026\/03\/IMG_20231109_112801-768x432.jpg 768w\" sizes=\"auto, (max-width: 1024px) 100vw, 1024px\" \/><\/figure><\/div><div class=\"wp-block-getwid-images-slider__item\"><figure><img loading=\"lazy\" decoding=\"async\" width=\"1024\" height=\"576\" src=\"https:\/\/agora.xtec.cat\/cee-josepsol\/wp-content\/uploads\/usu23\/2026\/03\/IMG_20231005_113500.jpg\" alt=\"\" data-id=\"4878\" data-link=\"https:\/\/agora.xtec.cat\/cee-josepsol\/psicomotricitat-2\/attachment\/img_20231005_113500\/\" data-original-link=\"https:\/\/agora.xtec.cat\/cee-josepsol\/wp-content\/uploads\/usu23\/2026\/03\/IMG_20231005_113500.jpg\" class=\"wp-block-getwid-images-slider__image wp-image-4878\" srcset=\"https:\/\/agora.xtec.cat\/cee-josepsol\/wp-content\/uploads\/usu23\/2026\/03\/IMG_20231005_113500.jpg 1024w, https:\/\/agora.xtec.cat\/cee-josepsol\/wp-content\/uploads\/usu23\/2026\/03\/IMG_20231005_113500-300x169.jpg 300w, https:\/\/agora.xtec.cat\/cee-josepsol\/wp-content\/uploads\/usu23\/2026\/03\/IMG_20231005_113500-768x432.jpg 768w\" sizes=\"auto, (max-width: 1024px) 100vw, 1024px\" \/><\/figure><\/div><div class=\"wp-block-getwid-images-slider__item\"><figure><img loading=\"lazy\" decoding=\"async\" width=\"1024\" height=\"460\" src=\"https:\/\/agora.xtec.cat\/cee-josepsol\/wp-content\/uploads\/usu23\/2026\/03\/IMG_20251111_152828.jpg\" alt=\"\" data-id=\"4879\" data-link=\"https:\/\/agora.xtec.cat\/cee-josepsol\/psicomotricitat-2\/attachment\/img_20251111_152828\/\" data-original-link=\"https:\/\/agora.xtec.cat\/cee-josepsol\/wp-content\/uploads\/usu23\/2026\/03\/IMG_20251111_152828.jpg\" class=\"wp-block-getwid-images-slider__image wp-image-4879\" srcset=\"https:\/\/agora.xtec.cat\/cee-josepsol\/wp-content\/uploads\/usu23\/2026\/03\/IMG_20251111_152828.jpg 1024w, https:\/\/agora.xtec.cat\/cee-josepsol\/wp-content\/uploads\/usu23\/2026\/03\/IMG_20251111_152828-300x135.jpg 300w, https:\/\/agora.xtec.cat\/cee-josepsol\/wp-content\/uploads\/usu23\/2026\/03\/IMG_20251111_152828-768x345.jpg 768w\" sizes=\"auto, (max-width: 1024px) 100vw, 1024px\" \/><\/figure><\/div><div class=\"wp-block-getwid-images-slider__item\"><figure><img loading=\"lazy\" decoding=\"async\" width=\"1024\" height=\"576\" src=\"https:\/\/agora.xtec.cat\/cee-josepsol\/wp-content\/uploads\/usu23\/2026\/03\/IMG_20231114_150837.jpg\" alt=\"\" data-id=\"4880\" data-link=\"https:\/\/agora.xtec.cat\/cee-josepsol\/psicomotricitat-2\/attachment\/img_20231114_150837\/\" data-original-link=\"https:\/\/agora.xtec.cat\/cee-josepsol\/wp-content\/uploads\/usu23\/2026\/03\/IMG_20231114_150837.jpg\" class=\"wp-block-getwid-images-slider__image wp-image-4880\" srcset=\"https:\/\/agora.xtec.cat\/cee-josepsol\/wp-content\/uploads\/usu23\/2026\/03\/IMG_20231114_150837.jpg 1024w, https:\/\/agora.xtec.cat\/cee-josepsol\/wp-content\/uploads\/usu23\/2026\/03\/IMG_20231114_150837-300x169.jpg 300w, https:\/\/agora.xtec.cat\/cee-josepsol\/wp-content\/uploads\/usu23\/2026\/03\/IMG_20231114_150837-768x432.jpg 768w\" sizes=\"auto, (max-width: 1024px) 100vw, 1024px\" \/><\/figure><\/div><div class=\"wp-block-getwid-images-slider__item\"><figure><img loading=\"lazy\" decoding=\"async\" width=\"1024\" height=\"460\" src=\"https:\/\/agora.xtec.cat\/cee-josepsol\/wp-content\/uploads\/usu23\/2026\/03\/IMG_20251124_111721.jpg\" alt=\"\" data-id=\"4881\" data-link=\"https:\/\/agora.xtec.cat\/cee-josepsol\/psicomotricitat-2\/attachment\/img_20251124_111721\/\" data-original-link=\"https:\/\/agora.xtec.cat\/cee-josepsol\/wp-content\/uploads\/usu23\/2026\/03\/IMG_20251124_111721.jpg\" class=\"wp-block-getwid-images-slider__image wp-image-4881\" srcset=\"https:\/\/agora.xtec.cat\/cee-josepsol\/wp-content\/uploads\/usu23\/2026\/03\/IMG_20251124_111721.jpg 1024w, https:\/\/agora.xtec.cat\/cee-josepsol\/wp-content\/uploads\/usu23\/2026\/03\/IMG_20251124_111721-300x135.jpg 300w, https:\/\/agora.xtec.cat\/cee-josepsol\/wp-content\/uploads\/usu23\/2026\/03\/IMG_20251124_111721-768x345.jpg 768w\" sizes=\"auto, (max-width: 1024px) 100vw, 1024px\" \/><\/figure><\/div><\/div><\/div>\n","protected":false},"excerpt":{"rendered":"<p>La psicomotricitat \u00e9s una disciplina que integra el moviment, les emocions i el pensament, entenent el cos com el principal mitj\u00e0 d\u2019expressi\u00f3, relaci\u00f3 i aprenentatge. A trav\u00e9s de l\u2019acci\u00f3 corporal, l\u2019infant construeix la seva identitat i desenvolupa les seves capacitats. Els objectius de la psicomotricitat s\u00f3n: Al nostre centre l\u2019activitat de Psicomotricitat est\u00e0 adre\u00e7ada per [&hellip;]<\/p>\n","protected":false},"author":1,"featured_media":0,"parent":0,"menu_order":0,"comment_status":"closed","ping_status":"closed","template":"","meta":{"_bbp_topic_count":0,"_bbp_reply_count":0,"_bbp_total_topic_count":0,"_bbp_total_reply_count":0,"_bbp_voice_count":0,"_bbp_anonymous_reply_count":0,"_bbp_topic_count_hidden":0,"_bbp_reply_count_hidden":0,"_bbp_forum_subforum_count":0,"site-sidebar-layout":"default","site-content-layout":"","ast-site-content-layout":"default","site-content-style":"default","site-sidebar-style":"default","ast-global-header-display":"","ast-banner-title-visibility":"","ast-main-header-display":"","ast-hfb-above-header-display":"","ast-hfb-below-header-display":"","ast-hfb-mobile-header-display":"","site-post-title":"","ast-breadcrumbs-content":"","ast-featured-img":"","footer-sml-layout":"","theme-transparent-header-meta":"default","adv-header-id-meta":"","stick-header-meta":"","header-above-stick-meta":"","header-main-stick-meta":"","header-below-stick-meta":"","astra-migrate-meta-layouts":"set","ast-page-background-enabled":"default","ast-page-background-meta":{"desktop":{"background-color":"var(--ast-global-color-4)","background-image":"","background-repeat":"repeat","background-position":"center center","background-size":"auto","background-attachment":"scroll","background-type":"","background-media":"","overlay-type":"","overlay-color":"","overlay-opacity":"","overlay-gradient":""},"tablet":{"background-color":"","background-image":"","background-repeat":"repeat","background-position":"center center","background-size":"auto","background-attachment":"scroll","background-type":"","background-media":"","overlay-type":"","overlay-color":"","overlay-opacity":"","overlay-gradient":""},"mobile":{"background-color":"","background-image":"","background-repeat":"repeat","background-position":"center center","background-size":"auto","background-attachment":"scroll","background-type":"","background-media":"","overlay-type":"","overlay-color":"","overlay-opacity":"","overlay-gradient":""}},"ast-content-background-meta":{"desktop":{"background-color":"var(--ast-global-color-5)","background-image":"","background-repeat":"repeat","background-position":"center center","background-size":"auto","background-attachment":"scroll","background-type":"","background-media":"","overlay-type":"","overlay-color":"","overlay-opacity":"","overlay-gradient":""},"tablet":{"background-color":"var(--ast-global-color-5)","background-image":"","background-repeat":"repeat","background-position":"center center","background-size":"auto","background-attachment":"scroll","background-type":"","background-media":"","overlay-type":"","overlay-color":"","overlay-opacity":"","overlay-gradient":""},"mobile":{"background-color":"var(--ast-global-color-5)","background-image":"","background-repeat":"repeat","background-position":"center center","background-size":"auto","background-attachment":"scroll","background-type":"","background-media":"","overlay-type":"","overlay-color":"","overlay-opacity":"","overlay-gradient":""}},"footnotes":""},"class_list":["post-4627","page","type-page","status-publish","hentry"],"post_mailing_queue_ids":[],"_links":{"self":[{"href":"https:\/\/agora.xtec.cat\/cee-josepsol\/wp-json\/wp\/v2\/pages\/4627","targetHints":{"allow":["GET"]}}],"collection":[{"href":"https:\/\/agora.xtec.cat\/cee-josepsol\/wp-json\/wp\/v2\/pages"}],"about":[{"href":"https:\/\/agora.xtec.cat\/cee-josepsol\/wp-json\/wp\/v2\/types\/page"}],"author":[{"embeddable":true,"href":"https:\/\/agora.xtec.cat\/cee-josepsol\/wp-json\/wp\/v2\/users\/1"}],"replies":[{"embeddable":true,"href":"https:\/\/agora.xtec.cat\/cee-josepsol\/wp-json\/wp\/v2\/comments?post=4627"}],"version-history":[{"count":3,"href":"https:\/\/agora.xtec.cat\/cee-josepsol\/wp-json\/wp\/v2\/pages\/4627\/revisions"}],"predecessor-version":[{"id":4882,"href":"https:\/\/agora.xtec.cat\/cee-josepsol\/wp-json\/wp\/v2\/pages\/4627\/revisions\/4882"}],"wp:attachment":[{"href":"https:\/\/agora.xtec.cat\/cee-josepsol\/wp-json\/wp\/v2\/media?parent=4627"}],"curies":[{"name":"wp","href":"https:\/\/api.w.org\/{rel}","templated":true}]}}