{"id":80,"date":"2014-09-18T14:09:48","date_gmt":"2014-09-18T13:09:48","guid":{"rendered":"http:\/\/agora.xtec.cat\/cee-jeronimoragas-cerdanyola\/?page_id=80"},"modified":"2025-12-09T09:20:01","modified_gmt":"2025-12-09T08:20:01","slug":"transport-escolar","status":"publish","type":"page","link":"https:\/\/agora.xtec.cat\/cee-jeronimoragas-cerdanyola\/serveis\/transport-escolar\/","title":{"rendered":"Transport Escolar"},"content":{"rendered":"<p><strong>NORMATIVA:<\/strong><\/p>\n<p>El transport de l\u2019escola dep\u00e8n del Consell Comarcal, al setembre, un cop es comuniquin les parades, si hi ha hagut alg\u00fan canvi en la parada del votre fill\/a ens posarem en contacte amb vosaltres.<\/p>\n<p>Pel bon funcionament del servei es requereix que tothom sigui puntual a la seva parada i en l\u2019hora assignada.<\/p>\n<p>Qualsevol incid\u00e8ncia que hi hagi amb el transport s\u2019ha de fer arribar a l\u2019escola per tal que la pugem traspassar al Consell comarcal.<\/p>\n<div class=\"CjVfdc\"><strong>AJUDES I GRATU\u00cfTATS:<\/strong><\/div>\n<div><\/div>\n<ul style=\"list-style-type: disc;\">\n<li class=\"CDt4Ke zfr3Q\" dir=\"ltr\"><span style=\"text-decoration: underline;\">Alumnes amb gratu\u00eftat<\/span>: tots els alumnes de fora del municipi de Cerdanyola, tenen el transport gratu\u00eft, ja que l\u2019assumeix el Departament d\u2019Educaci\u00f3, perqu\u00e8 s\u2019han de despla\u00e7ar fora del seu municipi.<\/li>\n<\/ul>\n<ul style=\"list-style-type: disc;\">\n<li><span style=\"text-decoration: underline;\">Alumnes sense gratu\u00eftat<\/span>: les fam\u00edlies de Cerdanyola que en vulguin fer \u00fas hauran d&#8217;omplir la sol\u00b7licitud i fer-la arribar a l&#8217;escola per a poder tramitar-la. Si en el transport hi ha places, li ser\u00e0 assignada una per\u00f2 <strong>la fam\u00edlia haur\u00e0 de fer-se c\u00e0rrec de l&#8217;import del transport<\/strong>.<\/li>\n<\/ul>\n<ul>\n<li style=\"list-style-type: none;\"><strong><a href=\"https:\/\/agora.xtec.cat\/cee-jeronimoragas-cerdanyola\/wp-content\/uploads\/usu2099\/2025\/12\/Pla-de-funcionament-transport-bo.docx.pdf\">Pla de funcionament transport.docx<\/a><\/strong><\/li>\n<\/ul>\n","protected":false},"excerpt":{"rendered":"<p>NORMATIVA:<br \/>\nEl transport de l\u2019escola dep\u00e8n del Consell Comarcal, al setembre, un cop es comuniquin les parades, si hi ha hagut alg\u00fan canvi en la parada del votre fill\/a ens posarem en contacte amb vosaltres.<br \/>\nPel bon funcionament del servei es requereix que tothom sigui puntual a&hellip;  <a href=\"https:\/\/agora.xtec.cat\/cee-jeronimoragas-cerdanyola\/serveis\/transport-escolar\/\" title=\"Read Transport Escolar\">Llegeix m\u00e9s\u00bb<\/a><\/p>\n","protected":false},"author":1,"featured_media":0,"parent":66,"menu_order":40,"comment_status":"closed","ping_status":"closed","template":"page-templates\/side-menu.php","meta":{"_bbp_topic_count":0,"_bbp_reply_count":0,"_bbp_total_topic_count":0,"_bbp_total_reply_count":0,"_bbp_voice_count":0,"_bbp_anonymous_reply_count":0,"_bbp_topic_count_hidden":0,"_bbp_reply_count_hidden":0,"_bbp_forum_subforum_count":0,"footnotes":""},"class_list":["post-80","page","type-page","status-publish","hentry"],"post_mailing_queue_ids":[],"_links":{"self":[{"href":"https:\/\/agora.xtec.cat\/cee-jeronimoragas-cerdanyola\/wp-json\/wp\/v2\/pages\/80","targetHints":{"allow":["GET"]}}],"collection":[{"href":"https:\/\/agora.xtec.cat\/cee-jeronimoragas-cerdanyola\/wp-json\/wp\/v2\/pages"}],"about":[{"href":"https:\/\/agora.xtec.cat\/cee-jeronimoragas-cerdanyola\/wp-json\/wp\/v2\/types\/page"}],"author":[{"embeddable":true,"href":"https:\/\/agora.xtec.cat\/cee-jeronimoragas-cerdanyola\/wp-json\/wp\/v2\/users\/1"}],"replies":[{"embeddable":true,"href":"https:\/\/agora.xtec.cat\/cee-jeronimoragas-cerdanyola\/wp-json\/wp\/v2\/comments?post=80"}],"version-history":[{"count":4,"href":"https:\/\/agora.xtec.cat\/cee-jeronimoragas-cerdanyola\/wp-json\/wp\/v2\/pages\/80\/revisions"}],"predecessor-version":[{"id":2712,"href":"https:\/\/agora.xtec.cat\/cee-jeronimoragas-cerdanyola\/wp-json\/wp\/v2\/pages\/80\/revisions\/2712"}],"up":[{"embeddable":true,"href":"https:\/\/agora.xtec.cat\/cee-jeronimoragas-cerdanyola\/wp-json\/wp\/v2\/pages\/66"}],"wp:attachment":[{"href":"https:\/\/agora.xtec.cat\/cee-jeronimoragas-cerdanyola\/wp-json\/wp\/v2\/media?parent=80"}],"curies":[{"name":"wp","href":"https:\/\/api.w.org\/{rel}","templated":true}]}}

<p><strong>NORMATIVA:</strong></p>
<p>El transport de l’escola depèn del Consell Comarcal, al setembre, un cop es comuniquin les parades, si hi ha hagut algún canvi en la parada del votre fill/a ens posarem en contacte amb vosaltres.</p>
<p>Pel bon funcionament del servei es requereix que tothom sigui puntual a la seva parada i en l’hora assignada.</p>
<p>Qualsevol incidència que hi hagi amb el transport s’ha de fer arribar a l’escola per tal que la pugem traspassar al Consell comarcal.</p>
<div class="CjVfdc"><strong>AJUDES I GRATUÏTATS:</strong></div>
<div></div>
<ul style="list-style-type: disc;">
<li class="CDt4Ke zfr3Q" dir="ltr"><span style="text-decoration: underline;">Alumnes amb gratuïtat</span>: tots els alumnes de fora del municipi de Cerdanyola, tenen el transport gratuït, ja que l’assumeix el Departament d’Educació, perquè s’han de desplaçar fora del seu municipi.</li>
</ul>
<ul style="list-style-type: disc;">
<li><span style="text-decoration: underline;">Alumnes sense gratuïtat</span>: les famílies de Cerdanyola que en vulguin fer ús hauran d&#8217;omplir la sol·licitud i fer-la arribar a l&#8217;escola per a poder tramitar-la. Si en el transport hi ha places, li serà assignada una però <strong>la família haurà de fer-se càrrec de l&#8217;import del transport</strong>.</li>
</ul>
<ul>
<li style="list-style-type: none;"><strong><a href="https://agora.xtec.cat/cee-jeronimoragas-cerdanyola/wp-content/uploads/usu2099/2025/12/Pla-de-funcionament-transport-bo.docx.pdf">Pla de funcionament transport.docx</a></strong></li>
</ul>

<p>NORMATIVA:<br />
El transport de l’escola depèn del Consell Comarcal, al setembre, un cop es comuniquin les parades, si hi ha hagut algún canvi en la parada del votre fill/a ens posarem en contacte amb vosaltres.<br />
Pel bon funcionament del servei es requereix que tothom sigui puntual a&hellip;  <a href="https://agora.xtec.cat/cee-jeronimoragas-cerdanyola/serveis/transport-escolar/" title="Read Transport Escolar">Llegeix més»</a></p>
