{"id":2723,"date":"2026-01-20T10:00:55","date_gmt":"2026-01-20T09:00:55","guid":{"rendered":"https:\/\/agora.xtec.cat\/cee-jeronimoragas-cerdanyola\/?page_id=2723"},"modified":"2026-03-06T10:03:59","modified_gmt":"2026-03-06T09:03:59","slug":"jornada-portes-obertes","status":"publish","type":"page","link":"https:\/\/agora.xtec.cat\/cee-jeronimoragas-cerdanyola\/","title":{"rendered":"Preinscripci\u00f3 als centres d&#8217;educaci\u00f3 especial 2026-2027"},"content":{"rendered":"<p><a href=\"https:\/\/agora.xtec.cat\/cee-jeronimoragas-cerdanyola\/wp-content\/uploads\/usu2099\/2026\/01\/47418870-advertencia-de-peligro-muestra-de-la-atencion-icono-en-un-triangulo-amarillo-con-el-simbolo-de-removebg-preview.png\"><img loading=\"lazy\" decoding=\"async\" class=\"wp-image-2730 alignleft\" src=\"https:\/\/agora.xtec.cat\/cee-jeronimoragas-cerdanyola\/wp-content\/uploads\/usu2099\/2026\/01\/47418870-advertencia-de-peligro-muestra-de-la-atencion-icono-en-un-triangulo-amarillo-con-el-simbolo-de-removebg-preview.png\" alt=\"\" width=\"127\" height=\"127\" srcset=\"https:\/\/agora.xtec.cat\/cee-jeronimoragas-cerdanyola\/wp-content\/uploads\/usu2099\/2026\/01\/47418870-advertencia-de-peligro-muestra-de-la-atencion-icono-en-un-triangulo-amarillo-con-el-simbolo-de-removebg-preview.png 450w, https:\/\/agora.xtec.cat\/cee-jeronimoragas-cerdanyola\/wp-content\/uploads\/usu2099\/2026\/01\/47418870-advertencia-de-peligro-muestra-de-la-atencion-icono-en-un-triangulo-amarillo-con-el-simbolo-de-removebg-preview-300x300.png 300w, https:\/\/agora.xtec.cat\/cee-jeronimoragas-cerdanyola\/wp-content\/uploads\/usu2099\/2026\/01\/47418870-advertencia-de-peligro-muestra-de-la-atencion-icono-en-un-triangulo-amarillo-con-el-simbolo-de-removebg-preview-150x150.png 150w\" sizes=\"auto, (max-width: 127px) 100vw, 127px\" \/><\/a><\/p>\n<ul>\n<li>Presentaci\u00f3 de sol\u00b7licituds: del 4 al 18 de mar\u00e7 de 2026.<\/li>\n<li>Presentaci\u00f3 de documentaci\u00f3 addicional: del 4 al 19 de mar\u00e7 de 2026 a trav\u00e9s de l&#8217;\u00c0rea privada, un cop presentada la sol\u00b7licitud.<\/li>\n<li>Comunicaci\u00f3 de la vacant assignada, si escau: 19 d&#8217;abril de 2026.<\/li>\n<li>Per\u00edode per renunciar al proc\u00e9s, en cas de no acceptar la vacant proposada: del 20 al 24 d&#8217;abril de 2026.<\/li>\n<li>Per\u00edode per interposar reclamacions: del 10 al 12 de juny de 2026, ambd\u00f3s inclosos.<\/li>\n<\/ul>\n<p style=\"text-align: center;\"><strong><a href=\"https:\/\/tramits.gencat.cat\/ca\/tramits\/tramits-temes\/escolaritzacio-educacio-especial?moda=1\">Acc\u00e9s al tr\u00e0mit<\/a><\/strong><\/p>\n","protected":false},"excerpt":{"rendered":"<p><a href=\"https:\/\/agora.xtec.cat\/cee-jeronimoragas-cerdanyola\/wp-content\/uploads\/usu2099\/2026\/01\/47418870-advertencia-de-peligro-muestra-de-la-atencion-icono-en-un-triangulo-amarillo-con-el-simbolo-de-removebg-preview.png\"><\/a><\/p>\n<ul>\n<li>Presentaci\u00f3 de sol\u00b7licituds: del 4 al 18 de mar\u00e7 de 2026.<\/li>\n<li>Presentaci\u00f3 de documentaci\u00f3 addicional: del 4 al 19 de mar\u00e7 de 2026 a trav\u00e9s de l&#8217;\u00c0rea privada, un cop presentada la sol\u00b7licitud.<\/li>\n<li>Comunicaci\u00f3 de la vacant assignada, si escau: 19 d&#8217;abril de 2026.<\/li>\n<li>Per\u00edode per renunciar&hellip;  <a href=\"https:\/\/agora.xtec.cat\/cee-jeronimoragas-cerdanyola\/\" title=\"Read Preinscripci\u00f3 als centres d&#8217;educaci\u00f3 especial 2026-2027\">Llegeix m\u00e9s\u00bb<\/a><br \/>\n","protected":false},"author":1,"featured_media":0,"parent":0,"menu_order":0,"comment_status":"closed","ping_status":"closed","template":"","meta":{"_bbp_topic_count":0,"_bbp_reply_count":0,"_bbp_total_topic_count":0,"_bbp_total_reply_count":0,"_bbp_voice_count":0,"_bbp_anonymous_reply_count":0,"_bbp_topic_count_hidden":0,"_bbp_reply_count_hidden":0,"_bbp_forum_subforum_count":0,"footnotes":""},"class_list":["post-2723","page","type-page","status-publish","hentry"],"post_mailing_queue_ids":[],"_links":{"self":[{"href":"https:\/\/agora.xtec.cat\/cee-jeronimoragas-cerdanyola\/wp-json\/wp\/v2\/pages\/2723","targetHints":{"allow":["GET"]}}],"collection":[{"href":"https:\/\/agora.xtec.cat\/cee-jeronimoragas-cerdanyola\/wp-json\/wp\/v2\/pages"}],"about":[{"href":"https:\/\/agora.xtec.cat\/cee-jeronimoragas-cerdanyola\/wp-json\/wp\/v2\/types\/page"}],"author":[{"embeddable":true,"href":"https:\/\/agora.xtec.cat\/cee-jeronimoragas-cerdanyola\/wp-json\/wp\/v2\/users\/1"}],"replies":[{"embeddable":true,"href":"https:\/\/agora.xtec.cat\/cee-jeronimoragas-cerdanyola\/wp-json\/wp\/v2\/comments?post=2723"}],"version-history":[{"count":6,"href":"https:\/\/agora.xtec.cat\/cee-jeronimoragas-cerdanyola\/wp-json\/wp\/v2\/pages\/2723\/revisions"}],"predecessor-version":[{"id":2772,"href":"https:\/\/agora.xtec.cat\/cee-jeronimoragas-cerdanyola\/wp-json\/wp\/v2\/pages\/2723\/revisions\/2772"}],"wp:attachment":[{"href":"https:\/\/agora.xtec.cat\/cee-jeronimoragas-cerdanyola\/wp-json\/wp\/v2\/media?parent=2723"}],"curies":[{"name":"wp","href":"https:\/\/api.w.org\/{rel}","templated":true}]}}

Preinscripció als centres d&#8217;educació especial 2026-2027

<p><a href="https://agora.xtec.cat/cee-jeronimoragas-cerdanyola/wp-content/uploads/usu2099/2026/01/47418870-advertencia-de-peligro-muestra-de-la-atencion-icono-en-un-triangulo-amarillo-con-el-simbolo-de-removebg-preview.png"><img loading="lazy" decoding="async" class="wp-image-2730 alignleft" src="https://agora.xtec.cat/cee-jeronimoragas-cerdanyola/wp-content/uploads/usu2099/2026/01/47418870-advertencia-de-peligro-muestra-de-la-atencion-icono-en-un-triangulo-amarillo-con-el-simbolo-de-removebg-preview.png" alt="" width="127" height="127" srcset="https://agora.xtec.cat/cee-jeronimoragas-cerdanyola/wp-content/uploads/usu2099/2026/01/47418870-advertencia-de-peligro-muestra-de-la-atencion-icono-en-un-triangulo-amarillo-con-el-simbolo-de-removebg-preview.png 450w, https://agora.xtec.cat/cee-jeronimoragas-cerdanyola/wp-content/uploads/usu2099/2026/01/47418870-advertencia-de-peligro-muestra-de-la-atencion-icono-en-un-triangulo-amarillo-con-el-simbolo-de-removebg-preview-300x300.png 300w, https://agora.xtec.cat/cee-jeronimoragas-cerdanyola/wp-content/uploads/usu2099/2026/01/47418870-advertencia-de-peligro-muestra-de-la-atencion-icono-en-un-triangulo-amarillo-con-el-simbolo-de-removebg-preview-150x150.png 150w" sizes="auto, (max-width: 127px) 100vw, 127px" /></a></p>
<ul>
<li>Presentació de sol·licituds: del 4 al 18 de març de 2026.</li>
<li>Presentació de documentació addicional: del 4 al 19 de març de 2026 a través de l&#8217;Àrea privada, un cop presentada la sol·licitud.</li>
<li>Comunicació de la vacant assignada, si escau: 19 d&#8217;abril de 2026.</li>
<li>Període per renunciar al procés, en cas de no acceptar la vacant proposada: del 20 al 24 d&#8217;abril de 2026.</li>
<li>Període per interposar reclamacions: del 10 al 12 de juny de 2026, ambdós inclosos.</li>
</ul>
<p style="text-align: center;"><strong><a href="https://tramits.gencat.cat/ca/tramits/tramits-temes/escolaritzacio-educacio-especial?moda=1">Accés al tràmit</a></strong></p>

<p><a href="https://agora.xtec.cat/cee-jeronimoragas-cerdanyola/wp-content/uploads/usu2099/2026/01/47418870-advertencia-de-peligro-muestra-de-la-atencion-icono-en-un-triangulo-amarillo-con-el-simbolo-de-removebg-preview.png"></a></p>
<ul>
<li>Presentació de sol·licituds: del 4 al 18 de març de 2026.</li>
<li>Presentació de documentació addicional: del 4 al 19 de març de 2026 a través de l&#8217;Àrea privada, un cop presentada la sol·licitud.</li>
<li>Comunicació de la vacant assignada, si escau: 19 d&#8217;abril de 2026.</li>
<li>Període per renunciar&hellip;  <a href="https://agora.xtec.cat/cee-jeronimoragas-cerdanyola/" title="Read Preinscripció als centres d&#8217;educació especial 2026-2027">Llegeix més»</a><br />
