{"id":26,"date":"2014-09-18T12:24:32","date_gmt":"2014-09-18T11:24:32","guid":{"rendered":"http:\/\/agora.xtec.cat\/cee-jeronimoragas-cerdanyola\/?page_id=26"},"modified":"2022-04-04T12:42:00","modified_gmt":"2022-04-04T10:42:00","slug":"historia","status":"publish","type":"page","link":"https:\/\/agora.xtec.cat\/cee-jeronimoragas-cerdanyola\/lescola\/historia\/","title":{"rendered":"Hist\u00f2ria"},"content":{"rendered":"<p><strong>CEE JERONI DE MORAGAS<\/strong><\/p>\n<p>L&#8217;any 1981 passa de ser un centre privat d&#8217;atenci\u00f3 a infants amb disminuci\u00f3 ps\u00edquica a ser un centre d&#8217;ensenyament p\u00fablic de pedagogia terap\u00e8utica. Els alumnes eren la majoria de Ripollet i Cerdanyola, i disposaven de servei de transport escolar. Hi treballen 6 mestres, una logopeda i una educadora, amb un servei de menjador amb cuina.<\/p>\n<p>A mitjans del mes de novembre de 1983 s&#8217;incorpora al Jeroni de Moragas un professor per impartir educaci\u00f3 f\u00edsica i de Taller de fusta (prelaboral) La ubicaci\u00f3 de l&#8217;edifici i la tipologia d&#8217;alumnes que en aquells temps eren al Jeroni, permetia anar a comprar a la pla\u00e7a, posar una paradeta per vendre manualitats, anar caminant gaireb\u00e9 tota l&#8217;escola al poliesportiu que era a un kil\u00f2metre per fer l&#8217;activitat de piscina, etc.<\/p>\n<p>Durant uns quants anys l&#8217;escola va participar en jornades organitzades per l&#8217;ACELL a Granollers a les pistes d&#8217;atletisme i un cop v\u00e0rem anar a Lleida en cap de setmana als campionats de Catalunya, gr\u00e0cies a subvencions.<\/p>\n<p>El gener de 1990 l&#8217;escola \u00e9s traslladada al barri de Montflorit de Cerdanyola, en un edifici t\u00edpic de ma\u00f3 vist, amb jard\u00ed i pati al seu davant al Passeig Donya Am\u00e8lia. L&#8217;edifici disposava de serveis separats de taller de fusta, taller de pl\u00e0stica, gimn\u00e0s, logop\u00e8dia i evidentment servei de menjador cuina.<\/p>\n<p>El centre es trobava al costat del parc de Collserola i apartat de qualsevol servei c\u00e8ntric del poble, havent-hi en aquells moments un petit supermercat i un restaurant molt a prop. L&#8217;alcaldessa va prometre que tindr\u00edem un minibus al nostre servei, cosa que mai va succeir.<\/p>\n<p>El curs 91-92, canvia for\u00e7a l&#8217;alumnat del Jeroni perqu\u00e8 es tanca un centre privat d&#8217;alumnes &#8220;mot\u00f2rics&#8221; de la Floresta, augmenta el nombre de professionals i comen\u00e7a el servei de fisioter\u00e0pia.<\/p>\n<p>El curs 93-94 s&#8217;obre una aula del Jeroni a l&#8217;escola del Tur\u00f3 de Guiera. I al curs 97-98 es dobla el nombre de mestres per l&#8217;entrada de m\u00e9s alumnes i es posen dos barracons en el pati. Al mes de setembre de 1999 l&#8217;escola novament es trasllada a l&#8217;actual edifici al barri de Serraparera.<\/p>\n","protected":false},"excerpt":{"rendered":"<p>CEE JERONI DE MORAGAS<br \/>\nL&#8217;any 1981 passa de ser un centre privat d&#8217;atenci\u00f3 a infants amb disminuci\u00f3 ps\u00edquica a ser un centre d&#8217;ensenyament p\u00fablic de pedagogia terap\u00e8utica. Els alumnes eren la majoria de Ripollet i Cerdanyola, i disposaven de servei de transport escolar. Hi treballen 6&hellip;  <a href=\"https:\/\/agora.xtec.cat\/cee-jeronimoragas-cerdanyola\/lescola\/historia\/\" title=\"Read Hist\u00f2ria\">Llegeix m\u00e9s\u00bb<\/a><\/p>\n","protected":false},"author":1,"featured_media":0,"parent":22,"menu_order":20,"comment_status":"closed","ping_status":"closed","template":"page-templates\/side-menu.php","meta":{"_bbp_topic_count":0,"_bbp_reply_count":0,"_bbp_total_topic_count":0,"_bbp_total_reply_count":0,"_bbp_voice_count":0,"_bbp_anonymous_reply_count":0,"_bbp_topic_count_hidden":0,"_bbp_reply_count_hidden":0,"_bbp_forum_subforum_count":0,"footnotes":""},"class_list":["post-26","page","type-page","status-publish","hentry"],"post_mailing_queue_ids":[],"_links":{"self":[{"href":"https:\/\/agora.xtec.cat\/cee-jeronimoragas-cerdanyola\/wp-json\/wp\/v2\/pages\/26","targetHints":{"allow":["GET"]}}],"collection":[{"href":"https:\/\/agora.xtec.cat\/cee-jeronimoragas-cerdanyola\/wp-json\/wp\/v2\/pages"}],"about":[{"href":"https:\/\/agora.xtec.cat\/cee-jeronimoragas-cerdanyola\/wp-json\/wp\/v2\/types\/page"}],"author":[{"embeddable":true,"href":"https:\/\/agora.xtec.cat\/cee-jeronimoragas-cerdanyola\/wp-json\/wp\/v2\/users\/1"}],"replies":[{"embeddable":true,"href":"https:\/\/agora.xtec.cat\/cee-jeronimoragas-cerdanyola\/wp-json\/wp\/v2\/comments?post=26"}],"version-history":[{"count":3,"href":"https:\/\/agora.xtec.cat\/cee-jeronimoragas-cerdanyola\/wp-json\/wp\/v2\/pages\/26\/revisions"}],"predecessor-version":[{"id":1530,"href":"https:\/\/agora.xtec.cat\/cee-jeronimoragas-cerdanyola\/wp-json\/wp\/v2\/pages\/26\/revisions\/1530"}],"up":[{"embeddable":true,"href":"https:\/\/agora.xtec.cat\/cee-jeronimoragas-cerdanyola\/wp-json\/wp\/v2\/pages\/22"}],"wp:attachment":[{"href":"https:\/\/agora.xtec.cat\/cee-jeronimoragas-cerdanyola\/wp-json\/wp\/v2\/media?parent=26"}],"curies":[{"name":"wp","href":"https:\/\/api.w.org\/{rel}","templated":true}]}}

Història

<p><strong>CEE JERONI DE MORAGAS</strong></p>
<p>L&#8217;any 1981 passa de ser un centre privat d&#8217;atenció a infants amb disminució psíquica a ser un centre d&#8217;ensenyament públic de pedagogia terapèutica. Els alumnes eren la majoria de Ripollet i Cerdanyola, i disposaven de servei de transport escolar. Hi treballen 6 mestres, una logopeda i una educadora, amb un servei de menjador amb cuina.</p>
<p>A mitjans del mes de novembre de 1983 s&#8217;incorpora al Jeroni de Moragas un professor per impartir educació física i de Taller de fusta (prelaboral) La ubicació de l&#8217;edifici i la tipologia d&#8217;alumnes que en aquells temps eren al Jeroni, permetia anar a comprar a la plaça, posar una paradeta per vendre manualitats, anar caminant gairebé tota l&#8217;escola al poliesportiu que era a un kilòmetre per fer l&#8217;activitat de piscina, etc.</p>
<p>Durant uns quants anys l&#8217;escola va participar en jornades organitzades per l&#8217;ACELL a Granollers a les pistes d&#8217;atletisme i un cop vàrem anar a Lleida en cap de setmana als campionats de Catalunya, gràcies a subvencions.</p>
<p>El gener de 1990 l&#8217;escola és traslladada al barri de Montflorit de Cerdanyola, en un edifici típic de maó vist, amb jardí i pati al seu davant al Passeig Donya Amèlia. L&#8217;edifici disposava de serveis separats de taller de fusta, taller de plàstica, gimnàs, logopèdia i evidentment servei de menjador cuina.</p>
<p>El centre es trobava al costat del parc de Collserola i apartat de qualsevol servei cèntric del poble, havent-hi en aquells moments un petit supermercat i un restaurant molt a prop. L&#8217;alcaldessa va prometre que tindríem un minibus al nostre servei, cosa que mai va succeir.</p>
<p>El curs 91-92, canvia força l&#8217;alumnat del Jeroni perquè es tanca un centre privat d&#8217;alumnes &#8220;motòrics&#8221; de la Floresta, augmenta el nombre de professionals i comença el servei de fisioteràpia.</p>
<p>El curs 93-94 s&#8217;obre una aula del Jeroni a l&#8217;escola del Turó de Guiera. I al curs 97-98 es dobla el nombre de mestres per l&#8217;entrada de més alumnes i es posen dos barracons en el pati. Al mes de setembre de 1999 l&#8217;escola novament es trasllada a l&#8217;actual edifici al barri de Serraparera.</p>

<p>CEE JERONI DE MORAGAS<br />
L&#8217;any 1981 passa de ser un centre privat d&#8217;atenció a infants amb disminució psíquica a ser un centre d&#8217;ensenyament públic de pedagogia terapèutica. Els alumnes eren la majoria de Ripollet i Cerdanyola, i disposaven de servei de transport escolar. Hi treballen 6&hellip;  <a href="https://agora.xtec.cat/cee-jeronimoragas-cerdanyola/lescola/historia/" title="Read Història">Llegeix més»</a></p>
